000
CXUS53 KSGF 010800
CF6UNO
PRELIMINARY LOCAL CLIMATOLOGICAL DATA (WS FORM: F-6)

                                          STATION:   WEST PLAINS MO
                                          MONTH:     JULY
                                          YEAR:      2015
                                          LATITUDE:   36 52 N
                                          LONGITUDE:  91 55 W

  TEMPERATURE IN F:       :PCPN:    SNOW:  WIND      :SUNSHINE: SKY     :PK WND
================================================================================
1   2   3   4   5  6A  6B    7    8   9   10  11  12  13   14  15   16   17  18
                                     12Z  AVG MX 2MIN
DY MAX MIN AVG DEP HDD CDD  WTR  SNW DPTH SPD SPD DIR MIN PSBL S-S WX    SPD DR
================================================================================

 1  80  68  74  -3   0   9 0.68    M    M  6.4 16  10   M    M   4 13     21  10
 2  85  69  77   0   0  12 1.30    M    M  8.1 26 310   M    M   5 13     48 310
 3  78  67  73  -4   0   8 0.08    M    M  3.2  9  50   M    M   6 18     12  40
 4  83  64  74  -3   0   9 0.00    M    M  3.9  8 130   M    M   3 18     12 130
 5  84  69  77  -1   0  12 0.00    M    M  4.5 10 190   M    M   8 128    15 190
 6  86  70  78   0   0  13 0.00    M    M  7.2 16 180   M    M   6 12     19 190
 7  78  71  75  -3   0  10 0.78    M    M  5.5 12 230   M    M   7 1238   17 220
 8  83  71  77  -1   0  12 0.35    M    M  9.3 20 180   M    M   9 1238   27 180
 9  83  68  76  -2   0  11 1.27    M    M  4.9 31 260   M    M   7 138    44 250
10  87  69  78   0   0  13 0.09    M    M  4.1 14 260   M    M   3 13     19 230
11  89  73  81   3   0  16 0.00    M    M  6.6 13 230   M    M   0        18 240
12  89  74  82   4   0  17 0.00    M    M  6.0 15 250   M    M   1 1      20 260
13  91  74  83   5   0  18 0.00    M    M  7.5 15 210   M    M   0        20 230
14  89  70  80   2   0  15 0.61    M    M  5.8 33 320   M    M   2 13     46 320
15  91  68  80   2   0  15 0.00    M    M  4.5  9 130   M    M   1        13  70
16  90  72  81   3   0  16 0.00    M    M  5.8 14 180   M    M   1        20 220
17  90  73  82   4   0  17 0.00    M    M  7.4 14 210   M    M   0        18 250
18  91  74  83   5   0  18 0.00    M    M  6.2 13 230   M    M   1        16 230
19  92  73  83   5   0  18 0.00    M    M  4.8 15 270   M    M   0        20 280
20  90  71  81   3   0  16 1.75    M    M  6.0 36 300   M    M   1 138    50 290
21  85  70  78   0   0  13 0.00    M    M  4.4 12  20   M    M   4 12     14  20
22  80  69  75  -3   0  10 0.25    M    M  4.1 12 220   M    M   7 1      16 230
23  88  72  80   2   0  15 0.69    M    M  2.4 13 260   M    M   5 138    17 270
24  92  71  82   4   0  17 0.01    M    M  2.6 15 320   M    M   5 123    20 320
25  91  69  80   2   0  15 0.00    M    M  1.9  9  50   M    M   0        12 190
26  92  74  83   5   0  18 0.00    M    M  4.6 13 150   M    M   1 1      16 150
27  94  76  85   7   0  20 0.00    M    M  4.0 12 180   M    M   1 13     20 200
28  93  75  84   6   0  19 0.00    M    M  3.7 12 200   M    M   0 1      16 190
29  94  73  84   6   0  19 0.00    M    M  5.8 16  10   M    M   2 13     22  10
30  87  65  76  -2   0  11 0.00    M    M  3.6 12  60   M    M   0        15  40
31  91  62  77  -1   0  12 0.00    M    M  2.7  9 280   M    M   0        11 260
================================================================================
SM 2716 2184         0 444  7.86    M    157.5          M       90
================================================================================
AV 87.6 70.5                               5.1 FASTST   M    M   3    MAX(MPH)
                                 MISC ---->  # 36 300               # 50  290
================================================================================
NOTES:
# LAST OF SEVERAL OCCURRENCES

COLUMN 17 PEAK WIND IN M.P.H.

PRELIMINARY LOCAL CLIMATOLOGICAL DATA (WS FORM: F-6) , PAGE 2

                                          STATION:  WEST PLAINS MO
                                          MONTH:    JULY
                                          YEAR:     2015
                                          LATITUDE:   36 52 N
                                          LONGITUDE:  91 55 W

[TEMPERATURE DATA]      [PRECIPITATION DATA]       SYMBOLS USED IN COLUMN 16

AVERAGE MONTHLY: 79.0   TOTAL FOR MONTH:   7.86    1 = FOG OR MIST
DPTR FM NORMAL:   1.0   DPTR FM NORMAL:    4.31    2 = FOG REDUCING VISIBILITY
HIGHEST:    94 ON 29,27 GRTST 24HR  1.94 ON  1- 2      TO 1/4 MILE OR LESS
LOWEST:     62 ON 31                               3 = THUNDER
                        SNOW, ICE PELLETS, HAIL    4 = ICE PELLETS
                        TOTAL MONTH:    M          5 = HAIL
                        GRTST 24HR    M  ON   M    6 = FREEZING RAIN OR DRIZZLE
                        GRTST DEPTH:  M  ON   M    7 = DUSTSTORM OR SANDSTORM:
                                                       VSBY 1/2 MILE OR LESS
                                                   8 = SMOKE OR HAZE
[NO. OF DAYS WITH]      [WEATHER - DAYS WITH]      9 = BLOWING SNOW
                                                   X = TORNADO
MAX 32 OR BELOW:   0    0.01 INCH OR MORE:  12
MAX 90 OR ABOVE:  14    0.10 INCH OR MORE:   9
MIN 32 OR BELOW:   0    0.50 INCH OR MORE:   7
MIN  0 OR BELOW:   0    1.00 INCH OR MORE:   3

[HDD (BASE 65) ]
TOTAL THIS MO.     0    CLEAR  (SCALE 0-3)  19
DPTR FM NORMAL     0    PTCLDY (SCALE 4-7)  11
TOTAL FM JUL 1     0    CLOUDY (SCALE 8-10)  1
DPTR FM NORMAL     0

[CDD (BASE 65) ]
TOTAL THIS MO.   444
DPTR FM NORMAL    39    [PRESSURE DATA]
TOTAL FM JAN 1   881    HIGHEST SLP M ON M
DPTR FM NORMAL    88    LOWEST  SLP 29.74 ON M

[REMARKS]
#FINAL-07-15#
