000
CXUS53 KSGF 180800
CF6UNO
PRELIMINARY LOCAL CLIMATOLOGICAL DATA (WS FORM: F-6)

                                          STATION:   WEST PLAINS MO
                                          MONTH:     NOVEMBER
                                          YEAR:      2017
                                          LATITUDE:   36 52 N
                                          LONGITUDE:  91 55 W

  TEMPERATURE IN F:       :PCPN:    SNOW:  WIND      :SUNSHINE: SKY     :PK WND
================================================================================
1   2   3   4   5  6A  6B    7    8   9   10  11  12  13   14  15   16   17  18
                                     12Z  AVG MX 2MIN
DY MAX MIN AVG DEP HDD CDD  WTR  SNW DPTH SPD SPD DIR MIN PSBL S-S WX    SPD DR
================================================================================

 1  60  39  50  -2  15   0 0.03    M    M  7.6 15 170   M    M  10 12     20 180
 2  80  58  69  17   0   4 0.09    M    M 10.0 20 190   M    M   7 18     28 190
 3  62  53  58   6   7   0 0.00    M    M  8.9 16  50   M    M  10 1      20  50
 4  70  57  64  13   1   0 0.00    M    M  7.2 13 150   M    M   7 12     17 170
 5  82  52  67  16   0   2 0.01    M    M 10.8 18 200   M    M   7 1      27 220
 6  53  46  50  -1  15   0 0.16    M    M  8.0 14  60   M    M  10 13     17  20
 7  47  44  46  -4  19   0 0.00    M    M  9.2 17  20   M    M  10 1      20  30
 8  54  31  43  -7  22   0 0.00    M    M  6.5 15  30   M    M   4        19  40
 9  63  27  45  -5  20   0 0.00    M    M  4.2 13 320   M    M   0        15 310
10  50  30  40  -9  25   0 0.00    M    M  7.5 14  80   M    M   0        18  30
11  52  29  41  -8  24   0 0.00    M    M  5.5 12 130   M    M   3        16 130
12  60  46  53   5  12   0 0.00    M    M  5.0 14 330   M    M  10        18 330
13  59  34  47  -1  18   0 0.00    M    M  5.4 10 120   M    M   2 1      14 170
14  54  40  47  -1  18   0    T    M    M  6.3 14 180   M    M  10        17 170
15  65  43  54   7  11   0 0.16    M    M  6.5 16 330   M    M   6 1      20 340
16  59  36  48   1  17   0 0.00    M    M  4.5 10 120   M    M   0         M  M
17  67  41  54   8  11   0 0.00    M    M 11.0 21 160   M    M   9 1      29 150
================================================================================
SM 1037  706       235   6  0.45    M    124.1          M      105
================================================================================
AV 61.0 41.5                               7.3 FASTST   M    M   6    MAX(MPH)
                                 MISC ---->  # 21 160               # 29  150
================================================================================
NOTES:
# LAST OF SEVERAL OCCURRENCES

COLUMN 17 PEAK WIND IN M.P.H.

PRELIMINARY LOCAL CLIMATOLOGICAL DATA (WS FORM: F-6) , PAGE 2

                                          STATION:  WEST PLAINS MO
                                          MONTH:    NOVEMBER
                                          YEAR:     2017
                                          LATITUDE:   36 52 N
                                          LONGITUDE:  91 55 W

[TEMPERATURE DATA]      [PRECIPITATION DATA]       SYMBOLS USED IN COLUMN 16

AVERAGE MONTHLY: 51.3   TOTAL FOR MONTH:   0.45    1 = FOG OR MIST
DPTR FM NORMAL:   1.8   DPTR FM NORMAL:   -2.08    2 = FOG REDUCING VISIBILITY
HIGHEST:    82 ON  5    GRTST 24HR  0.16 ON 15-15      TO 1/4 MILE OR LESS
LOWEST:     27 ON  9                               3 = THUNDER
                        SNOW, ICE PELLETS, HAIL    4 = ICE PELLETS
                        TOTAL MONTH:    M          5 = HAIL
                        GRTST 24HR    M  ON   M    6 = FREEZING RAIN OR DRIZZLE
                        GRTST DEPTH:  M  ON   M    7 = DUSTSTORM OR SANDSTORM:
                                                       VSBY 1/2 MILE OR LESS
                                                   8 = SMOKE OR HAZE
[NO. OF DAYS WITH]      [WEATHER - DAYS WITH]      9 = BLOWING SNOW
                                                   X = TORNADO
MAX 32 OR BELOW:   0    0.01 INCH OR MORE:   5
MAX 90 OR ABOVE:   0    0.10 INCH OR MORE:   2
MIN 32 OR BELOW:   4    0.50 INCH OR MORE:   0
MIN  0 OR BELOW:   0    1.00 INCH OR MORE:   0

[HDD (BASE 65) ]
TOTAL THIS MO.   235    CLEAR  (SCALE 0-3)   4
DPTR FM NORMAL   -31    PTCLDY (SCALE 4-7)   6
TOTAL FM JUL 1   463    CLOUDY (SCALE 8-10)  7
DPTR FM NORMAL  -106

[CDD (BASE 65) ]
TOTAL THIS MO.     6
DPTR FM NORMAL     6    [PRESSURE DATA]
TOTAL FM JAN 1  1389    HIGHEST SLP M ON M
DPTR FM NORMAL    37    LOWEST  SLP 29.48 ON 17

[REMARKS]
