000
CXUS54 KHGX 171415
CF6UTS
PRELIMINARY LOCAL CLIMATOLOGICAL DATA (WS FORM: F-6)

                                          STATION:   HUNTSVILLE_(ASOS)
                                          MONTH:     APRIL
                                          YEAR:      2014
                                          LATITUDE:   30 45 N
                                          LONGITUDE:  95 35 W

  TEMPERATURE IN F:       :PCPN:    SNOW:  WIND      :SUNSHINE: SKY     :PK WND
================================================================================
1   2   3   4   5  6A  6B    7    8   9   10  11  12  13   14  15   16   17  18
                                     12Z  AVG MX 2MIN
DY MAX MIN AVG DEP HDD CDD  WTR  SNW DPTH SPD SPD DIR MIN PSBL S-S WX    SPD DR
================================================================================

 1  82  64  73   9   0   8 0.00  0.0    0  7.1 13 160   M    M   7 18     20 170
 2  82  70  76  12   0  11    T  0.0    0  9.9 20 160   M    M   9 18     27 170
 3  82  71  77  12   0  12    T  0.0    0 12.0 22 180   M    M   8 18     33 190
 4  74  54  64  -1   1   0 0.42  0.0    0  6.9 30 320   M    M   3 13     38 320
 5  68  51  60  -5   5   0 0.00  0.0    0  4.7 12  90   M    M   5        17  60
 6  60  51  56 -10   9   0 0.98  0.0    0  6.9 13 320   M    M  10 13     17 290
 7  69  50  60  -6   5   0 0.06  0.0    0  5.3 14 340   M    M   7 1      18 330
 8  70  49  60  -6   5   0 0.02  0.0    0  8.9 26 320   M    M   1 1      35 330
 9  79  44  62  -4   3   0 0.00  0.0    0  5.9 13 190   M    M   0        16 190
10  82  59  71   5   0   6 0.00  0.0    0 12.1 21 190   M    M   0 8      29 180
11  82  62  72   5   0   7 0.00  0.0    0  9.2 17 190   M    M   3 8      25 170
12  83  64  74   7   0   9 0.00  0.0    0  7.9 21 180   M    M   7 18     27 180
13  76  66  71   4   0   6 0.01  0.0    0  8.1 17 190   M    M   8 18     26 150
14  74  42  58 -10   7   0 0.27    M    0 11.1 21 340   M    M   7 138    34 340
15  61  36  49 -19  16   0 0.00  0.0    0  3.4 12 360   M    M   0        17  10
16  66  41  54 -14  11   0 0.00    M    0  5.3 13 170   M    M   0        19 180
================================================================================
SM 1190  874        62  59  1.76     0.0 124.7          M       75
================================================================================
AV 74.4 54.6                               7.8 FASTST   M    M   5    MAX(MPH)
                                 MISC ---->  # 30 320               # 38  320
================================================================================
NOTES:
# LAST OF SEVERAL OCCURRENCES

COLUMN 17 PEAK WIND IN M.P.H.

PRELIMINARY LOCAL CLIMATOLOGICAL DATA (WS FORM: F-6) , PAGE 2

                                          STATION:  HUNTSVILLE_(ASOS)
                                          MONTH:    APRIL
                                          YEAR:     2014
                                          LATITUDE:   30 45 N
                                          LONGITUDE:  95 35 W

[TEMPERATURE DATA]      [PRECIPITATION DATA]       SYMBOLS USED IN COLUMN 16

AVERAGE MONTHLY: 64.5   TOTAL FOR MONTH:   1.76    1 = FOG OR MIST
DPTR FM NORMAL:  -1.6   DPTR FM NORMAL:    0.15    2 = FOG REDUCING VISIBILITY
HIGHEST:    83 ON 12    GRTST 24HR  0.98 ON  6- 6      TO 1/4 MILE OR LESS
LOWEST:     36 ON 15                               3 = THUNDER
                        SNOW, ICE PELLETS, HAIL    4 = ICE PELLETS
                        TOTAL MONTH:   0.0 INCH    5 = HAIL
                        GRTST 24HR     0.0         6 = FREEZING RAIN OR DRIZZLE
                        GRTST DEPTH:   0           7 = DUSTSTORM OR SANDSTORM:
                                                       VSBY 1/2 MILE OR LESS
                                                   8 = SMOKE OR HAZE
[NO. OF DAYS WITH]      [WEATHER - DAYS WITH]      9 = BLOWING SNOW
                                                   X = TORNADO
MAX 32 OR BELOW:   0    0.01 INCH OR MORE:   6
MAX 90 OR ABOVE:   0    0.10 INCH OR MORE:   3
MIN 32 OR BELOW:   0    0.50 INCH OR MORE:   1
MIN  0 OR BELOW:   0    1.00 INCH OR MORE:   0

[HDD (BASE 65) ]
TOTAL THIS MO.    62    CLEAR  (SCALE 0-3)   7
DPTR FM NORMAL    21    PTCLDY (SCALE 4-7)   6
TOTAL FM JUL 1  2103    CLOUDY (SCALE 8-10)  3
DPTR FM NORMAL   420

[CDD (BASE 65) ]
TOTAL THIS MO.    59
DPTR FM NORMAL    -1    [PRESSURE DATA]
TOTAL FM JAN 1    96    HIGHEST SLP M ON M
DPTR FM NORMAL   -41    LOWEST  SLP 29.65 ON 13

[REMARKS]
