000
CXUS54 KEWX 220910
CF6UVA
PRELIMINARY LOCAL CLIMATOLOGICAL DATA (WS FORM: F-6)

                                          STATION:   UVALDE
                                          MONTH:     JANUARY
                                          YEAR:      2018
                                          LATITUDE:   29 12 N
                                          LONGITUDE:  99 44 W

  TEMPERATURE IN F:       :PCPN:    SNOW:  WIND      :SUNSHINE: SKY     :PK WND
================================================================================
1   2   3   4   5  6A  6B    7    8   9   10  11  12  13   14  15   16   17  18
                                     12Z  AVG MX 2MIN
DY MAX MIN AVG DEP HDD CDD  WTR  SNW DPTH SPD SPD DIR MIN PSBL S-S WX    SPD DR
================================================================================

 1  29  25  27   M  38   0 0.00    M    M  6.7 10  40   M    M  10 1       M  M
 2  36  28  32   M  33   0 0.00    M    M  4.9 10 350   M    M  10         M  M
 3  56  20  38   M  27   0 0.00    M    M  5.6 12 250   M    M   0         M  M
 4  58  26  42   M  23   0 0.00    M    M  4.2 10 150   M    M   0         M  M
 5  62  38  50   M  15   0 0.00    M    M  4.6 12 200   M    M   3        16 200
 6  67  36  52   M  13   0 0.00    M    M  6.2 15 160   M    M   4         M  M
 7  64  50  57   M   8   0 0.00    M    M  4.2 12 200   M    M   6 1       M  M
 8  71  36  54   M  11   0 0.00    M    M  4.2  8 250   M    M   0         M  M
 9  69  35  52   M  13   0 0.00    M    M  4.4  8 150   M    M   0         M  M
10  70  41  56   M   9   0 0.00    M    M  8.6 20 330   M    M   3 1      27 330
11  72  45  59   M   6   0 0.00    M    M 12.6 31 330   M    M   2 12     38 320
12  62  29  46   M  19   0 0.00    M    M  4.7  9 350   M    M   0         M  M
13  57  26  42   M  23   0 0.00    M    M  4.4 12  80   M    M   0         M  M
14  62  26  44   M  21   0 0.00    M    M  7.1 13 170   M    M   0        16 180
15  69  37  53   M  12   0 0.00    M    M  7.4 14 150   M    M   5        16 170
16  53  29  41   M  24   0 0.03    M    M  9.5 23  10   M    M  10 6      31  10
17  35  31  33   M  32   0 0.00    M    M  3.8  7  90   M    M  10         M  M
18  42  32  37   M  28   0 0.00    M    M  2.3  7 140   M    M  10         M  M
19  54  36  45   M  20   0 0.00    M    M  3.2  9 120   M    M  10 1       M  M
20  62  44  53   M  12   0 0.00    M    M  4.7  9 100   M    M   6 12      M  M
21  71  48  60   M   5   0 0.01    M    0  4.0  9  60   M    M   7 12      M  M
================================================================================
SM 1221  718       392   0  0.04    M    117.3          M       96
================================================================================
AV 58.1 34.2                               5.6 FASTST   M    M   5    MAX(MPH)
                                 MISC ---->  # 31 330               # 38  320
================================================================================
NOTES:
# LAST OF SEVERAL OCCURRENCES

COLUMN 17 PEAK WIND IN M.P.H.

PRELIMINARY LOCAL CLIMATOLOGICAL DATA (WS FORM: F-6) , PAGE 2

                                          STATION:  UVALDE
                                          MONTH:    JANUARY
                                          YEAR:     2018
                                          LATITUDE:   29 12 N
                                          LONGITUDE:  99 44 W

[TEMPERATURE DATA]      [PRECIPITATION DATA]       SYMBOLS USED IN COLUMN 16

AVERAGE MONTHLY: 46.2   TOTAL FOR MONTH:   0.04    1 = FOG OR MIST
DPTR FM NORMAL:     M   DPTR FM NORMAL:       M    2 = FOG REDUCING VISIBILITY
HIGHEST:    72 ON 11    GRTST 24HR  0.03 ON 16-16      TO 1/4 MILE OR LESS
LOWEST:     20 ON  3                               3 = THUNDER
                        SNOW, ICE PELLETS, HAIL    4 = ICE PELLETS
                        TOTAL MONTH:    M          5 = HAIL
                        GRTST 24HR    M  ON   M    6 = FREEZING RAIN OR DRIZZLE
                        GRTST DEPTH:   0           7 = DUSTSTORM OR SANDSTORM:
                                                       VSBY 1/2 MILE OR LESS
                                                   8 = SMOKE OR HAZE
[NO. OF DAYS WITH]      [WEATHER - DAYS WITH]      9 = BLOWING SNOW
                                                   X = TORNADO
MAX 32 OR BELOW:   1    0.01 INCH OR MORE:   2
MAX 90 OR ABOVE:   0    0.10 INCH OR MORE:   0
MIN 32 OR BELOW:  10    0.50 INCH OR MORE:   0
MIN  0 OR BELOW:   0    1.00 INCH OR MORE:   0

[HDD (BASE 65) ]
TOTAL THIS MO.   392    CLEAR  (SCALE 0-3)  10
DPTR FM NORMAL     M    PTCLDY (SCALE 4-7)   5
TOTAL FM JUL 1   980    CLOUDY (SCALE 8-10)  6
DPTR FM NORMAL     M

[CDD (BASE 65) ]
TOTAL THIS MO.     0
DPTR FM NORMAL     M    [PRESSURE DATA]
TOTAL FM JAN 1     0    HIGHEST SLP M ON M
DPTR FM NORMAL     M    LOWEST  SLP M ON M

[REMARKS]
