000
CXUS56 KSTO 271355
CF6VCB
PRELIMINARY LOCAL CLIMATOLOGICAL DATA (WS FORM: F-6)

                                          STATION:   VACAVILLE AIRPORT CA
                                          MONTH:     MARCH
                                          YEAR:      2017
                                          LATITUDE:   38 22 N
                                          LONGITUDE: 121 58 W

  TEMPERATURE IN F:       :PCPN:    SNOW:  WIND      :SUNSHINE: SKY     :PK WND
================================================================================
1   2   3   4   5  6A  6B    7    8   9   10  11  12  13   14  15   16   17  18
                                     12Z  AVG MX 2MIN
DY MAX MIN AVG DEP HDD CDD  WTR  SNW DPTH SPD SPD DIR MIN PSBL S-S WX    SPD DR
================================================================================

 1  66  34  50  -3  15   0 0.00  0.0    0  1.8  9 200   M    M   0        12  30
 2  69  36  53   0  12   0 0.00  0.0    0  2.3  9  20   M    M   0        12  30
 3  67  39  53  -1  12   0 0.00  0.0    0  4.8 17 220   M    M   0        22 220
 4  62  48  55   1  10   0 0.48    M    0 13.7 26 200   M    M   5 1      35 210
 5  53  40  47  -7  18   0 0.05  0.0    0 10.1 30 290   M    M   4 1      37 300
 6  57  41  49  -5  16   0 0.02  0.0    0  7.3 16 230   M    M   8        20 250
 7  61  36  49  -5  16   0 0.00  0.0    M  1.6  7  60   M    M   5         9 320
 8  71  40  56   2   9   0 0.00  0.0    0  1.3  8  20   M    M   1        10  20
 9  73  44  59   5   6   0 0.00  0.0    0  2.0  9 160   M    M   0        12 160
10  76  51  64  10   1   0 0.00  0.0    0  3.3 10  30   M    M   0        14  30
11  78  46  62   8   3   0 0.00  0.0    0  2.4 14 220   M    M   0        16 210
12  79  45  62   8   3   0 0.00  0.0    0  2.4 10 180   M    M   0        13 150
13  80  44  62   8   3   0 0.00  0.0    0  3.2 15  10   M    M   0        19  20
14  81  46  64   9   1   0 0.00  0.0    0  3.5 12  20   M    M   0        14  20
15  71  50  61   6   4   0 0.00  0.0    0  5.7 16 240   M    M   2        20 210
16  74  49  62   7   3   0 0.00  0.0    0  3.6  9 170   M    M   0        12 170
17  77  46  62   7   3   0 0.00  0.0    0  3.2 10  20   M    M   0        12  30
18  70  52  61   6   4   0 0.00  0.0    0  6.3 20 240   M    M   2        24 240
19  71  54  63   8   2   0 0.00  0.0    0  2.8 10 200   M    M   0        13 210
20  64  55  60   5   5   0 0.92  0.0    0  5.2 21 230   M    M   5 1      28 240
21  66  54  60   5   5   0 1.18  0.0    0 12.7 25 220   M    M   5 1      32 210
22  63  44  54  -1  11   0 0.93  0.0    0  6.2 22 250   M    M   5 1      28 240
23  64  40  52  -3  13   0 0.00  0.0    0  5.4 17 220   M    M   3        21 210
24  56  50  53  -2  12   0 0.48  0.0    0  6.5 15 180   M    M  10 1      19 140
25  66  47  57   2   8   0    T  0.0    0  4.6 14 220   M    M   4 12     18 220
26  63  46  55  -1  10   0 0.06  0.0    0  7.5 15 210   M    M   7 1      20 210
================================================================================
SM 1778 1177       205   0  4.12     0.0 129.4          M       66
================================================================================
AV 68.4 45.3                               5.0 FASTST   M    M   3    MAX(MPH)
                                 MISC ---->  # 30 290               # 37  300
================================================================================
NOTES:
# LAST OF SEVERAL OCCURRENCES

COLUMN 17 PEAK WIND IN M.P.H.

PRELIMINARY LOCAL CLIMATOLOGICAL DATA (WS FORM: F-6) , PAGE 2

                                          STATION:  VACAVILLE AIRPORT CA
                                          MONTH:    MARCH
                                          YEAR:     2017
                                          LATITUDE:   38 22 N
                                          LONGITUDE: 121 58 W

[TEMPERATURE DATA]      [PRECIPITATION DATA]       SYMBOLS USED IN COLUMN 16

AVERAGE MONTHLY: 56.8   TOTAL FOR MONTH:   4.12    1 = FOG OR MIST
DPTR FM NORMAL:   2.4   DPTR FM NORMAL:    1.22    2 = FOG REDUCING VISIBILITY
HIGHEST:    81 ON 14    GRTST 24HR  1.18 ON 21-21      TO 1/4 MILE OR LESS
LOWEST:     34 ON  1                               3 = THUNDER
                        SNOW, ICE PELLETS, HAIL    4 = ICE PELLETS
                        TOTAL MONTH:   0.0 INCH    5 = HAIL
                        GRTST 24HR     0.0         6 = FREEZING RAIN OR DRIZZLE
                        GRTST DEPTH:   0           7 = DUSTSTORM OR SANDSTORM:
                                                       VSBY 1/2 MILE OR LESS
                                                   8 = SMOKE OR HAZE
[NO. OF DAYS WITH]      [WEATHER - DAYS WITH]      9 = BLOWING SNOW
                                                   X = TORNADO
MAX 32 OR BELOW:   0    0.01 INCH OR MORE:   8
MAX 90 OR ABOVE:   0    0.10 INCH OR MORE:   5
MIN 32 OR BELOW:   0    0.50 INCH OR MORE:   3
MIN  0 OR BELOW:   0    1.00 INCH OR MORE:   1

[HDD (BASE 65) ]
TOTAL THIS MO.   205    CLEAR  (SCALE 0-3)  16
DPTR FM NORMAL   -72    PTCLDY (SCALE 4-7)   9
TOTAL FM JUL 1  1998    CLOUDY (SCALE 8-10)  1
DPTR FM NORMAL  -257

[CDD (BASE 65) ]
TOTAL THIS MO.     0
DPTR FM NORMAL     0    [PRESSURE DATA]
TOTAL FM JAN 1     0    HIGHEST SLP M ON M
DPTR FM NORMAL     0    LOWEST  SLP 29.79 ON  5

[REMARKS]
