000
CXUS52 KFFC 241110
CF6VPC
PRELIMINARY LOCAL CLIMATOLOGICAL DATA (WS FORM: F-6)

                                          STATION:   CARTERSVILLE
                                          MONTH:     JANUARY
                                          YEAR:      2017
                                          LATITUDE:   34  7 N
                                          LONGITUDE:  84 51 W

  TEMPERATURE IN F:       :PCPN:    SNOW:  WIND      :SUNSHINE: SKY     :PK WND
================================================================================
1   2   3   4   5  6A  6B    7    8   9   10  11  12  13   14  15   16   17  18
                                     12Z  AVG MX 2MIN
DY MAX MIN AVG DEP HDD CDD  WTR  SNW DPTH SPD SPD DIR MIN PSBL S-S WX    SPD DR
================================================================================

 1  50  41  46   5  19   0 0.34    M    0  6.4 12  90   M    M  10 1      17 110
 2  57  50  54  13  11   0 1.42  0.0    0  6.0 16 120   M    M  10 1      33 110
 3  64  50  57  16   8   0    T  0.0    0  1.4 12  80   M    M   8 12     18  70
 4  53  32  43   2  22   0 0.00  0.0    0  4.0 18 350   M    M   3        26 340
 5  50  27  39  -2  26   0 0.00  0.0    0  1.2  9 360   M    M   6        13 360
 6  41  26  34  -7  31   0 0.31    M    0  6.0 13 360   M    M  10 16     20 350
 7  30  19  25 -16  40   0 0.02    T    0  7.7 17 350   M    M   3 18     26 340
 8  31  13  22 -19  43   0 0.00  0.0    0  3.7 12  10   M    M   0        16  10
 9  44  18  31 -10  34   0 0.00  0.0    0  4.1 13 160   M    M   1        18 130
10  57  35  46   5  19   0 0.00  0.0    0  7.1 14 140   M    M   8        21 140
11  62  52  57  16   8   0 0.01  0.0    0  4.0 15 180   M    M   9 18     20 170
12  73  49  61  20   4   0 0.00  0.0    0  3.3 13 180   M    M   8        19 190
13  72  46  59  18   6   0 0.00  0.0    0  0.6  5 350   M    M   7 1       8 280
14  74  47  61  20   4   0 0.00  0.0    0  0.6  6 360   M    M   5 1      10 300
15  72  44  58  17   7   0 0.00  0.0    0  0.4  5 240   M    M   0 1       8 290
16  70  44  57  16   8   0 0.00  0.0    0  3.0  9  90   M    M   5        15  70
17  74  52  63  22   2   0 0.00  0.0    0  4.4 14 180   M    M   6 1      20 200
18  69  51  60  19   5   0 0.05  0.0    0  0.9  7 240   M    M   6 1      12 230
19  73  49  61  20   4   0 0.75  0.0    0  3.5 13 140   M    M   7 1      19 120
20  73  54  64  23   1   0 0.02  0.0    0  4.0 12  90   M    M   6 1      19 240
21  64  52  58  17   7   0 1.11  0.0    0  3.1 14  80   M    M   8 13     20  70
22  62  50  56  15   9   0 1.51  0.0    0  7.6 21 210   M    M   8 13     33 220
23  57  47  52  11  13   0 0.47    M    0  4.6 12 160   M    M   9 1      27 290
================================================================================
SM 1372  948       331   0  6.01    T     87.6          M      143
================================================================================
AV 59.7 41.2                               3.8 FASTST   M    M   6    MAX(MPH)
                                 MISC ---->  # 21 210               # 33  110
================================================================================
NOTES:
# LAST OF SEVERAL OCCURRENCES

COLUMN 17 PEAK WIND IN M.P.H.

PRELIMINARY LOCAL CLIMATOLOGICAL DATA (WS FORM: F-6) , PAGE 2

                                          STATION:  CARTERSVILLE
                                          MONTH:    JANUARY
                                          YEAR:     2017
                                          LATITUDE:   34  7 N
                                          LONGITUDE:  84 51 W

[TEMPERATURE DATA]      [PRECIPITATION DATA]       SYMBOLS USED IN COLUMN 16

AVERAGE MONTHLY: 50.4   TOTAL FOR MONTH:   6.01    1 = FOG OR MIST
DPTR FM NORMAL:   9.4   DPTR FM NORMAL:    2.81    2 = FOG REDUCING VISIBILITY
HIGHEST:    74 ON 17,14 GRTST 24HR  1.86 ON 22-23      TO 1/4 MILE OR LESS
LOWEST:     13 ON  8                               3 = THUNDER
                        SNOW, ICE PELLETS, HAIL    4 = ICE PELLETS
                        TOTAL MONTH:    T          5 = HAIL
                        GRTST 24HR    T  ON  7- 7  6 = FREEZING RAIN OR DRIZZLE
                        GRTST DEPTH:   0           7 = DUSTSTORM OR SANDSTORM:
                                                       VSBY 1/2 MILE OR LESS
                                                   8 = SMOKE OR HAZE
[NO. OF DAYS WITH]      [WEATHER - DAYS WITH]      9 = BLOWING SNOW
                                                   X = TORNADO
MAX 32 OR BELOW:   2    0.01 INCH OR MORE:  11
MAX 90 OR ABOVE:   0    0.10 INCH OR MORE:   7
MIN 32 OR BELOW:   6    0.50 INCH OR MORE:   4
MIN  0 OR BELOW:   0    1.00 INCH OR MORE:   3

[HDD (BASE 65) ]
TOTAL THIS MO.   331    CLEAR  (SCALE 0-3)   4
DPTR FM NORMAL  -221    PTCLDY (SCALE 4-7)  13
TOTAL FM JUL 1  1298    CLOUDY (SCALE 8-10)  6
DPTR FM NORMAL  -556

[CDD (BASE 65) ]
TOTAL THIS MO.     0
DPTR FM NORMAL     0    [PRESSURE DATA]
TOTAL FM JAN 1     0    HIGHEST SLP M ON M
DPTR FM NORMAL     0    LOWEST  SLP 29.20 ON M

[REMARKS]
