000
CXUS52 KFFC 271110
CF6VPC
PRELIMINARY LOCAL CLIMATOLOGICAL DATA (WS FORM: F-6)

                                          STATION:   CARTERSVILLE
                                          MONTH:     JUNE
                                          YEAR:      2017
                                          LATITUDE:   34  7 N
                                          LONGITUDE:  84 51 W

  TEMPERATURE IN F:       :PCPN:    SNOW:  WIND      :SUNSHINE: SKY     :PK WND
================================================================================
1   2   3   4   5  6A  6B    7    8   9   10  11  12  13   14  15   16   17  18
                                     12Z  AVG MX 2MIN
DY MAX MIN AVG DEP HDD CDD  WTR  SNW DPTH SPD SPD DIR MIN PSBL S-S WX    SPD DR
================================================================================

 1  85  61  73   1   0   8 0.00  0.0    0  1.3  9  10   M    M   0        11  20
 2  88  64  76   4   0  11 0.00  0.0    0  1.0  9 350   M    M   0 1      12  10
 3  88  61  75   3   0  10 0.00  0.0    0  1.1  8 190   M    M   2 1      11 340
 4  82  69  76   3   0  11 0.72  0.0    0  2.6 15 170   M    M   7 13     21 160
 5  83  69  76   3   0  11 0.20  0.0    0  1.9  7 340   M    M   6 13     13 210
 6  79  68  74   1   0   9 0.01  0.0    0  2.3  9  10   M    M   5        13 330
 7  82  63  73   0   0   8 0.00  0.0    0  3.9 14  10   M    M   3        18  20
 8  79  60  70  -3   0   5    T  0.0    0  1.3  9 170   M    M   6 8      13  80
 9  84  57  71  -3   0   6 0.00  0.0    0  1.3 10 190   M    M   2        14 200
10  87  60  74   0   0   9 0.00  0.0    0  3.1 10 190   M    M   1 1      14 200
11  88  61  75   1   0  10 0.00  0.0    0  4.0 12 140   M    M   2        16 130
12  90  69  80   6   0  15 0.00  0.0    0  2.1 17 180   M    M   3 3      24 170
13  89  66  78   3   0  13 0.00  0.0    0  1.3 10 150   M    M   3 3      14 160
14  91  69  80   5   0  15 0.10  0.0    0  2.1 10 170   M    M   4 13     16 210
15  90  66  78   3   0  13 0.17  0.0    0  1.7 22 340   M    M   2 138    35 330
16  86  67  77   2   0  12 0.00  0.0    0  0.9  8 340   M    M   4        11 340
17  90  65  78   3   0  13 0.81  0.0    0  2.0 10 180   M    M   1 13     17 180
18  83  67  75   0   0  10 0.96  0.0    0  3.4 12 160   M    M   6 13     17 180
19  86  70  78   2   0  13 0.01  0.0    0  0.9  8 180   M    M   5 13     12 190
20  83  70  77   1   0  12 0.01  0.0    0  2.3 12 170   M    M   6 1      15 190
21  80  70  75  -1   0  10 0.11  0.0    0  1.6 10 180   M    M   9 1      15 170
22  82  70  76   0   0  11 0.90  0.0    0  4.0  9 140   M    M   7 1      14 100
23  88  72  80   4   0  15 0.67  0.0    0  5.8 17 190   M    M   5 13     26 190
24  84  69  77   0   0  12 0.03  0.0    0  1.2 15 350   M    M   7 13     23 320
25  76  60  68  -9   0   3 0.00  0.0    0  1.8 12 360   M    M   0        17 350
26  84  56  70  -7   0   5 0.00  0.0    0  2.5 14  10   M    M   0        19  20
================================================================================
SM 2207 1699         0 270  4.70     0.0  57.4          M       96
================================================================================
AV 84.9 65.4                               2.2 FASTST   M    M   4    MAX(MPH)
                                 MISC ---->  # 22 340               # 35  330
================================================================================
NOTES:
# LAST OF SEVERAL OCCURRENCES

COLUMN 17 PEAK WIND IN M.P.H.

PRELIMINARY LOCAL CLIMATOLOGICAL DATA (WS FORM: F-6) , PAGE 2

                                          STATION:  CARTERSVILLE
                                          MONTH:    JUNE
                                          YEAR:     2017
                                          LATITUDE:   34  7 N
                                          LONGITUDE:  84 51 W

[TEMPERATURE DATA]      [PRECIPITATION DATA]       SYMBOLS USED IN COLUMN 16

AVERAGE MONTHLY: 75.1   TOTAL FOR MONTH:   4.70    1 = FOG OR MIST
DPTR FM NORMAL:   0.6   DPTR FM NORMAL:    1.50    2 = FOG REDUCING VISIBILITY
HIGHEST:    91 ON 14    GRTST 24HR  0.96 ON 18-18      TO 1/4 MILE OR LESS
LOWEST:     56 ON 26                               3 = THUNDER
                        SNOW, ICE PELLETS, HAIL    4 = ICE PELLETS
                        TOTAL MONTH:   0.0 INCH    5 = HAIL
                        GRTST 24HR     0.0         6 = FREEZING RAIN OR DRIZZLE
                        GRTST DEPTH:   0           7 = DUSTSTORM OR SANDSTORM:
                                                       VSBY 1/2 MILE OR LESS
                                                   8 = SMOKE OR HAZE
[NO. OF DAYS WITH]      [WEATHER - DAYS WITH]      9 = BLOWING SNOW
                                                   X = TORNADO
MAX 32 OR BELOW:   0    0.01 INCH OR MORE:  13
MAX 90 OR ABOVE:   4    0.10 INCH OR MORE:   9
MIN 32 OR BELOW:   0    0.50 INCH OR MORE:   5
MIN  0 OR BELOW:   0    1.00 INCH OR MORE:   0

[HDD (BASE 65) ]
TOTAL THIS MO.     0    CLEAR  (SCALE 0-3)  12
DPTR FM NORMAL     0    PTCLDY (SCALE 4-7)  13
TOTAL FM JUL 1  2261    CLOUDY (SCALE 8-10)  1
DPTR FM NORMAL -1007

[CDD (BASE 65) ]
TOTAL THIS MO.   270
DPTR FM NORMAL    24    [PRESSURE DATA]
TOTAL FM JAN 1   515    HIGHEST SLP M ON M
DPTR FM NORMAL   120    LOWEST  SLP 29.72 ON  6

[REMARKS]
