659
CXUS52 KMLB 220627
CF6VRB
PRELIMINARY LOCAL CLIMATOLOGICAL DATA (WS FORM: F-6)

                                          STATION:   VERO BEACH
                                          MONTH:     MAY
                                          YEAR:      2017
                                          LATITUDE:   27 39 N
                                          LONGITUDE:  80 25 W

  TEMPERATURE IN F:       :PCPN:    SNOW:  WIND      :SUNSHINE: SKY     :PK WND
================================================================================
1   2   3   4   5  6A  6B    7    8   9   10  11  12  13   14  15   16   17  18
                                     12Z  AVG MX 2MIN
DY MAX MIN AVG DEP HDD CDD  WTR  SNW DPTH SPD SPD DIR MIN PSBL S-S WX    SPD DR
================================================================================

 1  87  74  81   8   0  16 0.98  0.0    0 15.5 30 140   M    M   4 138    36 150
 2  90  71  81   7   0  16 1.21  0.0    0  6.8 20 290   M    M   4 138    27 290
 3  83  66  75   1   0  10 0.00  0.0    0  7.4 18  70   M    M   3 1      24  80
 4  86  68  77   3   0  12 0.34  0.0    0 11.5 28 280   M    M   1 13     38 280
 5  83  64  74   0   0   9 0.18  0.0    0 12.5 26 260   M    M   4 138    31 250
 6  82  59  71  -3   0   6 0.00  0.0    0 13.5 26 290   M    M   1        36 270
 7  81  50  66  -8   0   1 0.00  0.0    0  7.0 16  40   M    M   0        19  20
 8  84  56  70  -5   0   5 0.00  0.0    0  5.8 14 130   M    M   0        17 110
 9  84  60  72  -3   0   7 0.00  0.0    0  4.3 15  60   M    M   0 12     20  60
10  88  61  75   0   0  10 0.00  0.0    0  5.9 13 130   M    M   0        16 120
11  89  66  78   3   0  13 0.00  0.0    0  7.5 16  30   M    M   0        19  30
12  93  64  79   3   0  14 0.00  0.0    0  7.6 18 190   M    M   0        22 200
13  93  68  81   5   0  16 0.00  0.0    0  9.0 23 210   M    M   3 1      34 200
14  87  70  79   3   0  14 0.08  0.0    0  7.2 17 340   M    M   3 1      22 260
15  86  65  76   0   0  11 0.00  0.0    0  7.3 17  80   M    M   1 1      23  50
16  87  73  80   4   0  15 0.00  0.0    0 11.6 20  80   M    M   1        25 100
17  87  75  81   5   0  16 0.47  0.0    0 13.0 26 100   M    M   5 138    30  90
18  86  76  81   4   0  16 0.00  0.0    0 12.7 21 100   M    M   3        26 100
19  87  78  83   6   0  18 0.02  0.0    0 13.3 22 120   M    M   5 18     27 120
20  88  76  82   5   0  17 0.00  0.0    0 11.6 18 110   M    M   2        24 130
21  87  71  79   2   0  14    T  0.0    0  9.0 20 130   M    M   2 1      24 120
================================================================================
SM 1818 1411         0 256  3.28     0.0 200.0          M       42
================================================================================
AV 86.6 67.2                               9.5 FASTST   M    M   2    MAX(MPH)
                                 MISC ---->  # 30 140               # 38  280
================================================================================
NOTES:
# LAST OF SEVERAL OCCURRENCES

COLUMN 17 PEAK WIND IN M.P.H.

PRELIMINARY LOCAL CLIMATOLOGICAL DATA (WS FORM: F-6) , PAGE 2

                                          STATION:  VERO BEACH
                                          MONTH:    MAY
                                          YEAR:     2017
                                          LATITUDE:   27 39 N
                                          LONGITUDE:  80 25 W

[TEMPERATURE DATA]      [PRECIPITATION DATA]       SYMBOLS USED IN COLUMN 16

AVERAGE MONTHLY: 76.9   TOTAL FOR MONTH:   3.28    1 = FOG OR MIST
DPTR FM NORMAL:   1.6   DPTR FM NORMAL:    1.37    2 = FOG REDUCING VISIBILITY
HIGHEST:    93 ON 13,12 GRTST 24HR  1.21 ON  2- 2      TO 1/4 MILE OR LESS
LOWEST:     50 ON  7                               3 = THUNDER
                        SNOW, ICE PELLETS, HAIL    4 = ICE PELLETS
                        TOTAL MONTH:   0.0 INCH    5 = HAIL
                        GRTST 24HR     0.0         6 = FREEZING RAIN OR DRIZZLE
                        GRTST DEPTH:   0           7 = DUSTSTORM OR SANDSTORM:
                                                       VSBY 1/2 MILE OR LESS
                                                   8 = SMOKE OR HAZE
[NO. OF DAYS WITH]      [WEATHER - DAYS WITH]      9 = BLOWING SNOW
                                                   X = TORNADO
MAX 32 OR BELOW:   0    0.01 INCH OR MORE:   7
MAX 90 OR ABOVE:   3    0.10 INCH OR MORE:   5
MIN 32 OR BELOW:   0    0.50 INCH OR MORE:   2
MIN  0 OR BELOW:   0    1.00 INCH OR MORE:   1

[HDD (BASE 65) ]
TOTAL THIS MO.     0    CLEAR  (SCALE 0-3)  16
DPTR FM NORMAL     0    PTCLDY (SCALE 4-7)   5
TOTAL FM JUL 1   185    CLOUDY (SCALE 8-10)  0
DPTR FM NORMAL  -270

[CDD (BASE 65) ]
TOTAL THIS MO.   256
DPTR FM NORMAL    40    [PRESSURE DATA]
TOTAL FM JAN 1   914    HIGHEST SLP M ON M
DPTR FM NORMAL   240    LOWEST  SLP 29.68 ON  5

[REMARKS]
