000
CXUS51 KAKQ 291010
CF6WAL
PRELIMINARY LOCAL CLIMATOLOGICAL DATA (WS FORM: F-6)

                                          STATION:   WALLOPS ISLAND VA
                                          MONTH:     AUGUST
                                          YEAR:      2016
                                          LATITUDE:   37 55 N
                                          LONGITUDE:  75 28 W

  TEMPERATURE IN F:       :PCPN:    SNOW:  WIND      :SUNSHINE: SKY     :PK WND
================================================================================
1   2   3   4   5  6A  6B    7    8   9   10  11  12  13   14  15   16   17  18
                                     12Z  AVG MX 2MIN
DY MAX MIN AVG DEP HDD CDD  WTR  SNW DPTH SPD SPD DIR MIN PSBL S-S WX    SPD DR
================================================================================

 1  88  75  82   5   0  17 0.00  0.0    0  5.4 16  60   M    M   4        20 320
 2  85  73  79   2   0  14    T  0.0    0  9.6 20  70   M    M   5 12     23  70
 3  82  71  77   0   0  12 0.00  0.0    0 13.2 20  60   M    M   4        24  60
 4  83  67  75  -2   0  10 0.00  0.0    0  9.1 16  90   M    M   2        22  50
 5  82  64  73  -3   0   8 0.00  0.0    0  5.8 13 180   M    M   2        16 140
 6  90  78  84   8   0  19 0.02  0.0    0  8.0 14 260   M    M   3        18 270
 7  88  70  79   3   0  14 0.00  0.0    0  5.8 14  30   M    M   3        18  20
 8  88  68  78   2   0  13 0.06  0.0    0  3.4 13 210   M    M   4        16 220
 9  83  71  77   1   0  12 0.01  0.0    0  7.1 14 110   M    M   7 1      17 110
10  89  78  84   8   0  19 0.00  0.0    0 10.4 18 190   M    M   3        23 190
11  91  76  84   8   0  19 0.00  0.0    0 11.1 21 190   M    M   1        25 180
12  94  78  86  10   0  21 0.00  0.0    0 12.4 24 200   M    M   1        29 190
13  94  80  87  11   0  22 0.00  0.0    0 11.2 23 190   M    M   0        27 190
14  98  79  89  13   0  24 0.00  0.0    0  7.5 15 190   M    M   0        26 260
15  93  78  86  10   0  21 0.00  0.0    0  6.7 14 290   M    M   1        20 300
16  91  75  83   7   0  18 0.08  0.0    0 12.2 22 200   M    M   2 13     27 210
17  95  75  85   9   0  20 0.22  0.0    0  8.8 18 240   M    M   0 13     28 270
18  91  74  83   8   0  18    T  0.0    0  4.6 15 310   M    M   3 3      20 320
19  92  73  83   8   0  18 0.00  0.0    0  4.5 10 300   M    M   1        26 220
20  89  71  80   5   0  15 0.00  0.0    0  5.2 14  60   M    M   1        18  60
21  88  71  80   5   0  15 1.46  0.0    0  7.5 23 300   M    M   0 13     32 310
22  87  68  78   3   0  13 0.00  0.0    0  8.1 15 310   M    M   1        27 220
23  80  65  73  -2   0   8 0.00  0.0    0  7.1 17  60   M    M   1        20  50
24  82  60  71  -4   0   6 0.00  0.0    0  4.2 10 150   M    M   1        14  90
25  86  64  75   0   0  10 0.00  0.0    0  9.6 20 180   M    M   2        25 170
26  94  73  84  10   0  19 0.00  0.0    0  6.2 15 200   M    M   2        20 320
27  87  75  81   7   0  16 0.00  0.0    0 10.6 17  50   M    M   1        21  50
28  85  73  79   5   0  14 0.00  0.0    0 11.0 17  60   M    M   0        21  60
================================================================================
SM 2475 2023         0 435  1.85     0.0 226.3          M       55
================================================================================
AV 88.4 72.2                               8.1 FASTST   M    M   2    MAX(MPH)
                                 MISC ---->  # 24 200               # 32  310
================================================================================
NOTES:
# LAST OF SEVERAL OCCURRENCES

COLUMN 17 PEAK WIND IN M.P.H.

PRELIMINARY LOCAL CLIMATOLOGICAL DATA (WS FORM: F-6) , PAGE 2

                                          STATION:  WALLOPS ISLAND VA
                                          MONTH:    AUGUST
                                          YEAR:     2016
                                          LATITUDE:   37 55 N
                                          LONGITUDE:  75 28 W

[TEMPERATURE DATA]      [PRECIPITATION DATA]       SYMBOLS USED IN COLUMN 16

AVERAGE MONTHLY: 80.3   TOTAL FOR MONTH:   1.85    1 = FOG OR MIST
DPTR FM NORMAL:   4.7   DPTR FM NORMAL:   -2.00    2 = FOG REDUCING VISIBILITY
HIGHEST:    98 ON 14    GRTST 24HR  1.46 ON 21-21      TO 1/4 MILE OR LESS
LOWEST:     60 ON 24                               3 = THUNDER
                        SNOW, ICE PELLETS, HAIL    4 = ICE PELLETS
                        TOTAL MONTH:   0.0 INCH    5 = HAIL
                        GRTST 24HR     0.0         6 = FREEZING RAIN OR DRIZZLE
                        GRTST DEPTH:   0           7 = DUSTSTORM OR SANDSTORM:
                                                       VSBY 1/2 MILE OR LESS
                                                   8 = SMOKE OR HAZE
[NO. OF DAYS WITH]      [WEATHER - DAYS WITH]      9 = BLOWING SNOW
                                                   X = TORNADO
MAX 32 OR BELOW:   0    0.01 INCH OR MORE:   6
MAX 90 OR ABOVE:  11    0.10 INCH OR MORE:   2
MIN 32 OR BELOW:   0    0.50 INCH OR MORE:   1
MIN  0 OR BELOW:   0    1.00 INCH OR MORE:   1

[HDD (BASE 65) ]
TOTAL THIS MO.     0    CLEAR  (SCALE 0-3)  21
DPTR FM NORMAL     0    PTCLDY (SCALE 4-7)   7
TOTAL FM JUL 1     0    CLOUDY (SCALE 8-10)  0
DPTR FM NORMAL     0

[CDD (BASE 65) ]
TOTAL THIS MO.   435
DPTR FM NORMAL   135    [PRESSURE DATA]
TOTAL FM JAN 1  1241    HIGHEST SLP 30.13 ON  9
DPTR FM NORMAL   267    LOWEST  SLP 29.75 ON 21

[REMARKS]
