000
CXUS51 KAKQ 191010
CF6WAL
PRELIMINARY LOCAL CLIMATOLOGICAL DATA (WS FORM: F-6)

                                          STATION:   WALLOPS ISLAND VA
                                          MONTH:     AUGUST
                                          YEAR:      2017
                                          LATITUDE:   37 55 N
                                          LONGITUDE:  75 28 W

  TEMPERATURE IN F:       :PCPN:    SNOW:  WIND      :SUNSHINE: SKY     :PK WND
================================================================================
1   2   3   4   5  6A  6B    7    8   9   10  11  12  13   14  15   16   17  18
                                     12Z  AVG MX 2MIN
DY MAX MIN AVG DEP HDD CDD  WTR  SNW DPTH SPD SPD DIR MIN PSBL S-S WX    SPD DR
================================================================================

 1  88  68  78   1   0  13 0.00  0.0    0  7.6 14 220   M    M   2        17 200
 2  84  70  77   0   0  12 0.00  0.0    0  6.5 15 180   M    M   3        17 190
 3  84  70  77   0   0  12 0.00  0.0    0  8.4 16 180   M    M   2        19 190
 4  83  71  77   0   0  12 0.00  0.0    0  9.7 15 180   M    M   3        19 160
 5  83  62  73  -3   0   8 0.00  0.0    0  7.4 17 310   M    M   1        24 340
 6  81  60  71  -5   0   6 0.00  0.0    0  8.1 14 140   M    M   0        21 130
 7  80  72  76   0   0  11 3.23  0.0    0 11.3 38 200   M    M   6 13     46 190
 8  78  65  72  -4   0   7 0.77  0.0    0  5.0 12 330   M    M   6 1      14 330
 9  80  63  72  -4   0   7 0.00  0.0    0  6.0 14  60   M    M   1 1      19  10
10  80  63  72  -4   0   7 0.00  0.0    0  5.4 12  90   M    M   2 1      16 100
11  79  65  72  -4   0   7 0.00  0.0    0  7.0 15 140   M    M   5 18     19 150
12  80  72  76   0   0  11 0.98  0.0    0  8.5 16 190   M    M   9 13     19 190
13  85  71  78   2   0  13 0.00  0.0    0  5.3 12 340   M    M   3        17 310
14  82  70  76   0   0  11 0.00  0.0    0  5.9 13 130   M    M   7        15 150
15  84  73  79   3   0  14 0.39  0.0    0  2.8 12 140   M    M   8 13     14 150
16  85  73  79   3   0  14 0.00  0.0    0  5.9 12 190   M    M   6 1      15 200
17  83  71  77   1   0  12    T  0.0    0  7.2 15 180   M    M   5 1      19 180
18  86  72  79   4   0  14 1.49  0.0    0 13.5 24 190   M    M   3 13     29 180
================================================================================
SM 1485 1231         0 191  6.86     0.0 131.5          M       72
================================================================================
AV 82.5 68.4                               7.3 FASTST   M    M   4    MAX(MPH)
                                 MISC ---->  # 38 200               # 46  190
================================================================================
NOTES:
# LAST OF SEVERAL OCCURRENCES

COLUMN 17 PEAK WIND IN M.P.H.

PRELIMINARY LOCAL CLIMATOLOGICAL DATA (WS FORM: F-6) , PAGE 2

                                          STATION:  WALLOPS ISLAND VA
                                          MONTH:    AUGUST
                                          YEAR:     2017
                                          LATITUDE:   37 55 N
                                          LONGITUDE:  75 28 W

[TEMPERATURE DATA]      [PRECIPITATION DATA]       SYMBOLS USED IN COLUMN 16

AVERAGE MONTHLY: 75.4   TOTAL FOR MONTH:   6.86    1 = FOG OR MIST
DPTR FM NORMAL:  -0.7   DPTR FM NORMAL:    4.26    2 = FOG REDUCING VISIBILITY
HIGHEST:    88 ON  1    GRTST 24HR  3.23 ON  7- 7      TO 1/4 MILE OR LESS
LOWEST:     60 ON  6                               3 = THUNDER
                        SNOW, ICE PELLETS, HAIL    4 = ICE PELLETS
                        TOTAL MONTH:   0.0 INCH    5 = HAIL
                        GRTST 24HR     0.0         6 = FREEZING RAIN OR DRIZZLE
                        GRTST DEPTH:   0           7 = DUSTSTORM OR SANDSTORM:
                                                       VSBY 1/2 MILE OR LESS
                                                   8 = SMOKE OR HAZE
[NO. OF DAYS WITH]      [WEATHER - DAYS WITH]      9 = BLOWING SNOW
                                                   X = TORNADO
MAX 32 OR BELOW:   0    0.01 INCH OR MORE:   5
MAX 90 OR ABOVE:   0    0.10 INCH OR MORE:   5
MIN 32 OR BELOW:   0    0.50 INCH OR MORE:   4
MIN  0 OR BELOW:   0    1.00 INCH OR MORE:   2

[HDD (BASE 65) ]
TOTAL THIS MO.     0    CLEAR  (SCALE 0-3)   9
DPTR FM NORMAL     0    PTCLDY (SCALE 4-7)   8
TOTAL FM JUL 1     0    CLOUDY (SCALE 8-10)  1
DPTR FM NORMAL     0

[CDD (BASE 65) ]
TOTAL THIS MO.   191
DPTR FM NORMAL   -11    [PRESSURE DATA]
TOTAL FM JAN 1  1028    HIGHEST SLP M ON M
DPTR FM NORMAL   152    LOWEST  SLP 29.79 ON 18

[REMARKS]
