000
CXUS56 KLKN 231551
CF6WMC
PRELIMINARY LOCAL CLIMATOLOGICAL DATA (WS FORM: F-6)

                                          STATION:   WINNEMUCCA AIRPORT NV
                                          MONTH:     JULY
                                          YEAR:      2017
                                          LATITUDE:   40 54 N
                                          LONGITUDE: 117 48 W

  TEMPERATURE IN F:       :PCPN:    SNOW:  WIND      :SUNSHINE: SKY     :PK WND
================================================================================
1   2   3   4   5  6A  6B    7    8   9   10  11  12  13   14  15   16   17  18
                                     12Z  AVG MX 2MIN
DY MAX MIN AVG DEP HDD CDD  WTR  SNW DPTH SPD SPD DIR MIN PSBL S-S WX    SPD DR
================================================================================

 1  96  49  73   3   0   8 0.00  0.0    0  7.1 16  20   M    M   0        19  20
 2  98  50  74   4   0   9 0.00  0.0    0  6.1 18 290   M    M   0        24 290
 3 101  53  77   7   0  12 0.00  0.0    0  6.8 20 270   M    M   0        24 270
 4 101  53  77   7   0  12 0.00  0.0    0  6.2 20 270   M    M   0        27 230
 5  98  53  76   5   0  11 0.00  0.0    0  5.3 16 280   M    M   0        21 260
 6  98  55  77   6   0  12    T  0.0    0  5.2 41 210   M    M   0 8      59 200
 7 103  55  79   8   0  14 0.00  0.0    0  5.8 17 260   M    M   0        43 210
 8 104  58  81   9   0  16 0.01  0.0    0  8.2 36 150   M    M   0 3      51 150
 9 102  56  79   7   0  14 0.00  0.0    0  9.0 23 220   M    M   0        28 220
10  98  60  79   7   0  14 0.00  0.0    0 10.7 26 230   M    M   0        35 230
11  95  56  76   4   0  11 0.00  0.0    0  6.3 20 250   M    M   0        33 270
12  99  54  77   5   0  12 0.00  0.0    0  5.1 20 230   M    M   0        25 280
13  97  52  75   2   0  10    T  0.0    0  6.4 21 250   M    M   0        24 230
14 100  52  76   3   0  11 0.00  0.0    0  4.2 13  90   M    M   0        24 170
15 101  57  79   6   0  14 0.00  0.0    0  6.8 22 230   M    M   0        29 210
16 100  66  83  10   0  18 0.00  0.0    0  7.1 20 270   M    M   1        31 260
17  97  53  75   2   0  10 0.00  0.0    0 10.1 25 250   M    M   0        33 210
18  96  55  76   3   0  11 0.00  0.0    0  9.6 23 240   M    M   0        29 240
19  94  50  72  -1   0   7 0.00  0.0    0  6.8 17 230   M    M   1 8      24 240
20  94  46  70  -4   0   5 0.00  0.0    0  7.1 18 230   M    M   M        22 240
21  97  46  72  -2   0   7 0.00  0.0    0  6.1 18  40   M    M   0        23  50
22 101  63  82   8   0  17 0.00  0.0    0 12.1 25  50   M    M   0        30  40
================================================================================
SM 2170 1192         0 255  0.01     0.0 158.1          M        2
================================================================================
AV 98.6 54.2                               7.2 FASTST   M    M   0    MAX(MPH)
                                 MISC ---->  # 41 210               # 59  200
================================================================================
NOTES:
# LAST OF SEVERAL OCCURRENCES

COLUMN 17 PEAK WIND IN M.P.H.

PRELIMINARY LOCAL CLIMATOLOGICAL DATA (WS FORM: F-6) , PAGE 2

                                          STATION:  WINNEMUCCA AIRPORT NV
                                          MONTH:    JULY
                                          YEAR:     2017
                                          LATITUDE:   40 54 N
                                          LONGITUDE: 117 48 W

[TEMPERATURE DATA]      [PRECIPITATION DATA]       SYMBOLS USED IN COLUMN 16

AVERAGE MONTHLY: 76.4   TOTAL FOR MONTH:   0.01    1 = FOG OR MIST
DPTR FM NORMAL:   4.3   DPTR FM NORMAL:   -0.16    2 = FOG REDUCING VISIBILITY
HIGHEST:   104 ON  8    GRTST 24HR  0.01 ON  8- 8      TO 1/4 MILE OR LESS
LOWEST:     46 ON 21,20                            3 = THUNDER
                        SNOW, ICE PELLETS, HAIL    4 = ICE PELLETS
                        TOTAL MONTH:   0.0 INCH    5 = HAIL
                        GRTST 24HR     0.0         6 = FREEZING RAIN OR DRIZZLE
                        GRTST DEPTH:   0           7 = DUSTSTORM OR SANDSTORM:
                                                       VSBY 1/2 MILE OR LESS
                                                   8 = SMOKE OR HAZE
[NO. OF DAYS WITH]      [WEATHER - DAYS WITH]      9 = BLOWING SNOW
                                                   X = TORNADO
MAX 32 OR BELOW:   0    0.01 INCH OR MORE:   1
MAX 90 OR ABOVE:  22    0.10 INCH OR MORE:   0
MIN 32 OR BELOW:   0    0.50 INCH OR MORE:   0
MIN  0 OR BELOW:   0    1.00 INCH OR MORE:   0

[HDD (BASE 65) ]
TOTAL THIS MO.     0    CLEAR  (SCALE 0-3)  21
DPTR FM NORMAL    -6    PTCLDY (SCALE 4-7)   0
TOTAL FM JUL 1     0    CLOUDY (SCALE 8-10)  0
DPTR FM NORMAL    -6

[CDD (BASE 65) ]
TOTAL THIS MO.   255
DPTR FM NORMAL    89    [PRESSURE DATA]
TOTAL FM JAN 1   402    HIGHEST SLP M ON M
DPTR FM NORMAL   146    LOWEST  SLP 29.74 ON  1

[REMARKS]
