000
CXAK56 PAYA 270916
CF6YAK

PRELIMINARY LOCAL CLIMATOLOGICAL DATA (WS FORM: F-6)

                                          STATION:   YAKUTAT
                                          MONTH:     02
                                          YEAR:      2015
                                          LATITUDE:   59 31 N
                                          LONGITUDE: 139 40 W

  TEMPERATURE IN F:       :PCPN:    SNOW:  WIND      :SUNSHINE: SKY     :PK WND
================================================================================
1   2   3   4   5  6A  6B    7     8   9   10  11  12  13   14  15   16  17  18
                                      12Z  AVG MX 2MIN
DY MAX MIN AVG DEP HDD CDD  WTR   SNW DPTH SPD SPD DIR MIN PSBL S-S WX   SPD DR
================================================================================

 1  43  20  32   3  33   0  0.00  0.0   T  6.3 26   70   M    M   M       35  80
 2  39  15  27  -2  38   0  0.00  0.0   T  1.1 12   80   M    M   M 1     16  80
 3  35  12  24  -5  41   0  0.00  0.0   0  0.6  5   60   M    M   M        6 100
 4  37  15  26  -3  39   0  0.00  0.0   T  1.3  7  200   M    M   M        9  90
 5  34  12  23  -6  42   0  0.00  0.0   T 10.6 24   40   M    M   M       32  40
 6  24  10  17 -12  48   0  0.00  0.0   T 12.7 28   80   M    M   M       41  80
 7  21  10  16 -13  49   0     T    T   T 14.9 24   80   M    M   M       34  80
 8  25  19  22  -7  43   0  0.06  2.6   T 10.9 20   70   M    M   M 1     28  80
 9  27  17  22  -7  43   0  0.12  1.4   3  5.5 12  100   M    M   M 1     17 100
10  39  13  26  -3  39   0  0.02  0.0   5  3.6 16   50   M    M   M       23  60
11  43  36  40  11  25   0  1.13    T   2 10.1 24  130   M    M   M 1248  37 160
12  42  31  37   7  28   0  0.09  0.0   T  1.3  8   60   M    M   M 2     10  60
13  45  39  42  12  23   0  0.93  0.0   T  9.4 17  120   M    M   M 1     26 100
14  44  33  39   9  26   0  1.10  0.0   T  5.8 17  140   M    M   M 1     24  90
15  40  31  36   6  29   0     T  0.0   0  2.7  9   90   M    M   M       13 170
16  47  37  42  12  23   0  1.40  0.0   0  9.1 21   50   M    M   M 1     30 120
17  44  41  43  13  22   0  1.02  0.0   0  6.5 12   70   M    M   M 1     16  70
18  45  40  43  13  22   0  0.57  0.0   0  5.9 13   70   M    M   M 1     17  70
19  45  38  42  12  23   0  0.03  0.0   0  5.4 15  120   M    M   M 1     19 100
20  46  32  39   9  26   0  0.01  0.0   0  3.4 12   90   M    M   M 1     15  90
21  44  33  39   9  26   0  2.20  0.0   0  8.3 18  120   M    M   M 1     30 150
22  45  42  44  14  21   0  1.21  0.0   0 11.4 23  140   M    M   M 1     38 140
23  45  39  42  12  23   0  0.44  0.0   0  6.1 20  130   M    M   M 1     34 120
24  45  33  39   9  26   0  0.02  0.0   0  1.2  8  280   M    M   M 2     12 330
25  46  28  37   7  28   0  0.00  0.0   0  1.3  7   70   M    M   M 1      9 100
26  47  24  36   6  29   0  0.00  0.0   0  1.6  7  330   M    M   M 1      8 350
================================================================================
SM 1037  700       815   0 10.35 4.0    157.0           M        M
================================================================================
AV 39.9 26.9                              6.0 FASTST  PSBL  %   M    MAX(MPH)
                                 MISC ---->     28   80                 41  80
================================================================================
NOTES:
# LAST OF SEVERAL OCCURRENCES

COLUMN 17 PEAK WIND IN M.P.H.

PRELIMINARY LOCAL CLIMATOLOGICAL DATA (WS FORM: F-6) , PAGE 2

                                          STATION:   YAKUTAT
                                          MONTH:     02
                                          YEAR:      2015
                                          LATITUDE:  59 31 N
                                          LONGITUDE: 139 40 W

[TEMPERATURE DATA]      [PRECIPITATION DATA]       SYMBOLS USED IN COLUMN 16

AVERAGE MONTHLY:33.4   TOTAL FOR MONTH:10.35       1 = FOG
DPTR FM NORMAL:  3.8   DPTR FM NORMAL: 0.31       2 = FOG REDUCING VISIBILITY
HIGHEST:    47 ON 26    GRTST 24HR   2.20 ON 21        TO 1/4 MILE OR LESS
LOWEST:     10 ON  7                               3 = THUNDER
                        SNOW, ICE PELLETS, HAIL    4 = ICE PELLETS
                        TOTAL MONTH: 4.0 INCHES  5 = HAIL
                        GRTST 24HR   2.6 ON  8     6 = GLAZE OR RIME
                        GRTST DEPTH:    5 ON 10    7 = BLOWING DUST OR SAND:
                                                       VSBY 1/2 MILE OR LESS
                                                   8 = SMOKE OR HAZE
[NO. OF DAYS WITH]      [WEATHER - DAYS WITH]      9 = BLOWING SNOW
                                                   X = TORNADO
MAX 32 OR BELOW:   4    0.01 INCH OR MORE:  16
MAX 70 OR ABOVE:   0    0.10 INCH OR MORE:  10
MIN 32 OR BELOW:  15    0.50 INCH OR MORE:   8
MIN  0 OR BELOW:   0    1.00 INCH OR MORE:   6

[HDD (BASE 65) ]
TOTAL THIS MO.   815    CLEAR  (SCALE 0-3)   M
DPTR FM NORMAL  -106    PTCLDY (SCALE 4-7)   M
SEASONAL TOTAL  5371    CLOUDY (SCALE 8-10)  M
DPTR FM NORMAL  -689

[CDD (BASE 65) ]
TOTAL THIS MO.     0
DPTR FM NORMAL     0    [PRESSURE DATA]
SEASONAL TOTAL     0    HIGHEST SLP     M
DPTR FM NORMAL     0    LOWEST  SLP     M

[REMARKS]
