504
CXAK56 PAJK 191246
CF6YAK
PRELIMINARY LOCAL CLIMATOLOGICAL DATA (WS FORM: F-6)

                                          STATION:   YAKUTAT
                                          MONTH:     FEBRUARY
                                          YEAR:      2017
                                          LATITUDE:   59 31 N
                                          LONGITUDE: 139 40 W

  TEMPERATURE IN F:       :PCPN:    SNOW:  WIND      :SUNSHINE: SKY     :PK WND
================================================================================
1   2   3   4   5  6A  6B    7    8   9   10  11  12  13   14  15   16   17  18
                                     12Z  AVG MX 2MIN
DY MAX MIN AVG DEP HDD CDD  WTR  SNW DPTH SPD SPD DIR MIN PSBL S-S WX    SPD DR
================================================================================

 1  31  19  25  -4  40   0 0.00  0.0    2  0.1  3  80   M    M   5 1       4  70
 2  40  13  27  -2  38   0 0.00  0.0    2  0.6  6 310   M    M   0 1       7 160
 3  39  14  27  -2  38   0 0.00  0.0    2  1.1  7 350   M    M   0 1      10  10
 4  41  15  28  -1  37   0 0.00  0.0    2  0.9  7 120   M    M   0 1      10 120
 5  40  15  28  -1  37   0 0.00  0.0    2  2.7  8  90   M    M   0        10 100
 6  42  11  27  -2  38   0 0.00  0.0    2  0.7  7 300   M    M   0         9 300
 7  35  12  24  -5  41   0 0.00  0.0    2  1.4  6 170   M    M   0         7 170
 8  32  14  23  -6  42   0 0.05  0.3    2  4.8 10  80   M    M  10 18     14  70
 9  32  30  31   2  34   0 0.25  3.9    2  5.6 12  70   M    M  10 12     15  80
10  34  27  31   2  34   0 0.57  8.9   16  7.3 24 200   M    M  10 12     32 210
11  43  30  37   8  28   0 1.29  5.2   10 11.0 24 190   M    M  10 12     35 180
12  39  31  35   5  30   0 0.48  1.0   10  7.7 18 110   M    M  10 1      29 120
13  45  33  39   9  26   0 2.60  0.0    8 19.0 35 130   M    M  10 1      54 140
14  44  39  42  12  23   0 0.61  0.0    1 11.5 28 130   M    M  10 1      43 130
15  42  32  37   7  28   0 0.89    T    0  6.1 22 260   M    M   9 1      30 270
16  40  25  33   3  32   0 0.00  0.0    0  0.5  8  20   M    M   2 1       8  20
17  34  27  31   1  34   0 0.55  6.3    0  5.2  9 100   M    M  10 12     13  90
18  37  24  31   1  34   0 0.26  3.2    8  2.0  7 100   M    M   6 12     10  90
================================================================================
SM  690  411       614   0  7.55    28.8  88.2          M      102
================================================================================
AV 38.3 22.8                               4.9 FASTST   M    M   6    MAX(MPH)
                                 MISC ---->  # 35 130               # 54  140
================================================================================
NOTES:
# LAST OF SEVERAL OCCURRENCES

COLUMN 17 PEAK WIND IN M.P.H.

PRELIMINARY LOCAL CLIMATOLOGICAL DATA (WS FORM: F-6) , PAGE 2

                                          STATION:  YAKUTAT
                                          MONTH:    FEBRUARY
                                          YEAR:     2017
                                          LATITUDE:   59 31 N
                                          LONGITUDE: 139 40 W

[TEMPERATURE DATA]      [PRECIPITATION DATA]       SYMBOLS USED IN COLUMN 16

AVERAGE MONTHLY: 30.6   TOTAL FOR MONTH:   7.55    1 = FOG OR MIST
DPTR FM NORMAL:   1.2   DPTR FM NORMAL:    0.59    2 = FOG REDUCING VISIBILITY
HIGHEST:    45 ON 13    GRTST 24HR  2.60 ON 13-13      TO 1/4 MILE OR LESS
LOWEST:     11 ON  6                               3 = THUNDER
                        SNOW, ICE PELLETS, HAIL    4 = ICE PELLETS
                        TOTAL MONTH:  28.8 INCHES  5 = HAIL
                        GRTST 24HR   8.9 ON   M    6 = FREEZING RAIN OR DRIZZLE
                        GRTST DEPTH:  16 ON 10     7 = DUSTSTORM OR SANDSTORM:
                                                       VSBY 1/2 MILE OR LESS
                                                   8 = SMOKE OR HAZE
[NO. OF DAYS WITH]      [WEATHER - DAYS WITH]      9 = BLOWING SNOW
                                                   X = TORNADO
MAX 32 OR BELOW:   3    0.01 INCH OR MORE:  10
MAX 90 OR ABOVE:   0    0.10 INCH OR MORE:   9
MIN 32 OR BELOW:  16    0.50 INCH OR MORE:   6
MIN  0 OR BELOW:   0    1.00 INCH OR MORE:   2

[HDD (BASE 65) ]
TOTAL THIS MO.   614    CLEAR  (SCALE 0-3)   7
DPTR FM NORMAL   -27    PTCLDY (SCALE 4-7)   2
TOTAL FM JUL 1  5358    CLOUDY (SCALE 8-10)  9
DPTR FM NORMAL  -409

[CDD (BASE 65) ]
TOTAL THIS MO.     0
DPTR FM NORMAL     0    [PRESSURE DATA]
TOTAL FM JAN 1     0    HIGHEST SLP M ON M
DPTR FM NORMAL     0    LOWEST  SLP 29.00 ON 15

[REMARKS]
