000
CXAK56 PAYA 220918
CF6YAK

PRELIMINARY LOCAL CLIMATOLOGICAL DATA (WS FORM: F-6)

                                          STATION:   YAKUTAT
                                          MONTH:     10
                                          YEAR:      2014
                                          LATITUDE:   59 31 N
                                          LONGITUDE: 139 40 W

  TEMPERATURE IN F:       :PCPN:    SNOW:  WIND      :SUNSHINE: SKY     :PK WND
================================================================================
1   2   3   4   5  6A  6B    7     8   9   10  11  12  13   14  15   16  17  18
                                      12Z  AVG MX 2MIN
DY MAX MIN AVG DEP HDD CDD  WTR   SNW DPTH SPD SPD DIR MIN PSBL S-S WX   SPD DR
================================================================================

 1  54  28  41  -4  24   0  0.00  0.0   0  1.7  7  330   M    M   M       10 360
 2  45  27  36  -9  29   0  0.07  0.0   0  2.9  9   50   M    M   M       12  70
 3  54  44  49   4  16   0  2.61  0.0   0 12.1 26  130   M    M   M 1     38 130
 4  52  43  48   3  17   0  0.70  0.0   0  7.8 24  140   M    M   M 1248  40 120
 5  52  40  46   1  19   0  1.40  0.0   0 13.2 31  130   M    M   M 1     50 130
 6  46  33  40  -4  25   0  0.22  0.0   0  4.8 13  160   M    M   M 12458 20 170
 7  49  30  40  -4  25   0     T  0.0   0  1.2  7  340   M    M   M       10 310
 8  44  30  37  -7  28   0  0.13  0.0   0  2.9 12   90   M    M   M       15  80
 9  52  30  41  -2  24   0  2.96  0.0   0  7.6 18  120   M    M   M       32  90
10  53  49  51   8  14   0  1.44  0.0   0  9.9 22  130   M    M   M 1     32 120
11  53  45  49   6  16   0  1.32  0.0   0  9.9 22  210   M    M   M 1     35 120
12  52  43  48   5  17   0  0.13  0.0   0  4.8 14   90   M    M   M 1     19  90
13  53  36  45   3  20   0  0.01  0.0   0  4.7 23  200   M    M   M 1     29 210
14  52  33  43   1  22   0  0.13  0.0   0  1.9 10  190   M    M   M 2     14 200
15  54  30  42   0  23   0     T  0.0   0  0.6  8  300   M    M   M 1     10 300
16  54  32  43   2  22   0  0.01  0.0   0  2.1  7   70   M    M   M 1     10 110
17  54  30  42   1  23   0  0.00  0.0   0  3.3 10   80   M    M   M       14  70
18  53  30  42   1  23   0     T  0.0   0  2.3 14  130   M    M   M       19 130
19  56  41  49   9  16   0  0.53  0.0   0  5.6 12  100   M    M   M 1     18 100
20  50  32  41   1  24   0  0.42  0.0   0  5.9 23  100   M    M   M 1     34 110
21  50  31  41   1  24   0     T  0.0   0  2.5  8   70   M    M   M       10  50
================================================================================
SM 1082  737       451   0 12.08 0.0    107.7           M        M
================================================================================
AV 51.5 35.1                              5.1 FASTST  PSBL  %   M    MAX(MPH)
                                 MISC ---->     31  130                 50 130
================================================================================
NOTES:
# LAST OF SEVERAL OCCURRENCES

COLUMN 17 PEAK WIND IN M.P.H.

PRELIMINARY LOCAL CLIMATOLOGICAL DATA (WS FORM: F-6) , PAGE 2

                                          STATION:   YAKUTAT
                                          MONTH:     10
                                          YEAR:      2014
                                          LATITUDE:  59 31 N
                                          LONGITUDE: 139 40 W

[TEMPERATURE DATA]      [PRECIPITATION DATA]       SYMBOLS USED IN COLUMN 16

AVERAGE MONTHLY:43.3   TOTAL FOR MONTH:12.08       1 = FOG
DPTR FM NORMAL:  0.5   DPTR FM NORMAL: -3.92       2 = FOG REDUCING VISIBILITY
HIGHEST:    56 ON 19    GRTST 24HR   2.96 ON  9        TO 1/4 MILE OR LESS
LOWEST:     27 ON  2                               3 = THUNDER
                        SNOW, ICE PELLETS, HAIL    4 = ICE PELLETS
                        TOTAL MONTH: 0.0         5 = HAIL
                        GRTST 24HR   0.0           6 = GLAZE OR RIME
                        GRTST DEPTH:    0          7 = BLOWING DUST OR SAND:
                                                       VSBY 1/2 MILE OR LESS
                                                   8 = SMOKE OR HAZE
[NO. OF DAYS WITH]      [WEATHER - DAYS WITH]      9 = BLOWING SNOW
                                                   X = TORNADO
MAX 32 OR BELOW:   0    0.01 INCH OR MORE:  15
MAX 70 OR ABOVE:   0    0.10 INCH OR MORE:  12
MIN 32 OR BELOW:  11    0.50 INCH OR MORE:   7
MIN  0 OR BELOW:   0    1.00 INCH OR MORE:   5

[HDD (BASE 65) ]
TOTAL THIS MO.   451    CLEAR  (SCALE 0-3)   M
DPTR FM NORMAL   -17    PTCLDY (SCALE 4-7)   M
SEASONAL TOTAL  1490    CLOUDY (SCALE 8-10)  M
DPTR FM NORMAL  -154

[CDD (BASE 65) ]
TOTAL THIS MO.     0
DPTR FM NORMAL     0    [PRESSURE DATA]
SEASONAL TOTAL     0    HIGHEST SLP     M
DPTR FM NORMAL     0    LOWEST  SLP     M

[REMARKS]
