000
CXUS51 KPBZ 200901
CF6ZZV
PRELIMINARY LOCAL CLIMATOLOGICAL DATA (WS FORM: F-6)

                                          STATION:   ZANESVILLE OH
                                          MONTH:     APRIL
                                          YEAR:      2014
                                          LATITUDE:   39 56 N
                                          LONGITUDE:  81 54 W

  TEMPERATURE IN F:       :PCPN:    SNOW:  WIND      :SUNSHINE: SKY     :PK WND
================================================================================
1   2   3   4   5  6A  6B    7    8   9   10  11  12  13   14  15   16   17  18
                                     12Z  AVG MX 2MIN
DY MAX MIN AVG DEP HDD CDD  WTR  SNW DPTH SPD SPD DIR MIN PSBL S-S WX    SPD DR
================================================================================

 1  76  36  56  10   9   0    T    M    M 12.6 29 250   M    M   2        45 250
 2  57  44  51   4  14   0 0.33    M    M  2.2 16 310   M    M   8 1      22 310
 3  54  45  50   3  15   0 0.73    M    M  5.2 13 100   M    M   9 12     15  90
 4  68  41  55   7  10   0 0.40    M    M 13.0 32 270   M    M   9 12     44 260
 5  48  31  40  -8  25   0 0.00    M    M  8.1 24 280   M    M   7        31 290
 6  59  25  42  -6  23   0 0.00    M    M  3.8 14 110   M    M   0        17 130
 7  57  44  51   2  14   0 0.87    M    M  5.6 23 230   M    M   7 1      30 220
 8  61  43  52   3  13   0    T    M    M 10.4 26 240   M    M   6        41 230
 9  58  39  49   0  16   0 0.00    M    M  6.7 17 310   M    M   5        23 340
10  73  36  55   5  10   0 0.00    M    M 12.6 25 190   M    M   0 8      34 180
11  69  44  57   7   8   0 0.18    M    M  7.2 21 320   M    M   7 1      28 310
12  76  36  56   6   9   0 0.00    M    M  7.1 17 190   M    M   0 1      25 160
13  82  58  70  19   0   5 0.00    M    M 10.2 23 200   M    M   1        31 220
14  72  53  63  12   2   0 0.13    M    M 11.8 29 190   M    M   6 1      39 200
15  53  27  40 -11  25   0 0.32    M    M 11.3 20 320   M    M   9 1      28 310
16  47  21  34 -18  31   0 0.00    M    M  5.4 15 120   M    M   0        19 120
17  67  34  51  -1  14   0 0.00    M    M  6.2 16 190   M    M   0        21 180
18  70  40  55   3  10   0 0.00    M    M  3.7 14 260   M    M   0        19 260
19  65  44  55   2  10   0 0.00    M    M  7.0 16  50   M    M   0        23 340
================================================================================
SM 1212  741       258   5  2.96    M    150.1          M       76
================================================================================
AV 63.8 39.0                               7.9 FASTST   M    M   4    MAX(MPH)
                                 MISC ---->  # 32 270               # 45  250
================================================================================
NOTES:
# LAST OF SEVERAL OCCURRENCES

COLUMN 17 PEAK WIND IN M.P.H.

PRELIMINARY LOCAL CLIMATOLOGICAL DATA (WS FORM: F-6) , PAGE 2

                                          STATION:  ZANESVILLE OH
                                          MONTH:    APRIL
                                          YEAR:     2014
                                          LATITUDE:   39 56 N
                                          LONGITUDE:  81 54 W

[TEMPERATURE DATA]      [PRECIPITATION DATA]       SYMBOLS USED IN COLUMN 16

AVERAGE MONTHLY: 51.4   TOTAL FOR MONTH:   2.96    1 = FOG OR MIST
DPTR FM NORMAL:   1.8   DPTR FM NORMAL:    0.78    2 = FOG REDUCING VISIBILITY
HIGHEST:    82 ON 13    GRTST 24HR  0.89 ON  3- 4      TO 1/4 MILE OR LESS
LOWEST:     21 ON 16                               3 = THUNDER
                        SNOW, ICE PELLETS, HAIL    4 = ICE PELLETS
                        TOTAL MONTH:    M          5 = HAIL
                        GRTST 24HR    M  ON   M    6 = FREEZING RAIN OR DRIZZLE
                        GRTST DEPTH:  M  ON   M    7 = DUSTSTORM OR SANDSTORM:
                                                       VSBY 1/2 MILE OR LESS
                                                   8 = SMOKE OR HAZE
[NO. OF DAYS WITH]      [WEATHER - DAYS WITH]      9 = BLOWING SNOW
                                                   X = TORNADO
MAX 32 OR BELOW:   0    0.01 INCH OR MORE:   7
MAX 90 OR ABOVE:   0    0.10 INCH OR MORE:   7
MIN 32 OR BELOW:   4    0.50 INCH OR MORE:   2
MIN  0 OR BELOW:   0    1.00 INCH OR MORE:   0

[HDD (BASE 65) ]
TOTAL THIS MO.   258    CLEAR  (SCALE 0-3)   9
DPTR FM NORMAL   -36    PTCLDY (SCALE 4-7)   7
TOTAL FM JUL 1  5716    CLOUDY (SCALE 8-10)  3
DPTR FM NORMAL   478

[CDD (BASE 65) ]
TOTAL THIS MO.     5
DPTR FM NORMAL     5    [PRESSURE DATA]
TOTAL FM JAN 1     5    HIGHEST SLP M ON M
DPTR FM NORMAL     4    LOWEST  SLP 29.37 ON  8

[REMARKS]
