000
CXUS51 KBGM 012104
CLAAVP

CLIMATE REPORT
NATIONAL WEATHER SERVICE BINGHAMTON NY
349 PM EST WED JAN 1 2014

...................................

...THE AVOCA PA CLIMATE SUMMARY FOR THE YEAR OF 2013...

CLIMATE NORMAL PERIOD 1981 TO 2010
CLIMATE RECORD PERIOD 1901 TO 2013

WEATHER         OBSERVED          NORMAL  DEPART  LAST YEAR`S
                 VALUE   DATE(S)  VALUE   FROM    VALUE  DATE(S)
                                          NORMAL
................................................................
TEMPERATURE (F)
RECORD
 HIGH             103   07/09/1936
 LOW              -21   01/21/1994
HIGHEST            96   07/18        59      37       97  07/18
                                                          07/17
LOWEST              0   01/24        40     -40        5  01/22
                                                          01/04
AVG. MAXIMUM     59.6              58.8     0.8     62.3
AVG. MINIMUM     41.0              40.1     0.9     43.7
MEAN             50.3              49.4     0.9     53.0
DAYS MAX >= 90     13               6.3     6.7       19
DAYS MAX <= 32     38              36.2     1.8       13
DAYS MIN <= 32    137             123.6    13.4      114
DAYS MIN <= 0       1               2.9    -1.9        0

PRECIPITATION (INCHES)
RECORD
 MAXIMUM        60.00   2011
 MINIMUM        26.22   1963
TOTALS          27.57             38.26  -10.69    37.94
DAILY AVG.       0.08              0.10   -0.02     0.10
DAYS >= .01       131             139.2    -8.2      145
DAYS >= .10        67              78.0   -11.0       77
DAYS >= .50        16              23.4    -7.4       21
DAYS >= 1.00        3               7.8    -4.8        7
GREATEST
 24 HR. TOTAL    1.96   06/27 TO 06/28

SNOWFALL (INCHES)
RECORDS
 TOTAL           80.2   1994
 24 HR TOTAL     18.7   03/13/1993 TO 03/13/1993
TOTALS           34.7              46.2   -11.5     20.1
SINCE 7/1        13.5              10.4     3.1     12.2
DAYS >= TRACE      91              33.0    58.0       53
DAYS >= 1.0        12              12.5    -0.5        6
GREATEST
 24 HR TOTAL      4.7   12/14 TO 12/14

DEGREE_DAYS
HEATING TOTAL    6030              6255    -225     5147
 SINCE 7/1       2314              2378     -64     2114
COOLING TOTAL     795               579     216      864
 SINCE 1/1        795               580     215      864

FREEZE DATES
RECORD
 EARLIEST     09/21/1956
 LATEST       05/25/1956
EARLIEST                        10/15
LATEST                          04/26
..................................................

WIND (MPH)
AVERAGE WIND SPEED              6.3
RESULTANT WIND SPEED/DIRECTION   2/268
HIGHEST WIND SPEED/DIRECTION    37/240    DATE  04/19
HIGHEST GUST SPEED/DIRECTION    51/310    DATE  04/10

SKY COVER
POSSIBLE SUNSHINE (PERCENT)   MM
AVERAGE SKY COVER           0.50
NUMBER OF DAYS FAIR          130
NUMBER OF DAYS PC            144
NUMBER OF DAYS CLOUDY         89

AVERAGE RH (PERCENT)     66

WEATHER CONDITIONS. NUMBER OF DAYS WITH
THUNDERSTORM              0     MIXED PRECIP               0
HEAVY RAIN               35     RAIN                      58
LIGHT RAIN              121     FREEZING RAIN              4
LT FREEZING RAIN          8     HAIL                       0
HEAVY SNOW                4     SNOW                      17
LIGHT SNOW               57     SLEET                      2
FOG                     171     FOG W/VIS <= 1/4 MILE     16
HAZE                     92

-  INDICATES NEGATIVE NUMBERS.
R  INDICATES RECORD WAS SET OR TIED.
MM INDICATES DATA IS MISSING.
T  INDICATES TRACE AMOUNT.

&&
8TH DRIEST YEAR

$$
