858
CXUS55 KVEF 060242
CLABIH

CLIMATE REPORT
NATIONAL WEATHER SERVICE LAS VEGAS, NV
439 PM PST THU JAN 5 2017

...................................

...THE BISHOP CA CLIMATE SUMMARY FOR THE YEAR OF 2016...

CLIMATE NORMAL PERIOD 1981 TO 2010
CLIMATE RECORD PERIOD 1943 TO 2017

WEATHER         OBSERVED          NORMAL  DEPART  LAST YEAR`S
                 VALUE   DATE(S)  VALUE   FROM    VALUE  DATE(S)
                                          NORMAL
................................................................
TEMPERATURE (F)
RECORD
 HIGH             110   07/10/2002
 LOW               -8   12/22/1990
                        12/27/1988
HIGHEST           108   07/28        74      34      108  06/20
                        07/27
LOWEST              9   01/01        38     -29        5  12/27
AVG. MAXIMUM     77.7              75.0     2.7     77.7
AVG. MINIMUM     39.7              38.1     1.6     40.4
MEAN             58.7              56.6     2.1     59.1
DAYS MAX >= 90    108              99.9     8.1      112
DAYS MAX <= 32      0               0.4    -0.4        0
DAYS MIN <= 32    115             133.7   -18.7      119
DAYS MIN <= 0       0               0.2    -0.2        0

PRECIPITATION (INCHES)
RECORD
 MAXIMUM        17.09   1969
 MINIMUM         0.80   1947
TOTALS           3.43              5.17   -1.74     3.37
DAILY AVG.          T              0.01   -0.01        T
DAYS >= .01        25              27.6    -2.6       29
DAYS >= .10        10              12.3    -2.3       10
DAYS >= .50         2               2.7    -0.7        2
DAYS >= 1.00        0               0.6    -0.6        0
GREATEST
 24 HR. TOTAL    0.92   04/08 TO 04/09
 STORM TOTAL     0.92
 (MM/DD(HH)) 04/08(19) TO 04/09(13)

SNOWFALL (INCHES)
RECORDS
 TOTAL           57.1   1969
 24 HR TOTAL     18.0   01/24/1969 TO 01/25/1969
 SNOW DEPTH        22   01/25/1969
TOTALS            2.0               8.0    -6.0        T
 LIQUID EQUIV    0.20                MM      MM       MM
SINCE 7/1           T               1.5    -1.5        T
 LIQUID 7/1        MM              0.20      MM       MM
SNOWDEPTH AVG.      0                MM      MM        0
DAYS >= TRACE       3               3.0     0.0        3
DAYS >= 1.0         1               1.9    -0.9        0
GREATEST
 SNOW DEPTH         2   01/31                         -1  05/08
 24 HR TOTAL      2.0   MM                       12/31 TO 12/31
                                                          12/31 TO 12/31
                                                          12/31 TO 12/31
 STORM TOTAL       MM                                0.0
 (MM/DD(HH))            MM                    12/31(00) TO 12/31(00)
                                                 12/31(00) TO 12/31(00)1
                                                 12/31(00) TO 12/31(00)1

DEGREE_DAYS
HEATING TOTAL    3564              4178    -614     3431
 SINCE 7/1         MM              1747      MM       MM
COOLING TOTAL    1361              1104     257     1376
 SINCE 1/1       1361              1104     257     1376

FREEZE DATES
RECORD
 EARLIEST     09/20/1986
 LATEST       06/07/1988
EARLIEST                        10/15
LATEST                          05/03
..................................................

WIND (MPH)
AVERAGE WIND SPEED              7.9
RESULTANT WIND SPEED/DIRECTION   2/328
HIGHEST WIND SPEED/DIRECTION    40/250    DATE  07/29
HIGHEST GUST SPEED/DIRECTION    61/010    DATE  06/27

SKY COVER
POSSIBLE SUNSHINE (PERCENT)   MM
AVERAGE SKY COVER           0.10
NUMBER OF DAYS FAIR          318
NUMBER OF DAYS PC             42
NUMBER OF DAYS CLOUDY          4

AVERAGE RH (PERCENT)     36

WEATHER CONDITIONS. NUMBER OF DAYS WITH
THUNDERSTORM              0     MIXED PRECIP               0
HEAVY RAIN                4     RAIN                      11
LIGHT RAIN               43     FREEZING RAIN              0
LT FREEZING RAIN          0     HAIL                       0
HEAVY SNOW                1     SNOW                       1
LIGHT SNOW                3     SLEET                      0
FOG                      13     FOG W/VIS <= 1/4 MILE      2
HAZE                      8

-  INDICATES NEGATIVE NUMBERS.
R  INDICATES RECORD WAS SET OR TIED.
MM INDICATES DATA IS MISSING.
T  INDICATES TRACE AMOUNT.

$$
