000
CXUS53 KDVN 051636 CCA
CLABRL

CLIMATE REPORT...CORRECTION
NATIONAL WEATHER SERVICE QUAD CITIES IA IL
1035 AM CST FRI JAN 5 2018

...CORRECTED PRECIPITATION SECTION...

...................................

...THE BURLINGTON IA CLIMATE SUMMARY FOR THE YEAR OF 2017...

CLIMATE NORMAL PERIOD 1981 TO 2010
CLIMATE RECORD PERIOD 1897 TO 2017

WEATHER         OBSERVED          NORMAL  DEPART
                 VALUE   DATE(S)  VALUE   FROM
                                          NORMAL
................................................
TEMPERATURE (F)
RECORD
 HIGH             111   07/15/1936
                        07/14/1936
 LOW              -27   02/13/1905
HIGHEST            95   07/20        87       8
LOWEST            -12   12/31        17     -29
AVG. MAXIMUM     63.5              62.8     0.7
AVG. MINIMUM     43.8              43.1     0.7
MEAN             53.7              53.0     0.7
DAYS MAX >= 90     25
DAYS MAX <= 32     27
DAYS MIN <= 32    104
DAYS MIN <= 0       6

PRECIPITATION (INCHES)
TOTALS          31.79             38.48   -6.69
DAILY AVG.       0.09              0.11   -0.02
DAYS >= .01       108
DAYS >= .10        57
DAYS >= .50        23
DAYS >= 1.00        8
GREATEST
 24 HR. TOTAL    2.20   08/27 TO 08/28

DEGREE_DAYS
HEATING TOTAL    5098              5599    -501
 SINCE 7/1       2198              2186      12
COOLING TOTAL    1068              1209    -141
 SINCE 1/1       1068              1207    -139
.................................................

WIND (MPH)
AVERAGE WIND SPEED              8.6
HIGHEST WIND SPEED/DIRECTION    40/030    DATE  07/05
HIGHEST GUST SPEED/DIRECTION    55/030    DATE  07/05

SKY COVER
POSSIBLE SUNSHINE (PERCENT)   MM
AVERAGE SKY COVER           0.30
NUMBER OF DAYS FAIR          220
NUMBER OF DAYS PC             76
NUMBER OF DAYS CLOUDY         67

AVERAGE RH (PERCENT)     71

WEATHER CONDITIONS. NUMBER OF DAYS WITH
THUNDERSTORM             51     HAIL                       0
SLEET                     0     FOG                      159
FOG W/VIS <= 1/4 MILE    29     HAZE                      91

-  INDICATES NEGATIVE NUMBERS.
R  INDICATES RECORD WAS SET OR TIED.
MM INDICATES DATA IS MISSING.
T  INDICATES TRACE AMOUNT.

$$

NOTE: SUPPLEMENTAL CLIMATE DATA WAS USED FROM A NEARBY
CLIMATOLOGICALLY REPRESENTATIVE STATION.

14
