000
CXUS51 KOKX 011802
CLAJFK

NYCCLMJFK 000
TTAA00 KOKX 011758


CLIMATE REPORT
NATIONAL WEATHER SERVICE NEW YORK NY
102 PM EST THU JAN 1 2015

...................................

...THE KENNEDY NY CLIMATE SUMMARY FOR THE YEAR OF 2014...

CLIMATE NORMAL PERIOD 1981 TO 2010
CLIMATE RECORD PERIOD 1949 TO 2014

WEATHER         OBSERVED          NORMAL  DEPART  LAST YEAR`S
                 VALUE   DATE(S)  VALUE   FROM    VALUE  DATE(S)
                                          NORMAL
................................................................
TEMPERATURE (F)
RECORD
 HIGH             104   07/03/1966
 LOW               -2   01/21/1985
                        02/08/1963
HIGHEST            92   09/02        MM      MM      100  07/18
LOWEST              3   01/04        MM      MM       12  01/23
AVG. MAXIMUM     61.2              61.6    -0.4     61.8
AVG. MINIMUM     46.6              47.3    -0.7     47.2
MEAN             53.9              54.5    -0.6     54.5
DAYS MAX >= 90      2               8.8    -6.8        9
DAYS MAX <= 32     23              14.2     8.8       14
DAYS MIN <= 32     86              71.9    14.1       86
DAYS MIN <= 0       0               0.0     0.0        0

PRECIPITATION (INCHES)
RECORD
 MAXIMUM        59.12   1983
 MINIMUM           MM   MM
TOTALS          50.75             42.77    7.98    35.48
DAILY AVG.       0.14              0.12    0.02     0.10
DAYS >= .01       122             119.4     2.6      114
DAYS >= .10        75              73.7     1.3       62
DAYS >= .50        31              28.8     2.2       24
DAYS >= 1.00       16              11.2     4.8        6
GREATEST
 24 HR. TOTAL    4.88   MM                       12/31 TO 12/31

 STORM TOTAL       MM                                 MM
 (MM/DD(HH))            MM

SNOWFALL (INCHES)
RECORDS
 TOTAL           61.9   2003
 24 HR TOTAL     15.0   MM
 SNOW DEPTH        17   02/13/2006
TOTALS           39.1              23.8    15.3     19.8
 LIQUID EQUIV    3.91              2.40    1.51     1.98
SINCE 7/1         0.4               4.9    -4.5      6.9
 LIQUID 7/1      0.04              0.50   -0.46     0.69
SNOWDEPTH AVG.      1                MM      MM        0
DAYS >= TRACE      39              13.6    25.4       38
DAYS >= 1.0        11               5.4     5.6        6
GREATEST
 SNOW DEPTH        10   02/18                          6  02/09
                        02/16
                        02/17
 24 HR TOTAL      6.8   MM                       12/31 TO 12/31

 STORM TOTAL       MM                                 MM
 (MM/DD(HH))            MM

DEGREE_DAYS
HEATING TOTAL    4963              4840     123     4797
 SINCE 7/1         MM              1669      MM       MM
COOLING TOTAL    1050              1004      46     1111
 SINCE 1/1       1050              1005      45     1111
..................................................

WIND (MPH)
AVERAGE WIND SPEED              11.3
RESULTANT WIND SPEED/DIRECTION   3/277
HIGHEST WIND SPEED/DIRECTION    44/350    DATE  11/02
HIGHEST GUST SPEED/DIRECTION    55/320    DATE  04/06

SKY COVER
POSSIBLE SUNSHINE (PERCENT)   MM
AVERAGE SKY COVER           0.60
NUMBER OF DAYS FAIR           40
NUMBER OF DAYS PC            187
NUMBER OF DAYS CLOUDY        138

AVERAGE RH (PERCENT)     63

WEATHER CONDITIONS. NUMBER OF DAYS WITH
THUNDERSTORM              0     MIXED PRECIP               2
HEAVY RAIN               34     RAIN                      62
LIGHT RAIN              150     FREEZING RAIN              2
LT FREEZING RAIN          5     HAIL                       0
HEAVY SNOW                1     SNOW                      15
LIGHT SNOW               34     SLEET                      5
FOG                     113     FOG W/VIS <= 1/4 MILE     21
HAZE                     22

-  INDICATES NEGATIVE NUMBERS.
R  INDICATES RECORD WAS SET OR TIED.
MM INDICATES DATA IS MISSING.
T  INDICATES TRACE AMOUNT.

$$
