000
CXUS53 KEAX 031453
CLASTJ

CLIMATE REPORT
NATIONAL WEATHER SERVICE KANSAS CITY/PLEASANT HILL MO
851 AM CST TUE JAN 3 2017

...................................

...THE ST. JOSEPH MO CLIMATE SUMMARY FOR THE YEAR OF 2016...

CLIMATE NORMAL PERIOD 1981 TO 2010
CLIMATE RECORD PERIOD 1892 TO 2017

WEATHER         OBSERVED          NORMAL  DEPART
                 VALUE   DATE(S)  VALUE   FROM
                                          NORMAL
................................................
TEMPERATURE (F)
RECORD
 HIGH             110   08/13/1936
                        08/10/1934
 LOW              -25   01/12/1974
HIGHEST           102   06/22        98       4
LOWEST            -11   12/18        -3      -8
AVG. MAXIMUM     67.5              64.3     3.2
AVG. MINIMUM     44.9              42.4     2.5
MEAN             56.2              53.4     2.8
DAYS MAX >= 90     45              38.9     6.1
DAYS MAX <= 32     23              30.3    -7.3
DAYS MIN <= 32    118             124.5    -6.5
DAYS MIN <= 0       4               8.7    -4.7

PRECIPITATION (INCHES)
RECORD
 MAXIMUM        55.60   1973
 MINIMUM        18.26   2002
TOTALS          40.98             35.60    5.38
DAILY AVG.       0.12              0.10    0.02
DAYS >= .01        85              91.6    -6.6
DAYS >= .10        54              54.5    -0.5
DAYS >= .50        22              23.0    -1.0
DAYS >= 1.00       12               9.2     2.8
GREATEST
 24 HR. TOTAL    5.99   MM

DEGREE_DAYS
HEATING TOTAL    4677              5458    -781
COOLING TOTAL    1547              1221     326
.................................................

WIND (MPH)
AVERAGE WIND SPEED              8.6
HIGHEST WIND SPEED/DIRECTION    47/310    DATE  04/26
HIGHEST GUST SPEED/DIRECTION    59/250    DATE  05/26

SKY COVER
POSSIBLE SUNSHINE (PERCENT)   MM
AVERAGE SKY COVER           0.30
NUMBER OF DAYS FAIR          233
NUMBER OF DAYS PC             81
NUMBER OF DAYS CLOUDY         52

AVERAGE RH (PERCENT)     69

WEATHER CONDITIONS. NUMBER OF DAYS WITH
THUNDERSTORM             62     MIXED PRECIP               0
HEAVY RAIN               37     RAIN                      51
LIGHT RAIN              108     FREEZING RAIN              0
LT FREEZING RAIN          1     HAIL                       0
HEAVY SNOW                1     SNOW                       2
LIGHT SNOW               15     SLEET                      0
FOG                     166     FOG W/VIS <= 1/4 MILE     30
HAZE                     44

-  INDICATES NEGATIVE NUMBERS.
R  INDICATES RECORD WAS SET OR TIED.
MM INDICATES DATA IS MISSING.
T  INDICATES TRACE AMOUNT.

$$
