000
CXUS55 KCYS 121748 CCA
CLATOR

CLIMATE REPORT
NATIONAL WEATHER SERVICE CHEYENNE WY
1029 AM MST THU JAN 12 2017

...................................

...THE TORRINGTON WY AIRPORT CLIMATE SUMMARY FOR THE YEAR OF 2016...

CLIMATE NORMAL PERIOD 1981 TO 2010
CLIMATE RECORD PERIOD 1998 TO 2017

WEATHER         OBSERVED          NORMAL  DEPART  LAST YEAR`S
                 VALUE   DATE(S)  VALUE   FROM    VALUE
                                          NORMAL
.............................................................
TEMPERATURE (F)
RECORD
 HIGH             107   07/16/2006
                        07/15/2006
 LOW              -30   02/18/2006
HIGHEST           103   07/20        MM      MM      102
                        07/10
                        07/09
LOWEST            -27   12/18        MM      MM      -14
AVG. MAXIMUM     66.2              63.4     2.8     64.7
AVG. MINIMUM     35.6              34.2     1.4     35.8
MEAN             50.9              48.8     2.1     50.3
DAYS MAX >= 90     53              43.4               45
DAYS MAX <= 32     17              23.5               33
DAYS MIN <= 32    164             168.8              157
DAYS MIN <= 0       8              10.7               14

PRECIPITATION (INCHES)
RECORD
 MAXIMUM        18.77   2014
 MINIMUM         7.18   2012
TOTALS          11.85             14.21   -2.36    18.11
DAYS >= .01        82                MM               81
DAYS >= .10        36                MM               39
DAYS >= .50         5                MM               13
DAYS >= 1.00        0                MM                3
GREATEST
 24 HR. TOTAL    1.24   04/25 TO 04/26

DEGREE_DAYS
HEATING TOTAL    5892              6587    -695     5976
 SINCE 7/1       2429              2756    -327     2429
COOLING TOTAL     821               677     144      721
 SINCE 1/1        821               678     143      721
..............................................................

WIND (MPH)
AVERAGE WIND SPEED              9.5
HIGHEST WIND SPEED/DIRECTION    63/220    DATE  06/24
HIGHEST GUST SPEED/DIRECTION    89/220    DATE  06/24

SKY COVER
POSSIBLE SUNSHINE (PERCENT)   MM
AVERAGE SKY COVER           0.20
NUMBER OF DAYS FAIR          264
NUMBER OF DAYS PC             81
NUMBER OF DAYS CLOUDY         19

AVERAGE RH (PERCENT)     56

WEATHER CONDITIONS. NUMBER OF DAYS WITH
THUNDERSTORM              0     MIXED PRECIP               0
HEAVY RAIN               13     RAIN                      27
LIGHT RAIN               96     FREEZING RAIN              1
LT FREEZING RAIN          1     HAIL                       0
HEAVY SNOW                2     SNOW                       7
LIGHT SNOW               37     SLEET                      0
FOG                      84     FOG W/VIS <= 1/4 MILE     12
HAZE                     22

-  INDICATES NEGATIVE NUMBERS.
R  INDICATES RECORD WAS SET OR TIED.
MM INDICATES DATA IS MISSING.
T  INDICATES TRACE AMOUNT.

$$
