000
CDUS41 KBTV 270535
CLI1V4


CLIMATE REPORT
NATIONAL WEATHER SERVICE BURLINGTON VT
1233 AM EST FRI FEB 27 2015


...................................

...THE ST. JOHNSBURY VT CLIMATE SUMMARY FOR FEBRUARY 26 2015...

CLIMATE NORMAL PERIOD 1981 TO 2010
CLIMATE RECORD PERIOD 1894 TO 2015


WEATHER ITEM   OBSERVED TIME   RECORD YEAR NORMAL DEPARTURE LAST
                VALUE   (LST)  VALUE       VALUE  FROM      YEAR
                                                  NORMAL
..................................................................
TEMPERATURE (F)
 YESTERDAY
  MAXIMUM         15    252 PM  60    1957  34    -19       22
  MINIMUM         -1    632 AM -23    1928  11    -12       -5
  AVERAGE          7                        23    -16        9

PRECIPITATION (IN)
  YESTERDAY        0.00          0.92 1918   0.08  -0.08     0.01
  MONTH TO DATE    1.73                      2.02  -0.29     3.14
  SINCE DEC 1      8.45                      7.61   0.84     8.52
  SINCE JAN 1      4.56                      4.53   0.03     5.08

DEGREE DAYS
 HEATING
  YESTERDAY       58                        42     16       56
  MONTH TO DATE 1516                      1191    325     1245
  SINCE DEC 1   4293                      3984    309     4117
  SINCE JUL 1   5945                      5640    305     5916

 COOLING
  YESTERDAY        0                         0      0        0
  MONTH TO DATE    0                         0      0        0
  SINCE DEC 1      0                         0      0        0
  SINCE JAN 1      0                         0      0        0
..................................................................


WIND (MPH)
  HIGHEST WIND SPEED    MM   HIGHEST WIND DIRECTION    MM
  HIGHEST GUST SPEED    MM   HIGHEST GUST DIRECTION    MM
  AVERAGE WIND SPEED    MM


SKY COVER
  AVERAGE SKY COVER 0.0


WEATHER CONDITIONS
 THE FOLLOWING WEATHER WAS RECORDED YESTERDAY.
  NO SIGNIFICANT WEATHER WAS OBSERVED.


RELATIVE HUMIDITY (PERCENT)
 HIGHEST    79           300 AM
 LOWEST     36           300 PM
 AVERAGE    58

..........................................................


THE ST. JOHNSBURY VT CLIMATE NORMALS FOR TODAY
                         NORMAL    RECORD    YEAR
 MAXIMUM TEMPERATURE (F)   35        56      2000
                                             1957
 MINIMUM TEMPERATURE (F)   11       -24      1963


SUNRISE AND SUNSET
FEBRUARY 27 2015......SUNRISE   629 AM EST   SUNSET   533 PM EST
FEBRUARY 28 2015......SUNRISE   628 AM EST   SUNSET   534 PM EST


-  INDICATES NEGATIVE NUMBERS.
R  INDICATES RECORD WAS SET OR TIED.
MM INDICATES DATA IS MISSING.
T  INDICATES TRACE AMOUNT.




$$
