000
CDUS41 KBTV 280553
CLI1V4


CLIMATE REPORT
NATIONAL WEATHER SERVICE BURLINGTON VT
146 AM EDT SAT MAR 28 2015


...................................

...THE ST. JOHNSBURY VT CLIMATE SUMMARY FOR MARCH 27 2015...

CLIMATE NORMAL PERIOD 1981 TO 2010
CLIMATE RECORD PERIOD 1894 TO 2015


WEATHER ITEM   OBSERVED TIME   RECORD YEAR NORMAL DEPARTURE LAST
                VALUE   (LST)  VALUE       VALUE  FROM      YEAR
                                                  NORMAL
..................................................................
TEMPERATURE (F)
 YESTERDAY
  MAXIMUM         40        MM  69    1993  46     -6       35
  MINIMUM         31        MM  -7    1923  25      6        4
  AVERAGE         36                        35      1       20

PRECIPITATION (IN)
  YESTERDAY        0.01          1.75 1913   0.08  -0.07     0.00
  MONTH TO DATE    1.31                      2.16  -0.85     2.05
  SINCE MAR 1      1.31                      2.16  -0.85     2.05
  SINCE JAN 1      5.87                      6.84  -0.97     7.18

DEGREE DAYS
 HEATING
  YESTERDAY       29                        30     -1       45
  MONTH TO DATE 1129                       962    167     1305
  SINCE MAR 1   1129                       962    167     1305
  SINCE JUL 1   7194                      6686    508     7337

 COOLING
  YESTERDAY        0                         0      0        0
  MONTH TO DATE    0                         0      0        0
  SINCE MAR 1      0                         0      0        0
  SINCE JAN 1      0                         0      0        0
..................................................................


WIND (MPH)
  HIGHEST WIND SPEED    MM   HIGHEST WIND DIRECTION    MM
  HIGHEST GUST SPEED    MM   HIGHEST GUST DIRECTION    MM
  AVERAGE WIND SPEED    MM


SKY COVER
  AVERAGE SKY COVER 0.0


WEATHER CONDITIONS
 THE FOLLOWING WEATHER WAS RECORDED YESTERDAY.
  NO SIGNIFICANT WEATHER WAS OBSERVED.


RELATIVE HUMIDITY (PERCENT)
 HIGHEST   100          1200 AM
 LOWEST     70          1100 AM
 AVERAGE    85

..........................................................


THE ST. JOHNSBURY VT CLIMATE NORMALS FOR TODAY
                         NORMAL    RECORD    YEAR
 MAXIMUM TEMPERATURE (F)   47        78      1945
 MINIMUM TEMPERATURE (F)   25         1      1956


SUNRISE AND SUNSET
MARCH 28 2015.........SUNRISE   637 AM EDT   SUNSET   710 PM EDT
MARCH 29 2015.........SUNRISE   635 AM EDT   SUNSET   711 PM EDT


-  INDICATES NEGATIVE NUMBERS.
R  INDICATES RECORD WAS SET OR TIED.
MM INDICATES DATA IS MISSING.
T  INDICATES TRACE AMOUNT.




$$
