000
CDUS41 KBTV 050535
CLI1V4


CLIMATE REPORT
NATIONAL WEATHER SERVICE BURLINGTON VT
134 AM EDT SUN JUL 5 2015


...................................

...THE ST. JOHNSBURY VT CLIMATE SUMMARY FOR JULY 4 2015...

CLIMATE NORMAL PERIOD 1981 TO 2010
CLIMATE RECORD PERIOD 1894 TO 2015


WEATHER ITEM   OBSERVED TIME   RECORD YEAR NORMAL DEPARTURE LAST
                VALUE   (LST)  VALUE       VALUE  FROM      YEAR
                                                  NORMAL
..................................................................
TEMPERATURE (F)
 YESTERDAY
  MAXIMUM         70        MM 100    1911  81    -11       69
  MINIMUM         50        MM  38    1962  58     -8       59
  AVERAGE         60                        70    -10       64

PRECIPITATION (IN)
  YESTERDAY        0.01          2.02 2012   0.12  -0.11     0.03
  MONTH TO DATE    0.62                      0.49   0.13     1.10
  SINCE JUN 1      8.32                      4.50   3.82     4.37
  SINCE JAN 1     19.69                     17.91   1.78    20.07

DEGREE DAYS
 HEATING
  YESTERDAY        5                         1      4        1
  MONTH TO DATE   11                         4      7        1
  SINCE JUN 1    120                        76     44       70
  SINCE JUL 1     11                         4      7        1

 COOLING
  YESTERDAY        0                         5     -5        0
  MONTH TO DATE    1                        20    -19       37
  SINCE JUN 1     34                       110    -76       84
  SINCE JAN 1     72                       128    -56       88
..................................................................


WIND (MPH)
  HIGHEST WIND SPEED    MM   HIGHEST WIND DIRECTION    MM
  HIGHEST GUST SPEED    MM   HIGHEST GUST DIRECTION    MM
  AVERAGE WIND SPEED    MM


SKY COVER
  AVERAGE SKY COVER 0.0


WEATHER CONDITIONS
 THE FOLLOWING WEATHER WAS RECORDED YESTERDAY.
  NO SIGNIFICANT WEATHER WAS OBSERVED.


RELATIVE HUMIDITY (PERCENT)
 HIGHEST    93          1000 PM
 LOWEST     51          1200 PM
 AVERAGE    72

..........................................................


THE ST. JOHNSBURY VT CLIMATE NORMALS FOR TODAY
                         NORMAL    RECORD    YEAR
 MAXIMUM TEMPERATURE (F)   81        99      1911
 MINIMUM TEMPERATURE (F)   58        38      1979


SUNRISE AND SUNSET
JULY  5 2015..........SUNRISE   510 AM EDT   SUNSET   835 PM EDT
JULY  6 2015..........SUNRISE   510 AM EDT   SUNSET   835 PM EDT


-  INDICATES NEGATIVE NUMBERS.
R  INDICATES RECORD WAS SET OR TIED.
MM INDICATES DATA IS MISSING.
T  INDICATES TRACE AMOUNT.




$$
