000
CDUS41 KBTV 010839
CLI1V4


CLIMATE REPORT
NATIONAL WEATHER SERVICE BURLINGTON VT
437 AM EDT SUN MAY 1 2016


...................................

...THE ST. JOHNSBURY VT CLIMATE SUMMARY FOR APRIL 30 2016...

CLIMATE NORMAL PERIOD 1981 TO 2010
CLIMATE RECORD PERIOD 1894 TO 2016


WEATHER ITEM   OBSERVED TIME   RECORD YEAR NORMAL DEPARTURE LAST
                VALUE   (LST)  VALUE       VALUE  FROM      YEAR
                                                  NORMAL
..................................................................
TEMPERATURE (F)
 YESTERDAY
  MAXIMUM         64        MM  86    1903  63      1       63
  MINIMUM         30        MM  24    1978  38     -8       43
  AVERAGE         47                        51     -4       53

PRECIPITATION (IN)
  YESTERDAY        0.00          0.96 1923   0.10  -0.10     0.00
  MONTH TO DATE    2.32                      2.86  -0.54     2.42
  SINCE MAR 1      4.80                      5.37  -0.57     3.79
  SINCE JAN 1      9.54                     10.05  -0.51     8.35

DEGREE DAYS
 HEATING
  YESTERDAY       18                        14      4       12
  MONTH TO DATE  737                       618    119      703
  SINCE MAR 1   1664                      1695    -31     1977
  SINCE JUL 1   6549                      7419   -870     8042

 COOLING
  YESTERDAY        0                         0      0        0
  MONTH TO DATE    0                         1     -1        0
  SINCE MAR 1      0                         1     -1        0
  SINCE JAN 1      0                         1     -1        0
..................................................................


WIND (MPH)
  HIGHEST WIND SPEED    MM   HIGHEST WIND DIRECTION    MM
  HIGHEST GUST SPEED    MM   HIGHEST GUST DIRECTION    MM
  AVERAGE WIND SPEED    MM


SKY COVER
  AVERAGE SKY COVER 0.0


WEATHER CONDITIONS
 THE FOLLOWING WEATHER WAS RECORDED YESTERDAY.
  NO SIGNIFICANT WEATHER WAS OBSERVED.


RELATIVE HUMIDITY (PERCENT)
 HIGHEST    78           400 AM
 LOWEST     17          1100 AM
 AVERAGE    48

..........................................................


THE ST. JOHNSBURY VT CLIMATE NORMALS FOR TODAY
                         NORMAL    RECORD    YEAR
 MAXIMUM TEMPERATURE (F)   64        86      1970
 MINIMUM TEMPERATURE (F)   38        23      1922


SUNRISE AND SUNSET
MAY  1 2016...........SUNRISE   538 AM EDT   SUNSET   753 PM EDT
MAY  2 2016...........SUNRISE   537 AM EDT   SUNSET   754 PM EDT


-  INDICATES NEGATIVE NUMBERS.
R  INDICATES RECORD WAS SET OR TIED.
MM INDICATES DATA IS MISSING.
T  INDICATES TRACE AMOUNT.




$$
