000
CDUS41 KBTV 190536
CLI1V4


CLIMATE REPORT
NATIONAL WEATHER SERVICE BURLINGTON VT
134 AM EDT SAT APR 19 2014


...................................

...THE ST. JOHNSBURY VT CLIMATE SUMMARY FOR APRIL 18 2014...

CLIMATE NORMAL PERIOD 1981 TO 2010
CLIMATE RECORD PERIOD 1894 TO 2014


WEATHER ITEM   OBSERVED TIME   RECORD YEAR NORMAL DEPARTURE LAST
                VALUE   (LST)  VALUE       VALUE  FROM      YEAR
                                                  NORMAL
..................................................................
TEMPERATURE (F)
 YESTERDAY
  MAXIMUM         50        MM  87    1976  58     -8       58
  MINIMUM         24        MM  18    1985  34    -10       28
  AVERAGE         37                        46     -9       43

PRECIPITATION (IN)
  YESTERDAY        0.00          0.88 1967   0.10  -0.10     0.03
  MONTH TO DATE    2.48                      1.68   0.80     1.65
  SINCE MAR 1      5.35                      4.19   1.16     3.57
  SINCE JAN 1     10.48                      8.87   1.61     6.95

DEGREE DAYS
 HEATING
  YESTERDAY       28                        19      9       22
  MONTH TO DATE  447                       418     29      477
  SINCE MAR 1   1868                      1494    374     1531
  SINCE JUL 1   7900                      7218    682     7009

 COOLING
  YESTERDAY        0                         0      0        0
  MONTH TO DATE    0                         0      0        0
  SINCE MAR 1      0                         0      0        0
  SINCE JAN 1      0                         0      0        0
..................................................................


WIND (MPH)
  HIGHEST WIND SPEED    MM   HIGHEST WIND DIRECTION    MM
  HIGHEST GUST SPEED    MM   HIGHEST GUST DIRECTION    MM
  AVERAGE WIND SPEED    MM


SKY COVER
  AVERAGE SKY COVER 0.0


WEATHER CONDITIONS
 THE FOLLOWING WEATHER WAS RECORDED YESTERDAY.
  NO SIGNIFICANT WEATHER WAS OBSERVED.


RELATIVE HUMIDITY (PERCENT)
 HIGHEST    81           500 AM
 LOWEST     21          1200 PM
 AVERAGE    51

..........................................................


THE ST. JOHNSBURY VT CLIMATE NORMALS FOR TODAY
                         NORMAL    RECORD    YEAR
 MAXIMUM TEMPERATURE (F)   58        90      1976
 MINIMUM TEMPERATURE (F)   34        18      1926


SUNRISE AND SUNSET
APRIL 19 2014.........SUNRISE   558 AM EDT   SUNSET   738 PM EDT
APRIL 20 2014.........SUNRISE   556 AM EDT   SUNSET   739 PM EDT


-  INDICATES NEGATIVE NUMBERS.
R  INDICATES RECORD WAS SET OR TIED.
MM INDICATES DATA IS MISSING.
T  INDICATES TRACE AMOUNT.




$$
