000
CDUS41 KBTV 050524
CLI1V4


CLIMATE REPORT
NATIONAL WEATHER SERVICE BURLINGTON VT
123 AM EDT SAT SEP 5 2015


...................................

...THE ST. JOHNSBURY VT CLIMATE SUMMARY FOR SEPTEMBER 4 2015...

CLIMATE NORMAL PERIOD 1981 TO 2010
CLIMATE RECORD PERIOD 1894 TO 2015


WEATHER ITEM   OBSERVED TIME   RECORD YEAR NORMAL DEPARTURE LAST
                VALUE   (LST)  VALUE       VALUE  FROM      YEAR
                                                  NORMAL
..................................................................
TEMPERATURE (F)
 YESTERDAY
  MAXIMUM         80        MM  91    1999  75      5       81
                                      1953
  MINIMUM         51        MM  34    1946  54     -3       51
  AVERAGE         66                        64      2       66

PRECIPITATION (IN)
  YESTERDAY        0.00          1.10 1907   0.11  -0.11     0.00
  MONTH TO DATE    0.01                      0.41  -0.40     0.53
  SINCE SEP 1      0.01                      0.41  -0.40     0.53
  SINCE JAN 1     28.50                     26.17   2.33    27.97

DEGREE DAYS
 HEATING
  YESTERDAY        0                         3     -3        0
  MONTH TO DATE    0                        11    -11        0
  SINCE SEP 1      0                        11    -11        0
  SINCE JUL 1     36                        61    -25       57

 COOLING
  YESTERDAY        1                         2     -1        1
  MONTH TO DATE   16                         9      7       18
  SINCE SEP 1     16                         9      7       18
  SINCE JAN 1    374                       407    -33      237
..................................................................


WIND (MPH)
  HIGHEST WIND SPEED    MM   HIGHEST WIND DIRECTION    MM
  HIGHEST GUST SPEED    MM   HIGHEST GUST DIRECTION    MM
  AVERAGE WIND SPEED    MM


SKY COVER
  AVERAGE SKY COVER 0.0


WEATHER CONDITIONS
 THE FOLLOWING WEATHER WAS RECORDED YESTERDAY.
  NO SIGNIFICANT WEATHER WAS OBSERVED.


RELATIVE HUMIDITY (PERCENT)
 HIGHEST    93           200 AM
 LOWEST     39           400 PM
 AVERAGE    66

..........................................................


THE ST. JOHNSBURY VT CLIMATE NORMALS FOR TODAY
                         NORMAL    RECORD    YEAR
 MAXIMUM TEMPERATURE (F)   75        90      1999
                                             1961
 MINIMUM TEMPERATURE (F)   53        33      1896


SUNRISE AND SUNSET
SEPTEMBER  5 2015.....SUNRISE   615 AM EDT   SUNSET   718 PM EDT
SEPTEMBER  6 2015.....SUNRISE   616 AM EDT   SUNSET   716 PM EDT


-  INDICATES NEGATIVE NUMBERS.
R  INDICATES RECORD WAS SET OR TIED.
MM INDICATES DATA IS MISSING.
T  INDICATES TRACE AMOUNT.




$$
