000
CDUS41 KBTV 240540
CLI1V4


CLIMATE REPORT
NATIONAL WEATHER SERVICE BURLINGTON VT
136 AM EDT MON APR 24 2017


...................................

...THE ST. JOHNSBURY VT CLIMATE SUMMARY FOR APRIL 23 2017...

CLIMATE NORMAL PERIOD 1981 TO 2010
CLIMATE RECORD PERIOD 1894 TO 2017


WEATHER ITEM   OBSERVED TIME   RECORD YEAR NORMAL DEPARTURE LAST
                VALUE   (LST)  VALUE       VALUE  FROM      YEAR
                                                  NORMAL
..................................................................
TEMPERATURE (F)
 YESTERDAY
  MAXIMUM         65        MM  83    2007  60      5       57
  MINIMUM         35        MM  18    1933  36     -1       31
  AVERAGE         50                        48      2       44

PRECIPITATION (IN)
  YESTERDAY        0.00          0.90 2005   0.10  -0.10     0.00
  MONTH TO DATE    2.69                      2.16   0.53     1.98
  SINCE MAR 1      6.14                      4.67   1.47     4.46
  SINCE JAN 1     11.88                      9.35   2.53     9.20

DEGREE DAYS
 HEATING
  YESTERDAY       15                        17     -2       21
  MONTH TO DATE  470                       509    -39      562
  SINCE MAR 1   1716                      1585    131     1489
  SINCE JUL 1   6729                      7309   -580     6374

 COOLING
  YESTERDAY        0                         0      0        0
  MONTH TO DATE    0                         0      0        0
  SINCE MAR 1      0                         0      0        0
  SINCE JAN 1      0                         0      0        0
..................................................................


WIND (MPH)
  HIGHEST WIND SPEED    MM   HIGHEST WIND DIRECTION    MM
  HIGHEST GUST SPEED    MM   HIGHEST GUST DIRECTION    MM
  AVERAGE WIND SPEED    MM


SKY COVER
  AVERAGE SKY COVER 0.0


WEATHER CONDITIONS
 THE FOLLOWING WEATHER WAS RECORDED YESTERDAY.
  NO SIGNIFICANT WEATHER WAS OBSERVED.


RELATIVE HUMIDITY (PERCENT)
 HIGHEST   100           300 AM
 LOWEST     26           400 PM
 AVERAGE    63

..........................................................


THE ST. JOHNSBURY VT CLIMATE NORMALS FOR TODAY
                         NORMAL    RECORD    YEAR
 MAXIMUM TEMPERATURE (F)   61        81      2001
                                             1942
 MINIMUM TEMPERATURE (F)   36        21      1930


SUNRISE AND SUNSET
APRIL 24 2017.........SUNRISE   549 AM EDT   SUNSET   744 PM EDT
APRIL 25 2017.........SUNRISE   547 AM EDT   SUNSET   745 PM EDT


-  INDICATES NEGATIVE NUMBERS.
R  INDICATES RECORD WAS SET OR TIED.
MM INDICATES DATA IS MISSING.
T  INDICATES TRACE AMOUNT.




$$
