000
CDUS41 KBTV 270521
CLI1V4


CLIMATE REPORT
NATIONAL WEATHER SERVICE BURLINGTON VT
119 AM EDT MON MAR 27 2017


...................................

...THE ST. JOHNSBURY VT CLIMATE SUMMARY FOR MARCH 26 2017...

CLIMATE NORMAL PERIOD 1981 TO 2010
CLIMATE RECORD PERIOD 1894 TO 2017


WEATHER ITEM   OBSERVED TIME   RECORD YEAR NORMAL DEPARTURE LAST
                VALUE   (LST)  VALUE       VALUE  FROM      YEAR
                                                  NORMAL
..................................................................
TEMPERATURE (F)
 YESTERDAY
  MAXIMUM         42    318 PM  72    1945  46     -4       51
  MINIMUM          8    628 AM -11    1960  24    -16       27
  AVERAGE         25                        35    -10       39

PRECIPITATION (IN)
  YESTERDAY        0.03          1.18 2002   0.09  -0.06     0.00
  MONTH TO DATE    2.52                      2.08   0.44     2.04
  SINCE MAR 1      2.52                      2.08   0.44     2.04
  SINCE JAN 1      8.26                      6.76   1.50     6.78

DEGREE DAYS
 HEATING
  YESTERDAY       40                        30     10       26
  MONTH TO DATE 1103                       932    171      808
  SINCE MAR 1   1103                       932    171      808
  SINCE JUL 1   6116                      6656   -540     5693

 COOLING
  YESTERDAY        0                         0      0        0
  MONTH TO DATE    0                         0      0        0
  SINCE MAR 1      0                         0      0        0
  SINCE JAN 1      0                         0      0        0
..................................................................


WIND (MPH)
  HIGHEST WIND SPEED    MM   HIGHEST WIND DIRECTION    MM
  HIGHEST GUST SPEED    MM   HIGHEST GUST DIRECTION    MM
  AVERAGE WIND SPEED    MM


SKY COVER
  AVERAGE SKY COVER 0.0


WEATHER CONDITIONS
 THE FOLLOWING WEATHER WAS RECORDED YESTERDAY.
  NO SIGNIFICANT WEATHER WAS OBSERVED.


RELATIVE HUMIDITY (PERCENT)
 HIGHEST    92           100 AM
 LOWEST     27           300 PM
 AVERAGE    60

..........................................................


THE ST. JOHNSBURY VT CLIMATE NORMALS FOR TODAY
                         NORMAL    RECORD    YEAR
 MAXIMUM TEMPERATURE (F)   46        69      1993
 MINIMUM TEMPERATURE (F)   25        -7      1923


SUNRISE AND SUNSET
MARCH 27 2017.........SUNRISE   638 AM EDT   SUNSET   710 PM EDT
MARCH 28 2017.........SUNRISE   636 AM EDT   SUNSET   711 PM EDT


-  INDICATES NEGATIVE NUMBERS.
R  INDICATES RECORD WAS SET OR TIED.
MM INDICATES DATA IS MISSING.
T  INDICATES TRACE AMOUNT.




$$
