000
CDUS41 KBTV 210550
CLI1V4


CLIMATE REPORT
NATIONAL WEATHER SERVICE BURLINGTON VT
1246 AM EST SAT JAN 21 2017


...................................

...THE ST. JOHNSBURY VT CLIMATE SUMMARY FOR JANUARY 20 2017...

CLIMATE NORMAL PERIOD 1981 TO 2010
CLIMATE RECORD PERIOD 1894 TO 2017


WEATHER ITEM   OBSERVED TIME   RECORD YEAR NORMAL DEPARTURE LAST
                VALUE   (LST)  VALUE       VALUE  FROM      YEAR
                                                  NORMAL
..................................................................
TEMPERATURE (F)
 YESTERDAY
  MAXIMUM         36        MM  58    1996  27      9       22
  MINIMUM         32        MM -32    1994   6     26        7
  AVERAGE         34                        16     18       15

PRECIPITATION (IN)
  YESTERDAY        0.00          1.50 1996   0.09  -0.09     0.00
  MONTH TO DATE    0.94                      1.61  -0.67     1.18
  SINCE DEC 1      4.51                      4.69  -0.18     6.08
  SINCE JAN 1      0.94                      1.61  -0.67     1.18

DEGREE DAYS
 HEATING
  YESTERDAY       31                        49    -18       50
  MONTH TO DATE  837                       963   -126      879
  SINCE DEC 1   2098                      2260   -162     1792
  SINCE JUL 1   3558                      3916   -358     3269

 COOLING
  YESTERDAY        0                         0      0        0
  MONTH TO DATE    0                         0      0        0
  SINCE DEC 1      0                         0      0        0
  SINCE JAN 1      0                         0      0        0
..................................................................


WIND (MPH)
  HIGHEST WIND SPEED    MM   HIGHEST WIND DIRECTION    MM
  HIGHEST GUST SPEED    MM   HIGHEST GUST DIRECTION    MM
  AVERAGE WIND SPEED    MM


SKY COVER
  AVERAGE SKY COVER 0.0


WEATHER CONDITIONS
 THE FOLLOWING WEATHER WAS RECORDED YESTERDAY.
  NO SIGNIFICANT WEATHER WAS OBSERVED.


RELATIVE HUMIDITY (PERCENT)
 HIGHEST   100           300 AM
 LOWEST     70           100 PM
 AVERAGE    85

..........................................................


THE ST. JOHNSBURY VT CLIMATE NORMALS FOR TODAY
                         NORMAL    RECORD    YEAR
 MAXIMUM TEMPERATURE (F)   27        53      2006
 MINIMUM TEMPERATURE (F)    6       -22      1936


SUNRISE AND SUNSET
JANUARY 21 2017.......SUNRISE   717 AM EST   SUNSET   443 PM EST
JANUARY 22 2017.......SUNRISE   716 AM EST   SUNSET   444 PM EST


-  INDICATES NEGATIVE NUMBERS.
R  INDICATES RECORD WAS SET OR TIED.
MM INDICATES DATA IS MISSING.
T  INDICATES TRACE AMOUNT.




$$
