168
CDUS41 KBTV 100543
CLI1V4


CLIMATE REPORT
NATIONAL WEATHER SERVICE BURLINGTON VT
1241 AM EST SAT DEC 10 2016


...................................

...THE ST. JOHNSBURY VT CLIMATE SUMMARY FOR DECEMBER 9 2016...

CLIMATE NORMAL PERIOD 1981 TO 2010
CLIMATE RECORD PERIOD 1894 TO 2016


WEATHER ITEM   OBSERVED TIME   RECORD YEAR NORMAL DEPARTURE LAST
                VALUE   (LST)  VALUE       VALUE  FROM      YEAR
                                                  NORMAL
..................................................................
TEMPERATURE (F)
 YESTERDAY
  MAXIMUM         29        MM  59    1951  34     -5       42
  MINIMUM         18        MM -20    1989  18      0       32
                                      1902
  AVERAGE         24                        26     -2       37

PRECIPITATION (IN)
  YESTERDAY        0.04          0.69 2014   0.11  -0.07     0.00
  MONTH TO DATE    0.96                      0.97  -0.01     1.31
  SINCE DEC 1      0.96                      0.97  -0.01     1.31
  SINCE JAN 1     37.06                     37.39  -0.33    38.74

DEGREE DAYS
 HEATING
  YESTERDAY       41                        39      2       28
  MONTH TO DATE  294                       338    -44      280
  SINCE DEC 1    294                       338    -44      280
  SINCE JUL 1   1754                      1994   -240     1757

 COOLING
  YESTERDAY        0                         0      0        0
  MONTH TO DATE    0                         0      0        0
  SINCE DEC 1      0                         0      0        0
  SINCE JAN 1    457                       433     24      440
..................................................................


WIND (MPH)
  HIGHEST WIND SPEED    MM   HIGHEST WIND DIRECTION    MM
  HIGHEST GUST SPEED    MM   HIGHEST GUST DIRECTION    MM
  AVERAGE WIND SPEED    MM


SKY COVER
  AVERAGE SKY COVER 0.0


WEATHER CONDITIONS
 THE FOLLOWING WEATHER WAS RECORDED YESTERDAY.
  NO SIGNIFICANT WEATHER WAS OBSERVED.


RELATIVE HUMIDITY (PERCENT)
 HIGHEST    85           200 AM
 LOWEST     52           900 PM
 AVERAGE    69

..........................................................


THE ST. JOHNSBURY VT CLIMATE NORMALS FOR TODAY
                         NORMAL    RECORD    YEAR
 MAXIMUM TEMPERATURE (F)   33        52      1946
 MINIMUM TEMPERATURE (F)   17       -22      1902


SUNRISE AND SUNSET
DECEMBER 10 2016......SUNRISE   714 AM EST   SUNSET   408 PM EST
DECEMBER 11 2016......SUNRISE   714 AM EST   SUNSET   409 PM EST


-  INDICATES NEGATIVE NUMBERS.
R  INDICATES RECORD WAS SET OR TIED.
MM INDICATES DATA IS MISSING.
T  INDICATES TRACE AMOUNT.




$$
