000
CDUS41 KBTV 230539
CLI1V4


CLIMATE REPORT
NATIONAL WEATHER SERVICE BURLINGTON VT
137 AM EDT TUE AUG 23 2016


...................................

...THE ST. JOHNSBURY VT CLIMATE SUMMARY FOR AUGUST 22 2016...

CLIMATE NORMAL PERIOD 1981 TO 2010
CLIMATE RECORD PERIOD 1894 TO 2016


WEATHER ITEM   OBSERVED TIME   RECORD YEAR NORMAL DEPARTURE LAST
                VALUE   (LST)  VALUE       VALUE  FROM      YEAR
                                                  NORMAL
..................................................................
TEMPERATURE (F)
 YESTERDAY
  MAXIMUM         67        MM 100    2006  78    -11       82
  MINIMUM         52        MM  36    1895  56     -4       58
  AVERAGE         60                        67     -7       70

PRECIPITATION (IN)
  YESTERDAY        0.56          1.52 1960   0.12   0.44     0.00
  MONTH TO DATE    5.31                      3.26   2.05     2.14
  SINCE JUN 1     15.13                     11.39   3.74    15.52
  SINCE JAN 1     27.71                     24.80   2.91    26.89

DEGREE DAYS
 HEATING
  YESTERDAY        5                         1      4        0
  MONTH TO DATE    8                        21    -13        5
  SINCE JUN 1    115                       108      7      143
  SINCE JUL 1     24                        36    -12       34

 COOLING
  YESTERDAY        0                         3     -3        5
  MONTH TO DATE  116                        95     21      111
  SINCE JUN 1    335                       354    -19      285
  SINCE JAN 1    378                       372      6      323
..................................................................


WIND (MPH)
  HIGHEST WIND SPEED    MM   HIGHEST WIND DIRECTION    MM
  HIGHEST GUST SPEED    MM   HIGHEST GUST DIRECTION    MM
  AVERAGE WIND SPEED    MM


SKY COVER
  AVERAGE SKY COVER 0.0


WEATHER CONDITIONS
 THE FOLLOWING WEATHER WAS RECORDED YESTERDAY.
  NO SIGNIFICANT WEATHER WAS OBSERVED.


RELATIVE HUMIDITY (PERCENT)
 HIGHEST    93          1200 AM
 LOWEST     52           400 PM
 AVERAGE    73

..........................................................


THE ST. JOHNSBURY VT CLIMATE NORMALS FOR TODAY
                         NORMAL    RECORD    YEAR
 MAXIMUM TEMPERATURE (F)   78        91      1918
 MINIMUM TEMPERATURE (F)   56        38      1957


SUNRISE AND SUNSET
AUGUST 23 2016........SUNRISE   601 AM EDT   SUNSET   739 PM EDT
AUGUST 24 2016........SUNRISE   602 AM EDT   SUNSET   738 PM EDT


-  INDICATES NEGATIVE NUMBERS.
R  INDICATES RECORD WAS SET OR TIED.
MM INDICATES DATA IS MISSING.
T  INDICATES TRACE AMOUNT.




$$
