000
CDUS43 KUNR 250837
CLI2WX


CLIMATE REPORT
NATIONAL WEATHER SERVICE RAPID CITY SD
234 AM MDT SAT MAR 25 2017


...................................

...THE BUFFALO SD CLIMATE SUMMARY FOR MARCH 24 2017...

CLIMATE NORMAL PERIOD 1981 TO 2010
CLIMATE RECORD PERIOD 9999 TO 9999


WEATHER ITEM   OBSERVED TIME   NORMAL DEPARTURE LAST
                VALUE   (LST)  VALUE  FROM      YEAR
                                      NORMAL
......................................................
TEMPERATURE (F)
 YESTERDAY
  MAXIMUM         62    253 PM  46     16       58
  MINIMUM         35    354 AM  24     11       21
  AVERAGE         49            35     14       40

PRECIPITATION (IN)
  YESTERDAY        0.00          0.03  -0.03     0.00
  MONTH TO DATE    0.82          0.59   0.23     0.02
  SINCE MAR 1      0.82          0.59   0.23     0.02
  SINCE JAN 1      1.12          1.16  -0.04     0.68

DEGREE DAYS
 HEATING
  YESTERDAY       16            30    -14       25
  MONTH TO DATE  727           809    -82      560
  SINCE MAR 1    727           809    -82      560
  SINCE JUL 1   6078          6606   -528     5338

 COOLING
  YESTERDAY        0             0      0        0
  MONTH TO DATE    0             0      0        0
  SINCE MAR 1      0             0      0        0
  SINCE JAN 1      0             0      0        0
......................................................


WIND (MPH)
  HIGHEST WIND SPEED    26   HIGHEST WIND DIRECTION    SE (150)
  HIGHEST GUST SPEED    33   HIGHEST GUST DIRECTION    SE (150)
  AVERAGE WIND SPEED    10.9




RELATIVE HUMIDITY (PERCENT)
 HIGHEST    92          1200 AM
 LOWEST     35           300 PM
 AVERAGE    64

..........................................................




SUNRISE AND SUNSET
MARCH 25 2017.........SUNRISE   647 AM MDT   SUNSET   714 PM MDT
MARCH 26 2017.........SUNRISE   645 AM MDT   SUNSET   715 PM MDT


-  INDICATES NEGATIVE NUMBERS.
R  INDICATES RECORD WAS SET OR TIED.
MM INDICATES DATA IS MISSING.
T  INDICATES TRACE AMOUNT.




$$
