000
CDUS43 KUNR 230833
CLI2WX


CLIMATE REPORT
NATIONAL WEATHER SERVICE RAPID CITY SD
232 AM MDT TUE AUG 23 2016


...................................

...THE BUFFALO SD CLIMATE SUMMARY FOR AUGUST 22 2016...

CLIMATE NORMAL PERIOD 1981 TO 2010
CLIMATE RECORD PERIOD 9999 TO 9999


WEATHER ITEM   OBSERVED TIME   NORMAL DEPARTURE LAST
                VALUE   (LST)  VALUE  FROM      YEAR
                                      NORMAL
......................................................
TEMPERATURE (F)
 YESTERDAY
  MAXIMUM         96    201 PM  84     12       73
  MINIMUM         57    523 AM  55      2       43
  AVERAGE         77            69      8       58

PRECIPITATION (IN)
  YESTERDAY        0.00          0.03  -0.03     0.00
  MONTH TO DATE    0.86          1.05  -0.19     3.08
  SINCE JUN 1      3.71          5.74  -2.03     6.02
  SINCE JAN 1      7.47         11.78  -4.31    10.58

DEGREE DAYS
 HEATING
  YESTERDAY        0             1     -1        7
  MONTH TO DATE   15            17     -2       27
  SINCE JUN 1     24           151   -127       76
  SINCE JUL 1     15            37    -22       33

 COOLING
  YESTERDAY       12             5      7        0
  MONTH TO DATE  171           157     14      155
  SINCE JUN 1    653           426    227      480
  SINCE JAN 1    655           432    223      480
......................................................


WIND (MPH)
  HIGHEST WIND SPEED    18   HIGHEST WIND DIRECTION     W (280)
  HIGHEST GUST SPEED    23   HIGHEST GUST DIRECTION     W (290)
  AVERAGE WIND SPEED     6.3




RELATIVE HUMIDITY (PERCENT)
 HIGHEST    67           600 AM
 LOWEST     17          1200 PM
 AVERAGE    42

..........................................................




SUNRISE AND SUNSET
AUGUST 23 2016........SUNRISE   605 AM MDT   SUNSET   747 PM MDT
AUGUST 24 2016........SUNRISE   606 AM MDT   SUNSET   746 PM MDT


-  INDICATES NEGATIVE NUMBERS.
R  INDICATES RECORD WAS SET OR TIED.
MM INDICATES DATA IS MISSING.
T  INDICATES TRACE AMOUNT.




$$
