000
CDUS43 KUNR 010831
CLI2WX


CLIMATE REPORT
NATIONAL WEATHER SERVICE RAPID CITY SD
231 AM MDT WED JUN 1 2016


...................................

...THE BUFFALO SD CLIMATE SUMMARY FOR MAY 31 2016...

CLIMATE NORMAL PERIOD 1981 TO 2010
CLIMATE RECORD PERIOD 9999 TO 9999


WEATHER ITEM   OBSERVED TIME   NORMAL DEPARTURE LAST
                VALUE   (LST)  VALUE  FROM      YEAR
                                      NORMAL
......................................................
TEMPERATURE (F)
 YESTERDAY
  MAXIMUM         59    524 PM  70    -11       73
  MINIMUM         45    551 AM  47     -2       45
  AVERAGE         52            58     -6       59

PRECIPITATION (IN)
  YESTERDAY        0.11          0.16  -0.05     0.03
  MONTH TO DATE    0.70          3.15  -2.45     2.84
  SINCE MAR 1      3.10          5.47  -2.37     4.09
  SINCE JAN 1      3.76          6.04  -2.28     4.56

DEGREE DAYS
 HEATING
  YESTERDAY       13             7      6        6
  MONTH TO DATE  299           362    -63      413
  SINCE MAR 1   1598          2017   -419     1716
  SINCE JUL 1   6376          7814  -1438     7174

 COOLING
  YESTERDAY        0             1     -1        0
  MONTH TO DATE    2             6     -4        0
  SINCE MAR 1      2             6     -4        0
  SINCE JAN 1      2             6     -4        0
......................................................


WIND (MPH)
  HIGHEST WIND SPEED    46   HIGHEST WIND DIRECTION     W (280)
  HIGHEST GUST SPEED    55   HIGHEST GUST DIRECTION     W (280)
  AVERAGE WIND SPEED    26.4




RELATIVE HUMIDITY (PERCENT)
 HIGHEST    89          1100 AM
 LOWEST     61           200 AM
 AVERAGE    75

..........................................................




SUNRISE AND SUNSET
JUNE  1 2016..........SUNRISE   508 AM MDT   SUNSET   836 PM MDT
JUNE  2 2016..........SUNRISE   508 AM MDT   SUNSET   837 PM MDT


-  INDICATES NEGATIVE NUMBERS.
R  INDICATES RECORD WAS SET OR TIED.
MM INDICATES DATA IS MISSING.
T  INDICATES TRACE AMOUNT.




$$
