199
CDUS43 KUNR 230837
CLI2WX


CLIMATE REPORT
NATIONAL WEATHER SERVICE RAPID CITY SD
237 AM MDT WED AUG 23 2017


...................................

...THE BUFFALO SD CLIMATE SUMMARY FOR AUGUST 22 2017...

CLIMATE NORMAL PERIOD 1981 TO 2010
CLIMATE RECORD PERIOD 9999 TO 9999


WEATHER ITEM   OBSERVED TIME   NORMAL DEPARTURE LAST
                VALUE   (LST)  VALUE  FROM      YEAR
                                      NORMAL
......................................................
TEMPERATURE (F)
 YESTERDAY
  MAXIMUM         85    346 PM  84      1       96
  MINIMUM         48    155 AM  55     -7       57
  AVERAGE         67            69     -2       77

PRECIPITATION (IN)
  YESTERDAY        0.00          0.03  -0.03     0.00
  MONTH TO DATE    0.38          1.05  -0.67     0.86
  SINCE JUN 1      4.81          5.74  -0.93     3.71
  SINCE JAN 1     11.48         11.78  -0.30     7.47

DEGREE DAYS
 HEATING
  YESTERDAY        0             1     -1        0
  MONTH TO DATE   11            17     -6       15
  SINCE JUN 1     44           151   -107       24
  SINCE JUL 1     11            37    -26       15

 COOLING
  YESTERDAY        2             5     -3       12
  MONTH TO DATE   60           157    -97      171
  SINCE JUN 1    562           426    136      653
  SINCE JAN 1    575           432    143      655
......................................................


WIND (MPH)
  HIGHEST WIND SPEED    17   HIGHEST WIND DIRECTION     E (80)
  HIGHEST GUST SPEED    21   HIGHEST GUST DIRECTION     E (70)
  AVERAGE WIND SPEED     6.9




RELATIVE HUMIDITY (PERCENT)
 HIGHEST    71           200 AM
 LOWEST     20           200 PM
 AVERAGE    46

..........................................................




SUNRISE AND SUNSET
AUGUST 23 2017........SUNRISE   605 AM MDT   SUNSET   748 PM MDT
AUGUST 24 2017........SUNRISE   606 AM MDT   SUNSET   746 PM MDT


-  INDICATES NEGATIVE NUMBERS.
R  INDICATES RECORD WAS SET OR TIED.
MM INDICATES DATA IS MISSING.
T  INDICATES TRACE AMOUNT.




$$
