000
CDUS43 KUNR 240836
CLI2WX


CLIMATE REPORT
NATIONAL WEATHER SERVICE RAPID CITY SD
135 AM MST FRI FEB 24 2017


...................................

...THE BUFFALO SD CLIMATE SUMMARY FOR FEBRUARY 23 2017...

CLIMATE NORMAL PERIOD 1981 TO 2010
CLIMATE RECORD PERIOD 9999 TO 9999


WEATHER ITEM   OBSERVED TIME   NORMAL DEPARTURE LAST
                VALUE   (LST)  VALUE  FROM      YEAR
                                      NORMAL
......................................................
TEMPERATURE (F)
 YESTERDAY
  MAXIMUM         31    234 PM  36     -5       48
  MINIMUM         21   1159 PM  15      6       20
  AVERAGE         26            26      0       34

PRECIPITATION (IN)
  YESTERDAY        0.00          0.01  -0.01     0.00
  MONTH TO DATE    0.04          0.23  -0.19     0.27
  SINCE DEC 1      1.24          0.81   0.43     0.90
  SINCE JAN 1      0.07          0.52  -0.45     0.44

DEGREE DAYS
 HEATING
  YESTERDAY       39            39      0       31
  MONTH TO DATE  789           966   -177      706
  SINCE DEC 1   3863          3707    156     3154
  SINCE JUL 1   5153          5605   -452     4616

 COOLING
  YESTERDAY        0             0      0        0
  MONTH TO DATE    0             0      0        0
  SINCE DEC 1      0             0      0        0
  SINCE JAN 1      0             0      0        0
......................................................


WIND (MPH)
  HIGHEST WIND SPEED    23   HIGHEST WIND DIRECTION    NE (40)
  HIGHEST GUST SPEED    27   HIGHEST GUST DIRECTION    NE (40)
  AVERAGE WIND SPEED    14.5




RELATIVE HUMIDITY (PERCENT)
 HIGHEST    96          1100 PM
 LOWEST     69          1200 PM
 AVERAGE    83

..........................................................




SUNRISE AND SUNSET
FEBRUARY 24 2017......SUNRISE   641 AM MST   SUNSET   534 PM MST
FEBRUARY 25 2017......SUNRISE   639 AM MST   SUNSET   536 PM MST


-  INDICATES NEGATIVE NUMBERS.
R  INDICATES RECORD WAS SET OR TIED.
MM INDICATES DATA IS MISSING.
T  INDICATES TRACE AMOUNT.




$$
