000
CDUS43 KUNR 040836
CLI2WX


CLIMATE REPORT
NATIONAL WEATHER SERVICE RAPID CITY SD
234 AM MDT FRI SEP 4 2015


...................................

...THE BUFFALO SD CLIMATE SUMMARY FOR SEPTEMBER 3 2015...

CLIMATE NORMAL PERIOD 1981 TO 2010
CLIMATE RECORD PERIOD 9999 TO 9999


WEATHER ITEM   OBSERVED TIME   NORMAL DEPARTURE LAST
                VALUE   (LST)  VALUE  FROM      YEAR
                                      NORMAL
......................................................
TEMPERATURE (F)
 YESTERDAY
  MAXIMUM         87   1223 PM  80      7       89
  MINIMUM         61    501 AM  50     11       48
  AVERAGE         74            65      9       69

PRECIPITATION (IN)
  YESTERDAY        0.00          0.04  -0.04     0.00
  MONTH TO DATE    0.00          0.13  -0.13     0.10
  SINCE SEP 1      0.00          0.13  -0.13     0.10
  SINCE JAN 1     10.72         12.27  -1.55    14.47

DEGREE DAYS
 HEATING
  YESTERDAY        0             4     -4        0
  MONTH TO DATE    0            10    -10        6
  SINCE SEP 1      0            10    -10        6
  SINCE JUL 1     47            62    -15       57

 COOLING
  YESTERDAY        9             3      6        4
  MONTH TO DATE   29            10     19        4
  SINCE SEP 1     29            10     19        4
  SINCE JAN 1    567           481     86      369
......................................................


WIND (MPH)
  HIGHEST WIND SPEED    23   HIGHEST WIND DIRECTION     W (250)
  HIGHEST GUST SPEED    31   HIGHEST GUST DIRECTION    NW (310)
  AVERAGE WIND SPEED     8.8




RELATIVE HUMIDITY (PERCENT)
 HIGHEST    72           500 AM
 LOWEST     25          1100 AM
 AVERAGE    49

..........................................................




SUNRISE AND SUNSET
SEPTEMBER  4 2015.....SUNRISE   619 AM MDT   SUNSET   727 PM MDT
SEPTEMBER  5 2015.....SUNRISE   620 AM MDT   SUNSET   725 PM MDT


-  INDICATES NEGATIVE NUMBERS.
R  INDICATES RECORD WAS SET OR TIED.
MM INDICATES DATA IS MISSING.
T  INDICATES TRACE AMOUNT.




$$
