000
CDUS43 KUNR 030831
CLI2WX


CLIMATE REPORT
NATIONAL WEATHER SERVICE RAPID CITY SD
130 AM MST SAT DEC 3 2016


...................................

...THE BUFFALO SD CLIMATE SUMMARY FOR DECEMBER 2 2016...

CLIMATE NORMAL PERIOD 1981 TO 2010
CLIMATE RECORD PERIOD 9999 TO 9999


WEATHER ITEM   OBSERVED TIME   NORMAL DEPARTURE LAST
                VALUE   (LST)  VALUE  FROM      YEAR
                                      NORMAL
......................................................
TEMPERATURE (F)
 YESTERDAY
  MAXIMUM         37    300 PM  34      3       46
  MINIMUM         22   1159 PM  14      8       20
  AVERAGE         30            24      6       33

PRECIPITATION (IN)
  YESTERDAY        0.00          0.00   0.00     0.00
  MONTH TO DATE    0.00          0.01  -0.01     0.05
  SINCE DEC 1      0.00          0.01  -0.01     0.05
  SINCE JAN 1      9.98         14.24  -4.26    13.81

DEGREE DAYS
 HEATING
  YESTERDAY       35            41     -6       32
  MONTH TO DATE   73            82     -9       70
  SINCE DEC 1     73            82     -9       70
  SINCE JUL 1   1363          1980   -617     1532

 COOLING
  YESTERDAY        0             0      0        0
  MONTH TO DATE    0             0      0        0
  SINCE DEC 1      0             0      0        0
  SINCE JAN 1    734           513    221      631
......................................................


WIND (MPH)
  HIGHEST WIND SPEED    16   HIGHEST WIND DIRECTION     W (280)
  HIGHEST GUST SPEED    19   HIGHEST GUST DIRECTION     W (280)
  AVERAGE WIND SPEED     7.3




RELATIVE HUMIDITY (PERCENT)
 HIGHEST   100           500 AM
 LOWEST     70           100 PM
 AVERAGE    85

..........................................................




SUNRISE AND SUNSET
DECEMBER  3 2016......SUNRISE   717 AM MST   SUNSET   411 PM MST
DECEMBER  4 2016......SUNRISE   718 AM MST   SUNSET   411 PM MST


-  INDICATES NEGATIVE NUMBERS.
R  INDICATES RECORD WAS SET OR TIED.
MM INDICATES DATA IS MISSING.
T  INDICATES TRACE AMOUNT.




$$
