000
CDUS43 KUNR 010832
CLI2WX


CLIMATE REPORT
NATIONAL WEATHER SERVICE RAPID CITY SD
231 AM MDT SAT OCT 1 2016


...................................

...THE BUFFALO SD CLIMATE SUMMARY FOR SEPTEMBER 30 2016...

CLIMATE NORMAL PERIOD 1981 TO 2010
CLIMATE RECORD PERIOD 9999 TO 9999


WEATHER ITEM   OBSERVED TIME   NORMAL DEPARTURE LAST
                VALUE   (LST)  VALUE  FROM      YEAR
                                      NORMAL
......................................................
TEMPERATURE (F)
 YESTERDAY
  MAXIMUM         77    136 PM  65     12       82
  MINIMUM         56   1049 PM  38     18       47
  AVERAGE         67            51     16       65

PRECIPITATION (IN)
  YESTERDAY        0.00          0.01  -0.01     0.00
  MONTH TO DATE    1.02          1.08  -0.06     0.78
  SINCE SEP 1      1.02          1.08  -0.06     0.78
  SINCE JAN 1      8.70         13.22  -4.52    11.50

DEGREE DAYS
 HEATING
  YESTERDAY        0            14    -14        0
  MONTH TO DATE  136           238   -102       62
  SINCE SEP 1    136           239   -103       62
  SINCE JUL 1    166           291   -125      109

 COOLING
  YESTERDAY        2             0      2        0
  MONTH TO DATE   39            41     -2       86
  SINCE SEP 1     39            41     -2       86
  SINCE JAN 1    731           512    219      624
......................................................


WIND (MPH)
  HIGHEST WIND SPEED    22   HIGHEST WIND DIRECTION    SE (140)
  HIGHEST GUST SPEED    27   HIGHEST GUST DIRECTION    SE (130)
  AVERAGE WIND SPEED    11.1




RELATIVE HUMIDITY (PERCENT)
 HIGHEST    67          1000 PM
 LOWEST     33           100 PM
 AVERAGE    50

..........................................................




SUNRISE AND SUNSET
OCTOBER  1 2016.......SUNRISE   653 AM MDT   SUNSET   633 PM MDT
OCTOBER  2 2016.......SUNRISE   654 AM MDT   SUNSET   631 PM MDT


-  INDICATES NEGATIVE NUMBERS.
R  INDICATES RECORD WAS SET OR TIED.
MM INDICATES DATA IS MISSING.
T  INDICATES TRACE AMOUNT.




$$
