000
CDUS43 KUNR 310831
CLI2WX


CLIMATE REPORT
NATIONAL WEATHER SERVICE RAPID CITY SD
131 AM MST SAT JAN 31 2015


...................................

...THE BUFFALO SD CLIMATE SUMMARY FOR JANUARY 30 2015...

CLIMATE NORMAL PERIOD 1981 TO 2010
CLIMATE RECORD PERIOD 9999 TO 9999


WEATHER ITEM   OBSERVED TIME   NORMAL DEPARTURE LAST
                VALUE   (LST)  VALUE  FROM      YEAR
                                      NORMAL
......................................................
TEMPERATURE (F)
 YESTERDAY
  MAXIMUM         51    156 PM  31     20       18
  MINIMUM         19    743 AM  11      8       -1
  AVERAGE         35            21     14        9

PRECIPITATION (IN)
  YESTERDAY        0.00          0.00   0.00     0.00
  MONTH TO DATE    0.27          0.28  -0.01     0.19
  SINCE DEC 1      0.43          0.57  -0.14     1.35
  SINCE JAN 1      0.27          0.28  -0.01     0.19

DEGREE DAYS
 HEATING
  YESTERDAY       30            44    -14       56
  MONTH TO DATE 1165          1337   -172     1267
  SINCE DEC 1   2350          2699   -349     2813
  SINCE JUL 1   4271          4597   -326     4603

 COOLING
  YESTERDAY        0             0      0        0
  MONTH TO DATE    0             0      0        0
  SINCE DEC 1      0             0      0        0
  SINCE JAN 1      0             0      0        0
......................................................


WIND (MPH)
  HIGHEST WIND SPEED    17   HIGHEST WIND DIRECTION     N (340)
  HIGHEST GUST SPEED    21   HIGHEST GUST DIRECTION    NW (320)
  AVERAGE WIND SPEED     7.6




RELATIVE HUMIDITY (PERCENT)
 HIGHEST    78          1000 PM
 LOWEST     30           200 PM
 AVERAGE    54

..........................................................




SUNRISE AND SUNSET
JANUARY 31 2015.......SUNRISE   717 AM MST   SUNSET   459 PM MST
FEBRUARY  1 2015......SUNRISE   716 AM MST   SUNSET   500 PM MST


-  INDICATES NEGATIVE NUMBERS.
R  INDICATES RECORD WAS SET OR TIED.
MM INDICATES DATA IS MISSING.
T  INDICATES TRACE AMOUNT.




$$
