000
CDUS43 KUNR 131207
CLI2WX


CLIMATE REPORT
NATIONAL WEATHER SERVICE RAPID CITY SD
506 AM MST SAT FEB 13 2016


...................................

...THE BUFFALO SD CLIMATE SUMMARY FOR FEBRUARY 12 2016...

CLIMATE NORMAL PERIOD 1981 TO 2010
CLIMATE RECORD PERIOD 9999 TO 9999


WEATHER ITEM   OBSERVED TIME   NORMAL DEPARTURE LAST
                VALUE   (LST)  VALUE  FROM      YEAR
                                      NORMAL
......................................................
TEMPERATURE (F)
 YESTERDAY
  MAXIMUM         29   1222 AM  33     -4       54
  MINIMUM         18   1159 PM  13      5        9
  AVERAGE         24            23      1       32

PRECIPITATION (IN)
  YESTERDAY        0.03          0.01   0.02     0.00
  MONTH TO DATE    0.12          0.13  -0.01     0.09
  SINCE DEC 1      0.75          0.71   0.04     0.59
  SINCE JAN 1      0.29          0.42  -0.13     0.43

DEGREE DAYS
 HEATING
  YESTERDAY       41            42     -1       33
  MONTH TO DATE  402           517   -115      436
  SINCE DEC 1   2850          3258   -408     2834
  SINCE JUL 1   4312          5156   -844     4755

 COOLING
  YESTERDAY        0             0      0        0
  MONTH TO DATE    0             0      0        0
  SINCE DEC 1      0             0      0        0
  SINCE JAN 1      0             0      0        0
......................................................


WIND (MPH)
  HIGHEST WIND SPEED    24   HIGHEST WIND DIRECTION    SE (140)
  HIGHEST GUST SPEED    27   HIGHEST GUST DIRECTION    SE (150)
  AVERAGE WIND SPEED    13.6




RELATIVE HUMIDITY (PERCENT)
 HIGHEST    92           800 AM
 LOWEST     74          1200 PM
 AVERAGE    83

..........................................................




SUNRISE AND SUNSET
FEBRUARY 13 2016......SUNRISE   700 AM MST   SUNSET   518 PM MST
FEBRUARY 14 2016......SUNRISE   658 AM MST   SUNSET   519 PM MST


-  INDICATES NEGATIVE NUMBERS.
R  INDICATES RECORD WAS SET OR TIED.
MM INDICATES DATA IS MISSING.
T  INDICATES TRACE AMOUNT.




$$
