000
CDUS43 KABR 222230
CLI8D3


CLIMATE REPORT
NATIONAL WEATHER SERVICE ABERDEEN SD
529 PM CDT FRI MAY 22 2015


...................................

...THE SISSETON SD CLIMATE SUMMARY FOR MAY 22 2015...
VALID TODAY AS OF 0500 PM LOCAL TIME.

CLIMATE NORMAL PERIOD 1981 TO 2010
CLIMATE RECORD PERIOD 1900 TO 2015


WEATHER ITEM   OBSERVED TIME   RECORD YEAR NORMAL DEPARTURE LAST
                VALUE   (LST)  VALUE       VALUE  FROM      YEAR
                                                  NORMAL
..................................................................
TEMPERATURE (F)
 TODAY
  MAXIMUM         76    356 PM  92    1964  71      5       77
  MINIMUM         40    437 AM  27    1963  47              40
  AVERAGE         58                        59     -1       59

PRECIPITATION (IN)
  TODAY            0.00          1.55 1988   0.09  -0.09     0.00
  MONTH TO DATE    3.41                      1.94   1.47     1.53
  SINCE MAR 1      4.99                      5.34  -0.35     5.55
  SINCE JAN 1      5.87                      6.20  -0.33     6.17

DEGREE DAYS
 COOLING
  TODAY            0                         1     -1        0
  MONTH TO DATE    2                        13    -11        0
  SINCE MAR 1      2                        14    -12        0
  SINCE JAN 1      2                        14    -12        0
..................................................................


WIND (MPH)
  HIGHEST WIND SPEED    12   HIGHEST WIND DIRECTION    SE (150)
  HIGHEST GUST SPEED    15   HIGHEST GUST DIRECTION     S (160)
  AVERAGE WIND SPEED     3.4


SKY COVER
  POSSIBLE SUNSHINE  MM
  AVERAGE SKY COVER 0.0


WEATHER CONDITIONS
 THE FOLLOWING WEATHER WAS RECORDED TODAY.
  NO SIGNIFICANT WEATHER WAS OBSERVED.


RELATIVE HUMIDITY (PERCENT)
 HIGHEST    86           400 AM
 LOWEST     15           400 PM
 AVERAGE    51

..........................................................


THE SISSETON SD CLIMATE NORMALS FOR TOMORROW
                         NORMAL    RECORD    YEAR
 MAXIMUM TEMPERATURE (F)   72        89      2006
 MINIMUM TEMPERATURE (F)   48        30      2002


SUNRISE AND SUNSET
MAY 22 2015...........SUNRISE   550 AM CDT   SUNSET   900 PM CDT
MAY 23 2015...........SUNRISE   549 AM CDT   SUNSET   901 PM CDT


-  INDICATES NEGATIVE NUMBERS.
R  INDICATES RECORD WAS SET OR TIED.
MM INDICATES DATA IS MISSING.
T  INDICATES TRACE AMOUNT.




$$
