207
CDUS43 KABR 282238
CLI8D3


CLIMATE REPORT
NATIONAL WEATHER SERVICE ABERDEEN SD
537 PM CDT WED JUN 28 2017


...................................

...THE SISSETON SD CLIMATE SUMMARY FOR JUNE 28 2017...
VALID TODAY AS OF 0500 PM LOCAL TIME.

CLIMATE NORMAL PERIOD 1981 TO 2010
CLIMATE RECORD PERIOD 1900 TO 2017


WEATHER ITEM   OBSERVED TIME   RECORD YEAR NORMAL DEPARTURE LAST
                VALUE   (LST)  VALUE       VALUE  FROM      YEAR
                                                  NORMAL
..................................................................
TEMPERATURE (F)
 TODAY
  MAXIMUM         80    355 PM  98    1961  81     -1       81
  MINIMUM         65    101 AM  44    1957  58              45
  AVERAGE         73                        69      4       63

PRECIPITATION (IN)
  TODAY            0.36          1.96 1952   0.09   0.27     0.00
  MONTH TO DATE    2.51                      3.55  -1.04     1.12
  SINCE JUN 1      2.51                      3.55  -1.04     1.12
  SINCE JAN 1      6.68                     10.53  -3.85     6.16

DEGREE DAYS
 COOLING
  TODAY            8                         5      3        0
  MONTH TO DATE  149                        85     64      164
  SINCE JUN 1    149                        85     64      164
  SINCE JAN 1    165                       108     57      201
..................................................................


WIND (MPH)
  HIGHEST WIND SPEED    28   HIGHEST WIND DIRECTION    NW (330)
  HIGHEST GUST SPEED    35   HIGHEST GUST DIRECTION    NW (300)
  AVERAGE WIND SPEED    16.6


SKY COVER
  POSSIBLE SUNSHINE  MM
  AVERAGE SKY COVER 0.0


WEATHER CONDITIONS
 THE FOLLOWING WEATHER WAS RECORDED TODAY.
  THUNDERSTORM
  RAIN
  LIGHT RAIN


RELATIVE HUMIDITY (PERCENT)
 HIGHEST    93           400 AM
 LOWEST     62           200 PM
 AVERAGE    78

..........................................................


THE SISSETON SD CLIMATE NORMALS FOR TOMORROW
                         NORMAL    RECORD    YEAR
 MAXIMUM TEMPERATURE (F)   81       100      1963
 MINIMUM TEMPERATURE (F)   58        43      1900


SUNRISE AND SUNSET
JUNE 28 2017..........SUNRISE   541 AM CDT   SUNSET   921 PM CDT
JUNE 29 2017..........SUNRISE   542 AM CDT   SUNSET   921 PM CDT


-  INDICATES NEGATIVE NUMBERS.
R  INDICATES RECORD WAS SET OR TIED.
MM INDICATES DATA IS MISSING.
T  INDICATES TRACE AMOUNT.




$$
