000
CDUS43 KABR 221044
CLI8D3


CLIMATE REPORT
NATIONAL WEATHER SERVICE ABERDEEN SD
442 AM CST SUN JAN 22 2017


...................................

...THE SISSETON SD CLIMATE SUMMARY FOR JANUARY 21 2017...

CLIMATE NORMAL PERIOD 1981 TO 2010
CLIMATE RECORD PERIOD 1900 TO 2017


WEATHER ITEM   OBSERVED TIME   RECORD YEAR NORMAL DEPARTURE LAST
                VALUE   (LST)  VALUE       VALUE  FROM      YEAR
                                                  NORMAL
..................................................................
TEMPERATURE (F)
 YESTERDAY
  MAXIMUM         35    454 PM  50    1942  23     12       23
  MINIMUM         33   1159 PM -31    1970   3     30       12
  AVERAGE         34                        13     21       18

PRECIPITATION (IN)
  YESTERDAY        0.02          0.47 1952   0.01   0.01     0.00
  MONTH TO DATE    0.79                      0.31   0.48     0.14
  SINCE DEC 1      2.21                      0.70   1.51     1.21
  SINCE JAN 1      0.79                      0.31   0.48     0.14

SNOWFALL (IN)
  YESTERDAY       MM
  MONTH TO DATE   10.5
  SINCE OCT 1     23.3
  SINCE JUL 1     23.3
  SNOW DEPTH       T

DEGREE DAYS
 HEATING
  YESTERDAY       31                        52    -21       47
  MONTH TO DATE 1127                      1092     35     1117
  SINCE DEC 1   2599                      2580     19     2361
  SINCE JUL 1   3880                      4431   -551     3757

 COOLING
  YESTERDAY        0                         0      0        0
  MONTH TO DATE    0                         0      0        0
  SINCE DEC 1      0                         0      0        0
  SINCE JAN 1      0                         0      0        0
..................................................................


WIND (MPH)
  HIGHEST WIND SPEED    14   HIGHEST WIND DIRECTION    SE (150)
  HIGHEST GUST SPEED    17   HIGHEST GUST DIRECTION    SE (150)
  AVERAGE WIND SPEED     5.6


SKY COVER
  POSSIBLE SUNSHINE  MM
  AVERAGE SKY COVER 0.0


WEATHER CONDITIONS
 THE FOLLOWING WEATHER WAS RECORDED YESTERDAY.
  NO SIGNIFICANT WEATHER WAS OBSERVED.


RELATIVE HUMIDITY (PERCENT)
 HIGHEST   100          1200 AM
 LOWEST    100          1200 AM
 AVERAGE   100

..........................................................


THE SISSETON SD CLIMATE NORMALS FOR TODAY
                         NORMAL    RECORD    YEAR
 MAXIMUM TEMPERATURE (F)   23        56      1942
 MINIMUM TEMPERATURE (F)    3       -35      1936


SUNRISE AND SUNSET
JANUARY 22 2017.......SUNRISE   759 AM CST   SUNSET   520 PM CST
JANUARY 23 2017.......SUNRISE   759 AM CST   SUNSET   522 PM CST


-  INDICATES NEGATIVE NUMBERS.
R  INDICATES RECORD WAS SET OR TIED.
MM INDICATES DATA IS MISSING.
T  INDICATES TRACE AMOUNT.




$$
