000
CDUS43 KABR 301036
CLI8D3


CLIMATE REPORT
NATIONAL WEATHER SERVICE ABERDEEN SD
535 AM CDT SUN APR 30 2017


...................................

...THE SISSETON SD CLIMATE SUMMARY FOR APRIL 29 2017...

CLIMATE NORMAL PERIOD 1981 TO 2010
CLIMATE RECORD PERIOD 1900 TO 2017


WEATHER ITEM   OBSERVED TIME   RECORD YEAR NORMAL DEPARTURE LAST
                VALUE   (LST)  VALUE       VALUE  FROM      YEAR
                                                  NORMAL
..................................................................
TEMPERATURE (F)
 YESTERDAY
  MAXIMUM         59    414 PM  96    1934  64     -5       60
  MINIMUM         23    452 AM  16    1958  38    -15       38
  AVERAGE         41                        51    -10       49

PRECIPITATION (IN)
  YESTERDAY        0.00          1.30 2009   0.15  -0.15     0.00
  MONTH TO DATE    1.57                      2.14  -0.57     2.46
  SINCE MAR 1      1.83                      3.26  -1.43     3.00
  SINCE JAN 1      3.03                      4.12  -1.09     4.17

SNOWFALL (IN)
  YESTERDAY        0.0
  MONTH TO DATE    0.7
  SINCE OCT 1     31.1
  SINCE JUL 1     31.1
  SNOW DEPTH       0

DEGREE DAYS
 HEATING
  YESTERDAY       24                        14     10       16
  MONTH TO DATE  551                       603    -52      587
  SINCE MAR 1   1631                      1686    -55     1393
  SINCE JUL 1   6895                      7945  -1050     6694

 COOLING
  YESTERDAY        0                         0      0        0
  MONTH TO DATE    0                         0      0        0
  SINCE MAR 1      0                         0      0        0
  SINCE JAN 1      0                         0      0        0
..................................................................


WIND (MPH)
  HIGHEST WIND SPEED    17   HIGHEST WIND DIRECTION     E (70)
  HIGHEST GUST SPEED    21   HIGHEST GUST DIRECTION    NE (40)
  AVERAGE WIND SPEED     5.5


SKY COVER
  POSSIBLE SUNSHINE  MM
  AVERAGE SKY COVER 0.0


WEATHER CONDITIONS
 THE FOLLOWING WEATHER WAS RECORDED YESTERDAY.
  NO SIGNIFICANT WEATHER WAS OBSERVED.


RELATIVE HUMIDITY (PERCENT)
 HIGHEST    88           500 AM
 LOWEST     24           100 PM
 AVERAGE    56

..........................................................


THE SISSETON SD CLIMATE NORMALS FOR TODAY
                         NORMAL    RECORD    YEAR
 MAXIMUM TEMPERATURE (F)   64        93      1992
 MINIMUM TEMPERATURE (F)   39        19      1903


SUNRISE AND SUNSET
APRIL 30 2017.........SUNRISE   617 AM CDT   SUNSET   834 PM CDT
MAY  1 2017...........SUNRISE   615 AM CDT   SUNSET   836 PM CDT


-  INDICATES NEGATIVE NUMBERS.
R  INDICATES RECORD WAS SET OR TIED.
MM INDICATES DATA IS MISSING.
T  INDICATES TRACE AMOUNT.




$$
