000
CDUS43 KABR 241036
CLI8D3


CLIMATE REPORT
NATIONAL WEATHER SERVICE ABERDEEN SD
435 AM CST SAT FEB 24 2018


...................................

...THE SISSETON SD CLIMATE SUMMARY FOR FEBRUARY 23 2018...

CLIMATE NORMAL PERIOD 1981 TO 2010
CLIMATE RECORD PERIOD 1900 TO 2018


WEATHER ITEM   OBSERVED TIME   RECORD YEAR NORMAL DEPARTURE LAST
                VALUE   (LST)  VALUE       VALUE  FROM      YEAR
                                                  NORMAL
..................................................................
TEMPERATURE (F)
 YESTERDAY
  MAXIMUM         23    323 PM  57    1958  30     -7       30
  MINIMUM         -6   1159 PM -15    1993  12    -18       23
                                      1966
  AVERAGE          9                        21    -12       27

PRECIPITATION (IN)
  YESTERDAY        0.04          0.79 1977   0.01   0.03     0.00
  MONTH TO DATE    0.64                      0.32   0.32     0.17
  SINCE DEC 1      1.04                      1.14  -0.10     2.38
  SINCE JAN 1      0.74                      0.75  -0.01     0.96

SNOWFALL (IN)
  YESTERDAY        0.4
  MONTH TO DATE   10.5
  SINCE OCT 1     15.3
  SINCE JUL 1     15.3
  SNOW DEPTH       7

DEGREE DAYS
 HEATING
  YESTERDAY       56                        44     12       38
  MONTH TO DATE 1285                      1099    186      821
  SINCE DEC 1   4224                      4194     30     3784
  SINCE JUL 1   5867                      6045   -178     5065

 COOLING
  YESTERDAY        0                         0      0        0
  MONTH TO DATE    0                         0      0        0
  SINCE DEC 1      0                         0      0        0
  SINCE JAN 1      0                         0      0        0
..................................................................


WIND (MPH)
  HIGHEST WIND SPEED    18   HIGHEST WIND DIRECTION    NW (320)
  HIGHEST GUST SPEED    21   HIGHEST GUST DIRECTION    NW (330)
  AVERAGE WIND SPEED     8.6


SKY COVER
  POSSIBLE SUNSHINE  MM
  AVERAGE SKY COVER 0.0


WEATHER CONDITIONS
 THE FOLLOWING WEATHER WAS RECORDED YESTERDAY.
  LIGHT SNOW


RELATIVE HUMIDITY (PERCENT)
 HIGHEST    92          1200 AM
 LOWEST     62           100 PM
 AVERAGE    77

..........................................................


THE SISSETON SD CLIMATE NORMALS FOR TODAY
                         NORMAL    RECORD    YEAR
 MAXIMUM TEMPERATURE (F)   30        62      1976
 MINIMUM TEMPERATURE (F)   13       -24      1955


SUNRISE AND SUNSET
FEBRUARY 24 2018......SUNRISE   715 AM CST   SUNSET   608 PM CST
FEBRUARY 25 2018......SUNRISE   713 AM CST   SUNSET   609 PM CST


-  INDICATES NEGATIVE NUMBERS.
R  INDICATES RECORD WAS SET OR TIED.
MM INDICATES DATA IS MISSING.
T  INDICATES TRACE AMOUNT.




$$
