000
CDUS43 KABR 231033
CLI8D3


CLIMATE REPORT
NATIONAL WEATHER SERVICE ABERDEEN SD
532 AM CDT WED JUL 23 2014


...................................

...THE SISSETON SD CLIMATE SUMMARY FOR JULY 22 2014...

CLIMATE NORMAL PERIOD 1981 TO 2010
CLIMATE RECORD PERIOD 1900 TO 2014


WEATHER ITEM   OBSERVED TIME   RECORD YEAR NORMAL DEPARTURE LAST
                VALUE   (LST)  VALUE       VALUE  FROM      YEAR
                                                  NORMAL
..................................................................
TEMPERATURE (F)
 YESTERDAY
  MAXIMUM         80    400 PM 112    1934  84     -4       76
  MINIMUM         59   1159 PM  45    1947  60     -1       57
  AVERAGE         70                        72     -2       67

PRECIPITATION (IN)
  YESTERDAY        0.00          1.06 1991   0.12  -0.12     0.19
  MONTH TO DATE    0.98                      2.65  -1.67     2.51
  SINCE JUN 1      9.65                      6.39   3.26     8.09
  SINCE JAN 1     18.02                     13.37   4.65    17.43

DEGREE DAYS
 HEATING
  YESTERDAY        0                         0      0        0
  MONTH TO DATE   15                         3     12        0
  SINCE JUN 1     50                        65    -15       69
  SINCE JUL 1     15                         3     12        0

 COOLING
  YESTERDAY        5                         7     -2        2
  MONTH TO DATE  112                       143    -31      195
  SINCE JUN 1    200                       237    -37      312
  SINCE JAN 1    261                       260      1      337
..................................................................


WIND (MPH)
  HIGHEST WIND SPEED    22   HIGHEST WIND DIRECTION    NE (30)
  HIGHEST GUST SPEED    28   HIGHEST GUST DIRECTION    NE (30)
  AVERAGE WIND SPEED    11.5


SKY COVER
  POSSIBLE SUNSHINE  MM
  AVERAGE SKY COVER 0.0


WEATHER CONDITIONS
 THE FOLLOWING WEATHER WAS RECORDED YESTERDAY.
  NO SIGNIFICANT WEATHER WAS OBSERVED.


RELATIVE HUMIDITY (PERCENT)
 HIGHEST   100           400 AM
 LOWEST     48          1200 PM
 AVERAGE    74

..........................................................


THE SISSETON SD CLIMATE NORMALS FOR TODAY
                         NORMAL    RECORD    YEAR
 MAXIMUM TEMPERATURE (F)   84       101      1934
 MINIMUM TEMPERATURE (F)   60        43      1992


SUNRISE AND SUNSET
JULY 23 2014..........SUNRISE   601 AM CDT   SUNSET   907 PM CDT
JULY 24 2014..........SUNRISE   602 AM CDT   SUNSET   906 PM CDT


-  INDICATES NEGATIVE NUMBERS.
R  INDICATES RECORD WAS SET OR TIED.
MM INDICATES DATA IS MISSING.
T  INDICATES TRACE AMOUNT.




$$
