000
CDUS43 KABR 122343
CLI8D3


CLIMATE REPORT
NATIONAL WEATHER SERVICE ABERDEEN SD
534 PM CST TUE DEC 12 2017


...................................

...THE SISSETON SD CLIMATE SUMMARY FOR DECEMBER 12 2017...
VALID TODAY AS OF 0500 PM LOCAL TIME.

CLIMATE NORMAL PERIOD 1981 TO 2010
CLIMATE RECORD PERIOD 1900 TO 2017


WEATHER ITEM   OBSERVED TIME   RECORD YEAR NORMAL DEPARTURE LAST
                VALUE   (LST)  VALUE       VALUE  FROM      YEAR
                                                  NORMAL
..................................................................
TEMPERATURE (F)
 TODAY
  MAXIMUM         43    426 PM  51    1998  27     16        8
  MINIMUM          8    253 AM -19    1903   9             -15
  AVERAGE         26                        18      8       -3

PRECIPITATION (IN)
  TODAY            0.00          0.25 1995   0.01  -0.01     0.06
                                      1968
  MONTH TO DATE    0.07                      0.18  -0.11     0.43
  SINCE DEC 1      0.07                      0.18  -0.11     0.43
  SINCE JAN 1     18.75                     22.12  -3.37    22.56

SNOWFALL (IN)
  TODAY           MM
  MONTH TO DATE    0.7
  SINCE OCT 1      1.2
  SINCE JUL 1      1.2
  SNOW DEPTH       0

DEGREE DAYS
 HEATING
  TODAY           39                        47     -8       68
  MONTH TO DATE  450                       542    -92      588
  SINCE DEC 1    450                       542    -92      588
  SINCE JUL 1   2093                      2393   -300     1869
..................................................................


WIND (MPH)
  HIGHEST WIND SPEED    25   HIGHEST WIND DIRECTION     W (250)
  HIGHEST GUST SPEED    32   HIGHEST GUST DIRECTION     W (250)
  AVERAGE WIND SPEED     9.8


SKY COVER
  POSSIBLE SUNSHINE  MM
  AVERAGE SKY COVER 0.0


WEATHER CONDITIONS
 THE FOLLOWING WEATHER WAS RECORDED TODAY.
  NO SIGNIFICANT WEATHER WAS OBSERVED.


RELATIVE HUMIDITY (PERCENT)
 HIGHEST    92          1200 AM
 LOWEST     57           500 PM
 AVERAGE    75

..........................................................


THE SISSETON SD CLIMATE NORMALS FOR TOMORROW
                         NORMAL    RECORD    YEAR
 MAXIMUM TEMPERATURE (F)   26        53      2014
 MINIMUM TEMPERATURE (F)    8       -25      1940


SUNRISE AND SUNSET
DECEMBER 12 2017......SUNRISE   800 AM CST   SUNSET   444 PM CST
DECEMBER 13 2017......SUNRISE   800 AM CST   SUNSET   444 PM CST


-  INDICATES NEGATIVE NUMBERS.
R  INDICATES RECORD WAS SET OR TIED.
MM INDICATES DATA IS MISSING.
T  INDICATES TRACE AMOUNT.




$$
