000
CDUS43 KABR 141014
CLI8D3


CLIMATE REPORT
NATIONAL WEATHER SERVICE ABERDEEN SD
413 AM CST SUN FEB 14 2016


...................................

...THE SISSETON SD CLIMATE SUMMARY FOR FEBRUARY 13 2016...

CLIMATE NORMAL PERIOD 1981 TO 2010
CLIMATE RECORD PERIOD 1900 TO 2016


WEATHER ITEM   OBSERVED TIME   RECORD YEAR NORMAL DEPARTURE LAST
                VALUE   (LST)  VALUE       VALUE  FROM      YEAR
                                                  NORMAL
..................................................................
TEMPERATURE (F)
 YESTERDAY
  MAXIMUM         11   1159 PM  54    1983  27    -16       24
  MINIMUM        -12   1231 AM -23    1951   8    -20       14
  AVERAGE          0                        17    -17       19

PRECIPITATION (IN)
  YESTERDAY        0.00          0.45 1973   0.01  -0.01     0.00
  MONTH TO DATE    0.26                      0.15   0.11     0.28
  SINCE DEC 1      1.61                      0.97   0.64     1.35
  SINCE JAN 1      0.54                      0.58  -0.04     0.75

SNOWFALL (IN)
  YESTERDAY        0.0
  MONTH TO DATE    3.0
  SINCE OCT 1     21.9
  SINCE JUL 1     21.9
  SNOW DEPTH       3

DEGREE DAYS
 HEATING
  YESTERDAY       65                        48     17       46
  MONTH TO DATE  629                       642    -13      663
  SINCE DEC 1   3366                      3737   -371     3421
  SINCE JUL 1   4762                      5588   -826     5401

 COOLING
  YESTERDAY        0                         0      0        0
  MONTH TO DATE    0                         0      0        0
  SINCE DEC 1      0                         0      0        0
  SINCE JAN 1      0                         0      0        0
..................................................................


WIND (MPH)
  HIGHEST WIND SPEED    28   HIGHEST WIND DIRECTION     S (170)
  HIGHEST GUST SPEED    33   HIGHEST GUST DIRECTION     S (170)
  AVERAGE WIND SPEED    15.0


SKY COVER
  POSSIBLE SUNSHINE  MM
  AVERAGE SKY COVER 0.0


WEATHER CONDITIONS
 THE FOLLOWING WEATHER WAS RECORDED YESTERDAY.
  NO SIGNIFICANT WEATHER WAS OBSERVED.


RELATIVE HUMIDITY (PERCENT)
 HIGHEST    79          1200 AM
 LOWEST     66           500 PM
 AVERAGE    73

..........................................................


THE SISSETON SD CLIMATE NORMALS FOR TODAY
                         NORMAL    RECORD    YEAR
 MAXIMUM TEMPERATURE (F)   27        53      1999
 MINIMUM TEMPERATURE (F)    8       -26      1936


SUNRISE AND SUNSET
FEBRUARY 14 2016......SUNRISE   732 AM CST   SUNSET   553 PM CST
FEBRUARY 15 2016......SUNRISE   731 AM CST   SUNSET   554 PM CST


-  INDICATES NEGATIVE NUMBERS.
R  INDICATES RECORD WAS SET OR TIED.
MM INDICATES DATA IS MISSING.
T  INDICATES TRACE AMOUNT.




$$
