000
CDUS46 KMFR 160836
CLIAAT


CLIMATE REPORT
NATIONAL WEATHER SERVICE MEDFORD, OR
1236 AM PST TUE JAN 16 2018


...................................

...THE ALTURAS CA CLIMATE SUMMARY FOR JANUARY 15 2018...

CLIMATE NORMAL PERIOD 1981 TO 2010
CLIMATE RECORD PERIOD 1905 TO 2018


WEATHER ITEM   OBSERVED TIME   RECORD YEAR NORMAL DEPARTURE LAST
                VALUE   (LST)  VALUE       VALUE  FROM      YEAR
                                                  NORMAL
..................................................................
TEMPERATURE (F)
 YESTERDAY
  MAXIMUM         57    147 PM  60    1961  41     16       36
  MINIMUM         27    637 AM -32    1917  18      9       11
  AVERAGE         42                        30     12       24

PRECIPITATION (IN)
  YESTERDAY        0.00          2.14 1936   0.04  -0.04     0.00
  MONTH TO DATE    0.57                      0.97  -0.40     2.97
  SINCE OCT 1      3.57                      5.48  -1.91     6.72
  SINCE JAN 1      0.57                      0.97  -0.40     2.97

SNOWFALL (IN)
  YESTERDAY       MM                        MM     MM       MM
  MONTH TO DATE   MM                        MM     MM       MM
  SINCE JUL 1     MM                        MM     MM       MM
  SNOW DEPTH      MM

DEGREE DAYS
 HEATING
  YESTERDAY       23                        35    -12       41
  MONTH TO DATE  379                       537   -158      653
  SINCE DEC 1   1427                      1637   -210     1812
  SINCE JUL 1   2981                      3447   -466     3320

 COOLING
  YESTERDAY        0                         0      0        0
  MONTH TO DATE    0                         0      0        0
  SINCE DEC 1      0                         0      0        0
  SINCE JAN 1      0                         0      0        0
..................................................................


WIND (MPH)
  HIGHEST WIND SPEED    15   HIGHEST WIND DIRECTION     S (190)
  HIGHEST GUST SPEED    18   HIGHEST GUST DIRECTION     S (180)
  AVERAGE WIND SPEED     4.1


SKY COVER
  POSSIBLE SUNSHINE  MM
  AVERAGE SKY COVER 0.2


WEATHER CONDITIONS
 THE FOLLOWING WEATHER WAS RECORDED YESTERDAY.
  HAZE


RELATIVE HUMIDITY (PERCENT)
 HIGHEST    92           600 AM
 LOWEST     35           200 PM
 AVERAGE    64

..........................................................


THE ALTURAS CA CLIMATE NORMALS FOR TODAY
                         NORMAL    RECORD    YEAR
 MAXIMUM TEMPERATURE (F)   42        62      1961
 MINIMUM TEMPERATURE (F)   18       -27      1917


SUNRISE AND SUNSET
JANUARY 16 2018.......SUNRISE   726 AM PST   SUNSET   459 PM PST
JANUARY 17 2018.......SUNRISE   725 AM PST   SUNSET   500 PM PST


-  INDICATES NEGATIVE NUMBERS.
R  INDICATES RECORD WAS SET OR TIED.
MM INDICATES DATA IS MISSING.
T  INDICATES TRACE AMOUNT.




$$
