000
CDUS46 KMFR 010838
CLIAAT


CLIMATE REPORT
NATIONAL WEATHER SERVICE MEDFORD, OR
138 AM PDT MON SEP 1 2014


...................................

...THE ALTURAS CA CLIMATE SUMMARY FOR AUGUST 31 2014...

CLIMATE NORMAL PERIOD 1981 TO 2010
CLIMATE RECORD PERIOD 1905 TO 2014


WEATHER ITEM   OBSERVED TIME   RECORD YEAR NORMAL DEPARTURE LAST
                VALUE   (LST)  VALUE       VALUE  FROM      YEAR
                                                  NORMAL
..................................................................
TEMPERATURE (F)
 YESTERDAY
  MAXIMUM         81    258 PM  98    1998  82     -1       91
  MINIMUM         38    538 AM  24    1908  39     -1       38
  AVERAGE         60                        61     -1       65

PRECIPITATION (IN)
  YESTERDAY        0.00          0.81 1984   0.01  -0.01     0.00
  MONTH TO DATE    0.46                      0.36   0.10     0.72
  SINCE SEP 1      7.42                     14.17  -6.75     9.49
  SINCE JAN 1      6.28                      9.14  -2.86     5.15

SNOWFALL (IN)
  YESTERDAY       MM                        MM     MM       MM
  MONTH TO DATE   MM                        MM     MM       MM
  SINCE JUL 1     MM                        MM     MM       MM
  SNOW DEPTH      MM

DEGREE DAYS
 HEATING
  YESTERDAY        5                         5      0        0
  MONTH TO DATE   19                        70    -51       66
  SINCE JUN 1    114                       291   -177      226
  SINCE JUL 1     25                       111    -86       70

 COOLING
  YESTERDAY        0                         1     -1        0
  MONTH TO DATE   95                        56     39       39
  SINCE JUN 1    368                       151    217      255
  SINCE JAN 1    368                       151    217      255
..................................................................


WIND (MPH)
  HIGHEST WIND SPEED    20   HIGHEST WIND DIRECTION    NW (320)
  HIGHEST GUST SPEED    25   HIGHEST GUST DIRECTION    NW (300)
  AVERAGE WIND SPEED     5.8


SKY COVER
  POSSIBLE SUNSHINE  MM
  AVERAGE SKY COVER 0.0


WEATHER CONDITIONS
 THE FOLLOWING WEATHER WAS RECORDED YESTERDAY.
  NO SIGNIFICANT WEATHER WAS OBSERVED.


RELATIVE HUMIDITY (PERCENT)
 HIGHEST    76           600 AM
 LOWEST     16           300 PM
 AVERAGE    46

..........................................................


THE ALTURAS CA CLIMATE NORMALS FOR TODAY
                         NORMAL    RECORD    YEAR
 MAXIMUM TEMPERATURE (F)   82        98      1955
 MINIMUM TEMPERATURE (F)   39        27      1999


SUNRISE AND SUNSET
SEPTEMBER  1 2014.....SUNRISE   628 AM PDT   SUNSET   735 PM PDT
SEPTEMBER  2 2014.....SUNRISE   630 AM PDT   SUNSET   733 PM PDT


-  INDICATES NEGATIVE NUMBERS.
R  INDICATES RECORD WAS SET OR TIED.
MM INDICATES DATA IS MISSING.
T  INDICATES TRACE AMOUNT.




$$
