000
CDUS46 KMFR 270037
CLIAAT


CLIMATE REPORT
NATIONAL WEATHER SERVICE MEDFORD, OR
437 PM PST THU FEB 26 2015


...................................

...THE ALTURAS CA CLIMATE SUMMARY FOR FEBRUARY 26 2015...
VALID TODAY AS OF 0400 PM LOCAL TIME.

CLIMATE NORMAL PERIOD 1981 TO 2010
CLIMATE RECORD PERIOD 1905 TO 2015


WEATHER ITEM   OBSERVED TIME   RECORD YEAR NORMAL DEPARTURE LAST
                VALUE   (LST)  VALUE       VALUE  FROM      YEAR
                                                  NORMAL
..................................................................
TEMPERATURE (F)
 TODAY
  MAXIMUM         52   1246 PM  69    1908  49      3       55
  MINIMUM         26    651 AM -10    2011  24      2       31
  AVERAGE         39                        36      3       43

PRECIPITATION (IN)
  TODAY            0.00          0.34 2007   0.06  -0.06      T
  MONTH TO DATE    0.86                      1.34  -0.48     1.24
  SINCE OCT 1      5.48                      7.50  -2.02     1.99
  SINCE JAN 1      0.97                      2.99  -2.02     1.36

SNOWFALL (IN)
  TODAY           MM                        MM     MM       MM
  MONTH TO DATE   MM                        MM     MM       MM
  SINCE JUL 1     MM                        MM     MM        0.0
  SNOW DEPTH      MM

DEGREE DAYS
 HEATING
  TODAY           26                        29     -3       22
  MONTH TO DATE  589                       811   -222      729
  SINCE DEC 1   2280                      2999   -719     2969
  SINCE JUL 1   3571                      4809  -1238     4714

 COOLING
  TODAY            0                         0      0        0
  MONTH TO DATE    0                         0      0        0
  SINCE DEC 1      0                         0      0        0
  SINCE JAN 1      0                         0      0        0
..................................................................


WIND (MPH)
  HIGHEST WIND SPEED    16   HIGHEST WIND DIRECTION     N (20)
  HIGHEST GUST SPEED    22   HIGHEST GUST DIRECTION    NE (30)
  AVERAGE WIND SPEED     5.1


SKY COVER
  POSSIBLE SUNSHINE  MM
  AVERAGE SKY COVER 0.4


WEATHER CONDITIONS
 THE FOLLOWING WEATHER WAS RECORDED TODAY.
  NO SIGNIFICANT WEATHER WAS OBSERVED.


RELATIVE HUMIDITY (PERCENT)
 HIGHEST    81           700 AM
 LOWEST     33           200 PM
 AVERAGE    57

..........................................................


THE ALTURAS CA CLIMATE NORMALS FOR TOMORROW
                         NORMAL    RECORD    YEAR
 MAXIMUM TEMPERATURE (F)   49        70      1968
 MINIMUM TEMPERATURE (F)   24        -4      1962


SUNRISE AND SUNSET
FEBRUARY 26 2015......SUNRISE   642 AM PST   SUNSET   549 PM PST
FEBRUARY 27 2015......SUNRISE   640 AM PST   SUNSET   550 PM PST


-  INDICATES NEGATIVE NUMBERS.
R  INDICATES RECORD WAS SET OR TIED.
MM INDICATES DATA IS MISSING.
T  INDICATES TRACE AMOUNT.




$$
