347
CDUS46 KMFR 270836
CLIAAT


CLIMATE REPORT
NATIONAL WEATHER SERVICE MEDFORD, OR
136 AM PDT SAT AUG 27 2016


...................................

...THE ALTURAS CA CLIMATE SUMMARY FOR AUGUST 26 2016...

CLIMATE NORMAL PERIOD 1981 TO 2010
CLIMATE RECORD PERIOD 1905 TO 2016


WEATHER ITEM   OBSERVED TIME   RECORD YEAR NORMAL DEPARTURE LAST
                VALUE   (LST)  VALUE       VALUE  FROM      YEAR
                                                  NORMAL
..................................................................
TEMPERATURE (F)
 YESTERDAY
  MAXIMUM         88    335 PM  99    1934  84      4       90
  MINIMUM         38    504 AM  29    1908  41     -3       39
  AVERAGE         63                        62      1       65

PRECIPITATION (IN)
  YESTERDAY        0.00          0.10 1967   0.01  -0.01     0.00
  MONTH TO DATE    T                         0.29  -0.29     0.27
  SINCE OCT 1     13.42                     13.58  -0.16    11.35
  SINCE JAN 1      7.44                      9.07  -1.63     6.84

SNOWFALL (IN)
  YESTERDAY       MM                        MM     MM       MM
  MONTH TO DATE   MM                        MM     MM       MM
  SINCE JUL 1     MM                        MM     MM       MM
  SNOW DEPTH      MM

DEGREE DAYS
 HEATING
  YESTERDAY        2                         4     -2        0
  MONTH TO DATE   15                        49    -34        5
  SINCE JUN 1    173                       270    -97       58
  SINCE JUL 1     55                        90    -35       28

 COOLING
  YESTERDAY        0                         1     -1        0
  MONTH TO DATE   91                        51     40       73
  SINCE JUN 1    251                       146    105      307
  SINCE JAN 1    251                       146    105      307
..................................................................


WIND (MPH)
  HIGHEST WIND SPEED    20   HIGHEST WIND DIRECTION     W (290)
  HIGHEST GUST SPEED    23   HIGHEST GUST DIRECTION     W (290)
  AVERAGE WIND SPEED     4.2


SKY COVER
  POSSIBLE SUNSHINE  MM
  AVERAGE SKY COVER 0.0


WEATHER CONDITIONS
 THE FOLLOWING WEATHER WAS RECORDED YESTERDAY.
  NO SIGNIFICANT WEATHER WAS OBSERVED.


RELATIVE HUMIDITY (PERCENT)
 HIGHEST    60           500 AM
 LOWEST      8           400 PM
 AVERAGE    34

..........................................................


THE ALTURAS CA CLIMATE NORMALS FOR TODAY
                         NORMAL    RECORD    YEAR
 MAXIMUM TEMPERATURE (F)   84       100      1915
 MINIMUM TEMPERATURE (F)   41        30      1995


SUNRISE AND SUNSET
AUGUST 27 2016........SUNRISE   624 AM PDT   SUNSET   742 PM PDT
AUGUST 28 2016........SUNRISE   625 AM PDT   SUNSET   741 PM PDT


-  INDICATES NEGATIVE NUMBERS.
R  INDICATES RECORD WAS SET OR TIED.
MM INDICATES DATA IS MISSING.
T  INDICATES TRACE AMOUNT.




$$
