541
CDUS46 KMFR 040835
CLIAAT


CLIMATE REPORT
NATIONAL WEATHER SERVICE MEDFORD, OR
1235 AM PST SUN DEC 4 2016


...................................

...THE ALTURAS CA CLIMATE SUMMARY FOR DECEMBER 3 2016...

CLIMATE NORMAL PERIOD 1981 TO 2010
CLIMATE RECORD PERIOD 1905 TO 2016


WEATHER ITEM   OBSERVED TIME   RECORD YEAR NORMAL DEPARTURE LAST
                VALUE   (LST)  VALUE       VALUE  FROM      YEAR
                                                  NORMAL
..................................................................
TEMPERATURE (F)
 YESTERDAY
  MAXIMUM         47    324 PM  68    1959  42      5       53
  MINIMUM         23   1140 PM  -1    2004  20      3       33
  AVERAGE         35                        31      4       43

PRECIPITATION (IN)
  YESTERDAY        0.00          0.70 1948   0.05  -0.05     0.03
  MONTH TO DATE    0.00                      0.15  -0.15     0.03
  SINCE OCT 1      2.00                      2.95  -0.95     2.50
  SINCE JAN 1      9.47                     12.61  -3.14     9.70

SNOWFALL (IN)
  YESTERDAY       MM                        MM     MM       MM
  MONTH TO DATE   MM                        MM     MM       MM
  SINCE JUL 1     MM                        MM     MM       MM
  SNOW DEPTH      MM

DEGREE DAYS
 HEATING
  YESTERDAY       30                        34     -4       22
  MONTH TO DATE  106                       102      4       84
  SINCE DEC 1    106                       102      4       84
  SINCE JUL 1   1614                      1912   -298     1611

 COOLING
  YESTERDAY        0                         0      0        0
  MONTH TO DATE    0                         0      0        0
  SINCE DEC 1      0                         0      0        0
  SINCE JAN 1    254                       156     98      333
..................................................................


WIND (MPH)
  HIGHEST WIND SPEED     7   HIGHEST WIND DIRECTION    NE (60)
  HIGHEST GUST SPEED     9   HIGHEST GUST DIRECTION     S (170)
  AVERAGE WIND SPEED     1.1


SKY COVER
  POSSIBLE SUNSHINE  MM
  AVERAGE SKY COVER 0.5


WEATHER CONDITIONS
 THE FOLLOWING WEATHER WAS RECORDED YESTERDAY.
  FOG


RELATIVE HUMIDITY (PERCENT)
 HIGHEST    92           900 PM
 LOWEST     45           300 PM
 AVERAGE    69

..........................................................


THE ALTURAS CA CLIMATE NORMALS FOR TODAY
                         NORMAL    RECORD    YEAR
 MAXIMUM TEMPERATURE (F)   42        71      1939
 MINIMUM TEMPERATURE (F)   20        -1      2013


SUNRISE AND SUNSET
DECEMBER  4 2016......SUNRISE   713 AM PST   SUNSET   433 PM PST
DECEMBER  5 2016......SUNRISE   714 AM PST   SUNSET   432 PM PST


-  INDICATES NEGATIVE NUMBERS.
R  INDICATES RECORD WAS SET OR TIED.
MM INDICATES DATA IS MISSING.
T  INDICATES TRACE AMOUNT.




$$
