000
CDUS46 KMFR 270837
CLIAAT


CLIMATE REPORT
NATIONAL WEATHER SERVICE MEDFORD, OR
137 AM PDT THU JUL 27 2017


...................................

...THE ALTURAS CA CLIMATE SUMMARY FOR JULY 26 2017...

CLIMATE NORMAL PERIOD 1981 TO 2010
CLIMATE RECORD PERIOD 1905 TO 2017


WEATHER ITEM   OBSERVED TIME   RECORD YEAR NORMAL DEPARTURE LAST
                VALUE   (LST)  VALUE       VALUE  FROM      YEAR
                                                  NORMAL
..................................................................
TEMPERATURE (F)
 YESTERDAY
  MAXIMUM         85    206 PM 100    1964  90     -5       96
  MINIMUM         50    540 AM  36    1972  45      5       51
  AVERAGE         68                        68      0       74

PRECIPITATION (IN)
  YESTERDAY        0.05          0.61 1986   0.02   0.03     0.00
  MONTH TO DATE    0.82                      0.26   0.56     0.05
  SINCE OCT 1     15.10                     13.21   1.89    13.42
  SINCE JAN 1     11.35                      8.70   2.65     7.44

SNOWFALL (IN)
  YESTERDAY       MM                        MM     MM       MM
  MONTH TO DATE   MM                        MM     MM       MM
  SINCE JUL 1     MM                        MM     MM       MM
  SNOW DEPTH      MM

DEGREE DAYS
 HEATING
  YESTERDAY        0                         1     -1        0
  MONTH TO DATE    1                        36    -35       40
  SINCE JUN 1    110                       216   -106      158
  SINCE JUL 1      1                        36    -35       40

 COOLING
  YESTERDAY        3                         3      0        9
  MONTH TO DATE  137                        64     73       59
  SINCE JUN 1    219                        75    144      107
  SINCE JAN 1    219                        75    144      107
..................................................................


WIND (MPH)
  HIGHEST WIND SPEED    18   HIGHEST WIND DIRECTION    SE (140)
  HIGHEST GUST SPEED    28   HIGHEST GUST DIRECTION    SE (130)
  AVERAGE WIND SPEED     2.8


SKY COVER
  POSSIBLE SUNSHINE  MM
  AVERAGE SKY COVER 0.2


WEATHER CONDITIONS
 THE FOLLOWING WEATHER WAS RECORDED YESTERDAY.
  THUNDERSTORM
  RAIN
  LIGHT RAIN
  FOG
  FOG W/VISIBILITY <= 1/4 MILE


RELATIVE HUMIDITY (PERCENT)
 HIGHEST   100           100 AM
 LOWEST     25           200 PM
 AVERAGE    63

..........................................................


THE ALTURAS CA CLIMATE NORMALS FOR TODAY
                         NORMAL    RECORD    YEAR
 MAXIMUM TEMPERATURE (F)   90       102      1934
 MINIMUM TEMPERATURE (F)   45        31      1916


SUNRISE AND SUNSET
JULY 27 2017..........SUNRISE   553 AM PDT   SUNSET   824 PM PDT
JULY 28 2017..........SUNRISE   553 AM PDT   SUNSET   823 PM PDT


-  INDICATES NEGATIVE NUMBERS.
R  INDICATES RECORD WAS SET OR TIED.
MM INDICATES DATA IS MISSING.
T  INDICATES TRACE AMOUNT.




$$
