000
CDUS46 KMFR 280837
CLIAAT


CLIMATE REPORT
NATIONAL WEATHER SERVICE MEDFORD, OR
137 AM PDT FRI AUG 28 2015


...................................

...THE ALTURAS CA CLIMATE SUMMARY FOR AUGUST 27 2015...

CLIMATE NORMAL PERIOD 1981 TO 2010
CLIMATE RECORD PERIOD 1905 TO 2015


WEATHER ITEM   OBSERVED TIME   RECORD YEAR NORMAL DEPARTURE LAST
                VALUE   (LST)  VALUE       VALUE  FROM      YEAR
                                                  NORMAL
..................................................................
TEMPERATURE (F)
 YESTERDAY
  MAXIMUM         90    309 PM 100    1915  84      6       92
  MINIMUM         48    541 AM  30    1995  41      7       42
  AVERAGE         69                        62      7       67

PRECIPITATION (IN)
  YESTERDAY        0.00          0.53 1942   0.01  -0.01     0.00
  MONTH TO DATE    0.27                      0.30  -0.03     0.46
  SINCE OCT 1     11.35                     13.59  -2.24     6.91
  SINCE JAN 1      6.84                      9.08  -2.24     6.28

SNOWFALL (IN)
  YESTERDAY       MM                        MM     MM       MM
  MONTH TO DATE   MM                        MM     MM       MM
  SINCE JUL 1     MM                        MM     MM       MM
  SNOW DEPTH      MM

DEGREE DAYS
 HEATING
  YESTERDAY        0                         4     -4        0
  MONTH TO DATE    5                        53    -48       11
  SINCE JUN 1     58                       274   -216      106
  SINCE JUL 1     28                        94    -66       17

 COOLING
  YESTERDAY        4                         1      3        2
  MONTH TO DATE   77                        52     25       86
  SINCE JUN 1    311                       147    164      359
  SINCE JAN 1    311                       147    164      359
..................................................................


WIND (MPH)
  HIGHEST WIND SPEED    22   HIGHEST WIND DIRECTION     W (270)
  HIGHEST GUST SPEED    30   HIGHEST GUST DIRECTION    SW (240)
  AVERAGE WIND SPEED     6.3


SKY COVER
  POSSIBLE SUNSHINE  MM
  AVERAGE SKY COVER 0.0


WEATHER CONDITIONS
 THE FOLLOWING WEATHER WAS RECORDED YESTERDAY.
  NO SIGNIFICANT WEATHER WAS OBSERVED.


RELATIVE HUMIDITY (PERCENT)
 HIGHEST    54           200 AM
 LOWEST     14           200 PM
 AVERAGE    34

..........................................................


THE ALTURAS CA CLIMATE NORMALS FOR TODAY
                         NORMAL    RECORD    YEAR
 MAXIMUM TEMPERATURE (F)   83       103      1915
 MINIMUM TEMPERATURE (F)   40        25      1905


SUNRISE AND SUNSET
AUGUST 28 2015........SUNRISE   624 AM PDT   SUNSET   742 PM PDT
AUGUST 29 2015........SUNRISE   625 AM PDT   SUNSET   740 PM PDT


-  INDICATES NEGATIVE NUMBERS.
R  INDICATES RECORD WAS SET OR TIED.
MM INDICATES DATA IS MISSING.
T  INDICATES TRACE AMOUNT.




$$
