569
CDUS46 KMFR 270835
CLIAAT


CLIMATE REPORT
NATIONAL WEATHER SERVICE MEDFORD, OR
135 AM PDT FRI MAY 27 2016


...................................

...THE ALTURAS CA CLIMATE SUMMARY FOR MAY 26 2016...

CLIMATE NORMAL PERIOD 1981 TO 2010
CLIMATE RECORD PERIOD 1905 TO 2016


WEATHER ITEM   OBSERVED TIME   RECORD YEAR NORMAL DEPARTURE LAST
                VALUE   (LST)  VALUE       VALUE  FROM      YEAR
                                                  NORMAL
..................................................................
TEMPERATURE (F)
 YESTERDAY
  MAXIMUM         71    355 PM  92    1966  71      0       74
  MINIMUM         37    443 AM  23    1989  38     -1       41
  AVERAGE         54                        54      0       58

PRECIPITATION (IN)
  YESTERDAY        0.00          0.54 1959   0.04  -0.04     0.04
  MONTH TO DATE    1.17                      1.15   0.02     2.60
  SINCE OCT 1     12.81                     11.84   0.97     9.32
  SINCE JAN 1      6.83                      7.33  -0.50     4.81

SNOWFALL (IN)
  YESTERDAY       MM                        MM     MM       MM
  MONTH TO DATE   MM                        MM     MM       MM
  SINCE JUL 1     MM                        MM     MM       MM
  SNOW DEPTH      MM

DEGREE DAYS
 HEATING
  YESTERDAY       11                        11      0        7
  MONTH TO DATE  301                       361    -60      335
  SINCE MAR 1   1445                      1838   -393     1561
  SINCE JUL 1   5832                      6705   -873     5188

 COOLING
  YESTERDAY        0                         0      0        0
  MONTH TO DATE    0                         0      0        0
  SINCE MAR 1      0                         0      0        0
  SINCE JAN 1      0                         0      0        0
..................................................................


WIND (MPH)
  HIGHEST WIND SPEED    18   HIGHEST WIND DIRECTION    NW (310)
  HIGHEST GUST SPEED    25   HIGHEST GUST DIRECTION    NW (320)
  AVERAGE WIND SPEED     6.8


SKY COVER
  POSSIBLE SUNSHINE  MM
  AVERAGE SKY COVER 0.1


WEATHER CONDITIONS
 THE FOLLOWING WEATHER WAS RECORDED YESTERDAY.
  NO SIGNIFICANT WEATHER WAS OBSERVED.


RELATIVE HUMIDITY (PERCENT)
 HIGHEST    92           500 AM
 LOWEST     18           200 PM
 AVERAGE    55

..........................................................


THE ALTURAS CA CLIMATE NORMALS FOR TODAY
                         NORMAL    RECORD    YEAR
 MAXIMUM TEMPERATURE (F)   71        91      1919
 MINIMUM TEMPERATURE (F)   38        25      1961


SUNRISE AND SUNSET
MAY 27 2016...........SUNRISE   533 AM PDT   SUNSET   826 PM PDT
MAY 28 2016...........SUNRISE   533 AM PDT   SUNSET   827 PM PDT


-  INDICATES NEGATIVE NUMBERS.
R  INDICATES RECORD WAS SET OR TIED.
MM INDICATES DATA IS MISSING.
T  INDICATES TRACE AMOUNT.




$$
