000
CDUS46 KMFR 260839
CLIAAT


CLIMATE REPORT
NATIONAL WEATHER SERVICE MEDFORD, OR
139 AM PDT TUE MAY 26 2015


...................................

...THE ALTURAS CA CLIMATE SUMMARY FOR MAY 25 2015...

CLIMATE NORMAL PERIOD 1981 TO 2010
CLIMATE RECORD PERIOD 1905 TO 2015


WEATHER ITEM   OBSERVED TIME   RECORD YEAR NORMAL DEPARTURE LAST
                VALUE   (LST)  VALUE       VALUE  FROM      YEAR
                                                  NORMAL
..................................................................
TEMPERATURE (F)
 YESTERDAY
  MAXIMUM         72    212 PM  91    1992  71      1       84
  MINIMUM         46   1118 PM  24    1911  37      9       39
  AVERAGE         59                        54      5       62

PRECIPITATION (IN)
  YESTERDAY        0.05          0.21 2011   0.03   0.02     0.00
  MONTH TO DATE    2.56                      1.11   1.45     0.61
  SINCE OCT 1      9.28                     11.80  -2.52     5.62
  SINCE JAN 1      4.77                      7.29  -2.52     4.99

SNOWFALL (IN)
  YESTERDAY       MM                        MM     MM       MM
  MONTH TO DATE   MM                        MM     MM       MM
  SINCE JUL 1     MM                        MM     MM        0.0
  SNOW DEPTH      MM

DEGREE DAYS
 HEATING
  YESTERDAY        6                        11     -5        3
  MONTH TO DATE  328                       350    -22      286
  SINCE MAR 1   1554                      1827   -273     1570
  SINCE JUL 1   5181                      6694  -1513     6335

 COOLING
  YESTERDAY        0                         0      0        0
  MONTH TO DATE    0                         0      0        0
  SINCE MAR 1      0                         0      0        0
  SINCE JAN 1      0                         0      0        0
..................................................................


WIND (MPH)
  HIGHEST WIND SPEED    20   HIGHEST WIND DIRECTION    SE (150)
  HIGHEST GUST SPEED    25   HIGHEST GUST DIRECTION    SE (150)
  AVERAGE WIND SPEED     6.4


SKY COVER
  POSSIBLE SUNSHINE  MM
  AVERAGE SKY COVER 0.4


WEATHER CONDITIONS
 THE FOLLOWING WEATHER WAS RECORDED YESTERDAY.
  THUNDERSTORM
  LIGHT RAIN


RELATIVE HUMIDITY (PERCENT)
 HIGHEST   100           400 AM
 LOWEST     40           200 PM
 AVERAGE    70

..........................................................


THE ALTURAS CA CLIMATE NORMALS FOR TODAY
                         NORMAL    RECORD    YEAR
 MAXIMUM TEMPERATURE (F)   71        92      1966
 MINIMUM TEMPERATURE (F)   38        23      1989


SUNRISE AND SUNSET
MAY 26 2015...........SUNRISE   534 AM PDT   SUNSET   825 PM PDT
MAY 27 2015...........SUNRISE   534 AM PDT   SUNSET   826 PM PDT


-  INDICATES NEGATIVE NUMBERS.
R  INDICATES RECORD WAS SET OR TIED.
MM INDICATES DATA IS MISSING.
T  INDICATES TRACE AMOUNT.




$$
