000
CDUS46 KMFR 200836
CLIAAT


CLIMATE REPORT
NATIONAL WEATHER SERVICE MEDFORD, OR
136 AM PDT WED AUG 20 2014


...................................

...THE ALTURAS CA CLIMATE SUMMARY FOR AUGUST 19 2014...

CLIMATE NORMAL PERIOD 1981 TO 2010
CLIMATE RECORD PERIOD 1905 TO 2014


WEATHER ITEM   OBSERVED TIME   RECORD YEAR NORMAL DEPARTURE LAST
                VALUE   (LST)  VALUE       VALUE  FROM      YEAR
                                                  NORMAL
..................................................................
TEMPERATURE (F)
 YESTERDAY
  MAXIMUM         93    246 PM 105    1967  86      7       97
  MINIMUM         45    532 AM  29    1973  42      3       51
  AVERAGE         69                        64      5       74

PRECIPITATION (IN)
  YESTERDAY        0.03          0.36 1990   0.00   0.03     0.00
  MONTH TO DATE    0.46                      0.21   0.25     0.13
  SINCE SEP 1      7.42                     14.02  -6.60     8.90
  SINCE JAN 1      6.28                      8.99  -2.71     4.56

SNOWFALL (IN)
  YESTERDAY       MM                        MM     MM       MM
  MONTH TO DATE   MM                        MM     MM       MM
  SINCE JUL 1     MM                        MM     MM       MM
  SNOW DEPTH      MM

DEGREE DAYS
 HEATING
  YESTERDAY        0                         2     -2        0
  MONTH TO DATE    5                        28    -23       39
  SINCE JUN 1    100                       249   -149      199
  SINCE JUL 1     11                        69    -58       43

 COOLING
  YESTERDAY        4                         1      3        9
  MONTH TO DATE   76                        44     32       28
  SINCE JUN 1    349                       139    210      244
  SINCE JAN 1    349                       139    210      244
..................................................................


WIND (MPH)
  HIGHEST WIND SPEED    29   HIGHEST WIND DIRECTION     W (270)
  HIGHEST GUST SPEED    37   HIGHEST GUST DIRECTION     W (270)
  AVERAGE WIND SPEED     5.7


SKY COVER
  POSSIBLE SUNSHINE  MM
  AVERAGE SKY COVER 0.1


WEATHER CONDITIONS
 THE FOLLOWING WEATHER WAS RECORDED YESTERDAY.
  HAZE


RELATIVE HUMIDITY (PERCENT)
 HIGHEST    58           400 AM
 LOWEST     13           300 PM
 AVERAGE    36

..........................................................


THE ALTURAS CA CLIMATE NORMALS FOR TODAY
                         NORMAL    RECORD    YEAR
 MAXIMUM TEMPERATURE (F)   86       104      1967
 MINIMUM TEMPERATURE (F)   42        29      1918


SUNRISE AND SUNSET
AUGUST 20 2014........SUNRISE   616 AM PDT   SUNSET   754 PM PDT
AUGUST 21 2014........SUNRISE   617 AM PDT   SUNSET   753 PM PDT


-  INDICATES NEGATIVE NUMBERS.
R  INDICATES RECORD WAS SET OR TIED.
MM INDICATES DATA IS MISSING.
T  INDICATES TRACE AMOUNT.




$$
