000
CDUS41 KPHI 250633
CLIABE


CLIMATE REPORT
NATIONAL WEATHER SERVICE MOUNT HOLLY NJ
232 AM EDT TUE APR 25 2017


...................................

...THE ALLENTOWN PA CLIMATE SUMMARY FOR APRIL 24 2017...

CLIMATE NORMAL PERIOD 1981 TO 2010
CLIMATE RECORD PERIOD 1922 TO 2017


WEATHER ITEM   OBSERVED TIME   RECORD YEAR NORMAL DEPARTURE LAST
                VALUE   (LST)  VALUE       VALUE  FROM      YEAR
                                                  NORMAL
..................................................................
TEMPERATURE (F)
 YESTERDAY
  MAXIMUM         62    319 PM  86    1960  65     -3       69
  MINIMUM         41    306 AM  29    1930  41      0       37
  AVERAGE         52                        53     -1       53

PRECIPITATION (IN)
  YESTERDAY        T             2.52 1968   0.11  -0.11     0.00
  MONTH TO DATE    2.23                      2.85  -0.62     1.39
  SINCE MAR 1      7.49                      6.24   1.25     2.35
  SINCE JAN 1     12.58                     11.97   0.61    11.38

SNOWFALL (IN)
  YESTERDAY        0.0           T    1971   0.0    0.0      0.0
  MONTH TO DATE    0.0                       0.9   -0.9       T
  SINCE MAR 1     18.3                       5.8   12.5      0.3
  SINCE JUL 1     28.3                      32.8   -4.5     36.2
  SNOW DEPTH       0

DEGREE DAYS
 HEATING
  YESTERDAY       13                        12      1       12
  MONTH TO DATE  240                       389   -149      374
  SINCE MAR 1   1075                      1192   -117      944
  SINCE JUL 1   4577                      5501   -924     4401

 COOLING
  YESTERDAY        0                         0      0        0
  MONTH TO DATE    2                         0      2        6
  SINCE MAR 1      2                         0      2        8
  SINCE JAN 1      2                         0      2        8
..................................................................


WIND (MPH)
  HIGHEST WIND SPEED    16   HIGHEST WIND DIRECTION     E (80)
  HIGHEST GUST SPEED    19   HIGHEST GUST DIRECTION     E (90)
  AVERAGE WIND SPEED     6.7


SKY COVER
  POSSIBLE SUNSHINE  MM
  AVERAGE SKY COVER 0.6


WEATHER CONDITIONS
 THE FOLLOWING WEATHER WAS RECORDED YESTERDAY.
  LIGHT RAIN


RELATIVE HUMIDITY (PERCENT)
 HIGHEST    89           200 AM
 LOWEST     47           500 PM
 AVERAGE    68

..........................................................


THE ALLENTOWN PA CLIMATE NORMALS FOR TODAY
                         NORMAL    RECORD    YEAR
 MAXIMUM TEMPERATURE (F)   65        89      1960
 MINIMUM TEMPERATURE (F)   42        27      2015
                                             1956
                                             1936


SUNRISE AND SUNSET
APRIL 25 2017.........SUNRISE   608 AM EDT   SUNSET   752 PM EDT
APRIL 26 2017.........SUNRISE   607 AM EDT   SUNSET   753 PM EDT


-  INDICATES NEGATIVE NUMBERS.
R  INDICATES RECORD WAS SET OR TIED.
MM INDICATES DATA IS MISSING.
T  INDICATES TRACE AMOUNT.




$$
