000
CDUS41 KPHI 220643
CLIABE


CLIMATE REPORT
NATIONAL WEATHER SERVICE MOUNT HOLLY NJ
141 AM EST WED FEB 22 2017


...................................

...THE ALLENTOWN PA CLIMATE SUMMARY FOR FEBRUARY 21 2017...

CLIMATE NORMAL PERIOD 1981 TO 2010
CLIMATE RECORD PERIOD 1922 TO 2017


WEATHER ITEM   OBSERVED TIME   RECORD YEAR NORMAL DEPARTURE LAST
                VALUE   (LST)  VALUE       VALUE  FROM      YEAR
                                                  NORMAL
..................................................................
TEMPERATURE (F)
 YESTERDAY
  MAXIMUM         52    347 PM  67    1953  41     11       57
                                      1930
  MINIMUM         26    651 AM  -3    2015  23      3       30
  AVERAGE         39                        32      7       44

PRECIPITATION (IN)
  YESTERDAY        0.00          0.90 1989   0.09  -0.09     0.18
  MONTH TO DATE    1.20                      2.01  -0.81     2.67
  SINCE DEC 1      7.02                      8.62  -1.60    10.04
  SINCE JAN 1      4.59                      5.04  -0.45     5.84

SNOWFALL (IN)
  YESTERDAY        0.0           4.6  1947   0.4   -0.4      0.0
  MONTH TO DATE    7.1                       8.7   -1.6      3.6
  SINCE DEC 1     10.0                      23.9  -13.9     35.9
  SINCE JUL 1     10.0                      24.6  -14.6     35.9
  SNOW DEPTH       0

DEGREE DAYS
 HEATING
  YESTERDAY       26                        33     -7       21
  MONTH TO DATE  606                       735   -129      697
  SINCE DEC 1   2486                      2905   -419     2384
  SINCE JUL 1   3391                      4085   -694     3266

 COOLING
  YESTERDAY        0                         0      0        0
  MONTH TO DATE    0                         0      0        0
  SINCE DEC 1      0                         0      0        0
  SINCE JAN 1      0                         0      0        0
..................................................................


WIND (MPH)
  HIGHEST WIND SPEED    14   HIGHEST WIND DIRECTION     S (200)
  HIGHEST GUST SPEED    17   HIGHEST GUST DIRECTION     S (180)
  AVERAGE WIND SPEED    MM


SKY COVER
  POSSIBLE SUNSHINE  MM
  AVERAGE SKY COVER  MM


WEATHER CONDITIONS
 THE FOLLOWING WEATHER WAS RECORDED YESTERDAY.
  NO SIGNIFICANT WEATHER WAS OBSERVED.


RELATIVE HUMIDITY (PERCENT)
 HIGHEST    MM
 LOWEST     MM
 AVERAGE    MM

..........................................................


THE ALLENTOWN PA CLIMATE NORMALS FOR TODAY
                         NORMAL    RECORD    YEAR
 MAXIMUM TEMPERATURE (F)   42        68      1974
 MINIMUM TEMPERATURE (F)   23         2      1968


SUNRISE AND SUNSET
FEBRUARY 22 2017......SUNRISE   646 AM EST   SUNSET   545 PM EST
FEBRUARY 23 2017......SUNRISE   644 AM EST   SUNSET   546 PM EST


-  INDICATES NEGATIVE NUMBERS.
R  INDICATES RECORD WAS SET OR TIED.
MM INDICATES DATA IS MISSING.
T  INDICATES TRACE AMOUNT.




$$
