000
CDUS41 KPHI 230546
CLIABE


CLIMATE REPORT
NATIONAL WEATHER SERVICE MOUNT HOLLY NJ
146 AM EDT MON OCT 23 2017


...................................

...THE ALLENTOWN PA CLIMATE SUMMARY FOR OCTOBER 22 2017...

CLIMATE NORMAL PERIOD 1981 TO 2010
CLIMATE RECORD PERIOD 1922 TO 2017


WEATHER ITEM   OBSERVED TIME   RECORD YEAR NORMAL DEPARTURE LAST
                VALUE   (LST)  VALUE       VALUE  FROM      YEAR
                                                  NORMAL
..................................................................
TEMPERATURE (F)
 YESTERDAY
  MAXIMUM         76    308 PM  84    1979  62     14       54
  MINIMUM         42    621 AM  21    1940  39      3       46
  AVERAGE         59                        50      9       50

PRECIPITATION (IN)
  YESTERDAY        0.00          2.01 1984   0.12  -0.12     0.12
  MONTH TO DATE    1.33                      2.91  -1.58     0.53
  SINCE SEP 1      5.13                      7.53  -2.40     3.95
  SINCE JAN 1     44.27                     37.30   6.97    30.36

SNOWFALL (IN)
  YESTERDAY        0.0           0.0    MM   0.0    0.0      0.0
  MONTH TO DATE    0.0                       0.0    0.0      0.0
  SINCE SEP 1      0.0                       0.0    0.0      0.0
  SINCE JUL 1      0.0                       0.0    0.0      0.0
  SNOW DEPTH       0

DEGREE DAYS
 HEATING
  YESTERDAY        6                        15     -9       15
  MONTH TO DATE  102                       251   -149      145
  SINCE SEP 1    158                       355   -197      187
  SINCE JUL 1    162                       366   -204      187

 COOLING
  YESTERDAY        0                         0      0        0
  MONTH TO DATE   51                         3     48       15
  SINCE SEP 1    195                        74    121      191
  SINCE JAN 1   1003                       753    250     1223
..................................................................


WIND (MPH)
  HIGHEST WIND SPEED    12   HIGHEST WIND DIRECTION    SE (150)
  HIGHEST GUST SPEED    17   HIGHEST GUST DIRECTION     S (160)
  AVERAGE WIND SPEED     3.5


SKY COVER
  POSSIBLE SUNSHINE  MM
  AVERAGE SKY COVER 0.0


WEATHER CONDITIONS
 THE FOLLOWING WEATHER WAS RECORDED YESTERDAY.
  NO SIGNIFICANT WEATHER WAS OBSERVED.


RELATIVE HUMIDITY (PERCENT)
 HIGHEST    92           300 AM
 LOWEST     31           100 PM
 AVERAGE    62

..........................................................


THE ALLENTOWN PA CLIMATE NORMALS FOR TODAY
                         NORMAL    RECORD    YEAR
 MAXIMUM TEMPERATURE (F)   61        85      1947
 MINIMUM TEMPERATURE (F)   39        24      1997


SUNRISE AND SUNSET
OCTOBER 23 2017.......SUNRISE   722 AM EDT   SUNSET   610 PM EDT
OCTOBER 24 2017.......SUNRISE   723 AM EDT   SUNSET   608 PM EDT


-  INDICATES NEGATIVE NUMBERS.
R  INDICATES RECORD WAS SET OR TIED.
MM INDICATES DATA IS MISSING.
T  INDICATES TRACE AMOUNT.




$$
