000
CDUS41 KPHI 250631
CLIABE


CLIMATE REPORT
NATIONAL WEATHER SERVICE MOUNT HOLLY NJ
230 AM EDT FRI APR 25 2014


...................................

...THE ALLENTOWN PA CLIMATE SUMMARY FOR APRIL 24 2014...

CLIMATE NORMAL PERIOD 1981 TO 2010
CLIMATE RECORD PERIOD 1922 TO 2014


WEATHER ITEM   OBSERVED TIME   RECORD YEAR NORMAL DEPARTURE LAST
                VALUE   (LST)  VALUE       VALUE  FROM      YEAR
                                                  NORMAL
..................................................................
TEMPERATURE (F)
 YESTERDAY
  MAXIMUM         61    341 PM  86    1960  65     -4       71
  MINIMUM         38    421 AM  29    1930  41     -3       36
  AVERAGE         50                        53     -3       54

PRECIPITATION (IN)
  YESTERDAY        0.00          2.52 1968   0.11  -0.11     0.03
  MONTH TO DATE    2.63                      2.85  -0.22     2.75
  SINCE MAR 1      5.07                      6.24  -1.17     5.04
  SINCE JAN 1     14.06                     11.97   2.09    11.10

SNOWFALL (IN)
  YESTERDAY        0.0           T    1971   0.0    0.0      0.0
  MONTH TO DATE    0.3                       0.9   -0.6      0.0
  SINCE MAR 1      1.4                       5.8   -4.4      4.5
  SINCE JUL 1     68.1                      32.8   35.3     21.4
  SNOW DEPTH       0

DEGREE DAYS
 HEATING
  YESTERDAY       15                        12      3       11
  MONTH TO DATE  375                       389    -14      351
  SINCE MAR 1   1337                      1192    145     1184
  SINCE JUL 1   5935                      5501    434     5139

 COOLING
  YESTERDAY        0                         0      0        0
  MONTH TO DATE    7                         0      7        8
  SINCE MAR 1      7                         0      7        8
  SINCE JAN 1      7                         0      7        8
..................................................................


WIND (MPH)
  HIGHEST WIND SPEED    25   HIGHEST WIND DIRECTION     N (340)
  HIGHEST GUST SPEED    31   HIGHEST GUST DIRECTION    NW (330)
  AVERAGE WIND SPEED    11.8


SKY COVER
  POSSIBLE SUNSHINE  MM
  AVERAGE SKY COVER 0.0


WEATHER CONDITIONS
 THE FOLLOWING WEATHER WAS RECORDED YESTERDAY.
  NO SIGNIFICANT WEATHER WAS OBSERVED.


RELATIVE HUMIDITY (PERCENT)
 HIGHEST    49          1200 AM
 LOWEST     15           400 PM
 AVERAGE    32

..........................................................


THE ALLENTOWN PA CLIMATE NORMALS FOR TODAY
                         NORMAL    RECORD    YEAR
 MAXIMUM TEMPERATURE (F)   65        89      1960
 MINIMUM TEMPERATURE (F)   42        27      1956
                                             1936


SUNRISE AND SUNSET
APRIL 25 2014.........SUNRISE   609 AM EDT   SUNSET   752 PM EDT
APRIL 26 2014.........SUNRISE   607 AM EDT   SUNSET   753 PM EDT


-  INDICATES NEGATIVE NUMBERS.
R  INDICATES RECORD WAS SET OR TIED.
MM INDICATES DATA IS MISSING.
T  INDICATES TRACE AMOUNT.




$$
