000
CDUS41 KPHI 240632
CLIABE


CLIMATE REPORT
NATIONAL WEATHER SERVICE MOUNT HOLLY NJ
231 AM EDT FRI OCT 24 2014


...................................

...THE ALLENTOWN PA CLIMATE SUMMARY FOR OCTOBER 23 2014...

CLIMATE NORMAL PERIOD 1981 TO 2010
CLIMATE RECORD PERIOD 1922 TO 2014


WEATHER ITEM   OBSERVED TIME   RECORD YEAR NORMAL DEPARTURE LAST
                VALUE   (LST)  VALUE       VALUE  FROM      YEAR
                                                  NORMAL
..................................................................
TEMPERATURE (F)
 YESTERDAY
  MAXIMUM         56   1137 AM  85    1947  61     -5       56
  MINIMUM         50    945 AM  24    1997  39     11       33
  AVERAGE         53                        50      3       45

PRECIPITATION (IN)
  YESTERDAY        T             1.70 1983   0.11  -0.11      T
  MONTH TO DATE    2.39                      3.02  -0.63     2.37
  SINCE SEP 1      3.92                      7.64  -3.72     4.45
  SINCE JAN 1     37.91                     37.41   0.50    39.29

SNOWFALL (IN)
  YESTERDAY        0.0           0.0    MM   0.0    0.0      0.0
  MONTH TO DATE    0.0                       0.0    0.0      0.0
  SINCE SEP 1      0.0                       0.0    0.0      0.0
  SINCE JUL 1      0.0                       0.0    0.0      0.0
  SNOW DEPTH       0

DEGREE DAYS
 HEATING
  YESTERDAY       12                        15     -3       20
  MONTH TO DATE  188                       266    -78      156
  SINCE SEP 1    263                       370   -107      276
  SINCE JUL 1    267                       381   -114      280

 COOLING
  YESTERDAY        0                         0      0        0
  MONTH TO DATE   12                         3      9       24
  SINCE SEP 1    120                        74     46      102
  SINCE JAN 1    807                       753     54      927
..................................................................


WIND (MPH)
  HIGHEST WIND SPEED    28   HIGHEST WIND DIRECTION    NW (330)
  HIGHEST GUST SPEED    35   HIGHEST GUST DIRECTION    NW (330)
  AVERAGE WIND SPEED    13.2


SKY COVER
  POSSIBLE SUNSHINE  MM
  AVERAGE SKY COVER 0.9


WEATHER CONDITIONS
 THE FOLLOWING WEATHER WAS RECORDED YESTERDAY.
  LIGHT RAIN


RELATIVE HUMIDITY (PERCENT)
 HIGHEST    74           800 AM
 LOWEST     66          1200 PM
 AVERAGE    70

..........................................................


THE ALLENTOWN PA CLIMATE NORMALS FOR TODAY
                         NORMAL    RECORD    YEAR
 MAXIMUM TEMPERATURE (F)   61        81      2001
 MINIMUM TEMPERATURE (F)   39        22      1969


SUNRISE AND SUNSET
OCTOBER 24 2014.......SUNRISE   723 AM EDT   SUNSET   608 PM EDT
OCTOBER 25 2014.......SUNRISE   724 AM EDT   SUNSET   607 PM EDT


-  INDICATES NEGATIVE NUMBERS.
R  INDICATES RECORD WAS SET OR TIED.
MM INDICATES DATA IS MISSING.
T  INDICATES TRACE AMOUNT.




$$
