000
CDUS41 KPHI 240633
CLIABE


CLIMATE REPORT
NATIONAL WEATHER SERVICE MOUNT HOLLY NJ
228 AM EDT THU JUL 24 2014


...................................

...THE ALLENTOWN PA CLIMATE SUMMARY FOR JULY 23 2014...

CLIMATE NORMAL PERIOD 1981 TO 2010
CLIMATE RECORD PERIOD 1922 TO 2014


WEATHER ITEM   OBSERVED TIME   RECORD YEAR NORMAL DEPARTURE LAST
                VALUE   (LST)  VALUE       VALUE  FROM      YEAR
                                                  NORMAL
..................................................................
TEMPERATURE (F)
 YESTERDAY
  MAXIMUM         91    318 PM  99    1955  84      7       86
  MINIMUM         68    523 AM  51    1939  63      5       69
  AVERAGE         80                        74      6       78

PRECIPITATION (IN)
  YESTERDAY        0.47          2.30 1953   0.16   0.31     0.53
  MONTH TO DATE    3.74                      3.68   0.06     3.42
  SINCE JUN 1      9.14                      7.99   1.15    10.25
  SINCE JAN 1     31.44                     24.81   6.63    23.80

SNOWFALL (IN)
  YESTERDAY        0.0           0.0  2002   0.0    0.0      0.0
                                      2001
  MONTH TO DATE    0.0                       0.0    0.0      0.0
  SINCE JUN 1      0.0                       0.0    0.0      0.0
  SINCE JUL 1      0.0                       0.0    0.0      0.0
  SNOW DEPTH       0

DEGREE DAYS
 HEATING
  YESTERDAY        0                         0      0        0
  MONTH TO DATE    0                         0      0        0
  SINCE JUN 1      4                        33    -29        9
  SINCE JUL 1      0                         0      0        0

 COOLING
  YESTERDAY       15                         9      6       13
  MONTH TO DATE  236                       199     37      342
  SINCE JUN 1    418                       354     64      533
  SINCE JAN 1    457                       399     58      605
..................................................................


WIND (MPH)
  HIGHEST WIND SPEED    24   HIGHEST WIND DIRECTION     W (280)
  HIGHEST GUST SPEED    35   HIGHEST GUST DIRECTION     W (290)
  AVERAGE WIND SPEED     4.6


SKY COVER
  POSSIBLE SUNSHINE  MM
  AVERAGE SKY COVER 0.3


WEATHER CONDITIONS
 THE FOLLOWING WEATHER WAS RECORDED YESTERDAY.
  THUNDERSTORM
  RAIN
  LIGHT RAIN
  FOG
  FOG W/VISIBILITY <= 1/4 MILE


RELATIVE HUMIDITY (PERCENT)
 HIGHEST    93          1000 PM
 LOWEST     49           300 PM
 AVERAGE    71

..........................................................


THE ALLENTOWN PA CLIMATE NORMALS FOR TODAY
                         NORMAL    RECORD    YEAR
 MAXIMUM TEMPERATURE (F)   84        95      1999
 MINIMUM TEMPERATURE (F)   63        51      1947


SUNRISE AND SUNSET
JULY 24 2014..........SUNRISE   551 AM EDT   SUNSET   825 PM EDT
JULY 25 2014..........SUNRISE   552 AM EDT   SUNSET   824 PM EDT


-  INDICATES NEGATIVE NUMBERS.
R  INDICATES RECORD WAS SET OR TIED.
MM INDICATES DATA IS MISSING.
T  INDICATES TRACE AMOUNT.




$$
