330
CDUS44 KSJT 200814
CLIABI


CLIMATE REPORT
NATIONAL WEATHER SERVICE SAN ANGELO TX
313 AM CDT WED SEP 20 2017


...................................

...THE ABILENE CLIMATE SUMMARY FOR SEPTEMBER 19 2017...

CLIMATE NORMAL PERIOD 1981 TO 2010
CLIMATE RECORD PERIOD 1886 TO 2017


WEATHER ITEM   OBSERVED TIME   RECORD YEAR NORMAL DEPARTURE LAST
                VALUE   (LST)  VALUE       VALUE  FROM      YEAR
                                                  NORMAL
..................................................................
TEMPERATURE (F)
 YESTERDAY
  MAXIMUM         97    247 PM  99    1956  86     11       94
                                      1913
  MINIMUM         74    642 AM  45    1991  63     11       74
  AVERAGE         86                        74     12       84

PRECIPITATION (IN)
  YESTERDAY        T             1.88 1896   0.07  -0.07     0.00
  MONTH TO DATE    T                         1.45  -1.45     2.94
  SINCE SEP 1      T                         1.45  -1.45     2.94
  SINCE JAN 1     14.45                     18.41  -3.96    30.05

DEGREE DAYS
 HEATING
  YESTERDAY        0                         0      0        0
  MONTH TO DATE    0                         0      0        0
  SINCE SEP 1      0                         0      0        0
  SINCE JUL 1      0                         0      0        0

 COOLING
  YESTERDAY       21                        10     11       19
  MONTH TO DATE  231                       237     -6      268
  SINCE SEP 1    231                       237     -6      268
  SINCE JAN 1   2147                      2182    -35     2267
..................................................................


WIND (MPH)
  HIGHEST WIND SPEED    39   HIGHEST WIND DIRECTION     S (160)
  HIGHEST GUST SPEED    47   HIGHEST GUST DIRECTION     S (160)
  AVERAGE WIND SPEED    14.6


SKY COVER
  POSSIBLE SUNSHINE  MM
  AVERAGE SKY COVER 0.0


WEATHER CONDITIONS
 THE FOLLOWING WEATHER WAS RECORDED YESTERDAY.
  LIGHT RAIN


RELATIVE HUMIDITY (PERCENT)
 HIGHEST    87           600 AM
 LOWEST     33           600 PM
 AVERAGE    60

..........................................................


THE ABILENE CLIMATE NORMALS FOR TODAY
                         NORMAL    RECORD    YEAR
 MAXIMUM TEMPERATURE (F)   85       101      1954
                                             1953
 MINIMUM TEMPERATURE (F)   63        41      1971


SUNRISE AND SUNSET
SEPTEMBER 20 2017.....SUNRISE   726 AM CDT   SUNSET   738 PM CDT
SEPTEMBER 21 2017.....SUNRISE   726 AM CDT   SUNSET   736 PM CDT


-  INDICATES NEGATIVE NUMBERS.
R  INDICATES RECORD WAS SET OR TIED.
MM INDICATES DATA IS MISSING.
T  INDICATES TRACE AMOUNT.




$$
