000
CDUS44 KSJT 302226
CLIABI


CLIMATE REPORT
NATIONAL WEATHER SERVICE SAN ANGELO TX
526 PM CDT SUN AUG 30 2015


...................................

...THE ABILENE CLIMATE SUMMARY FOR AUGUST 30 2015...
VALID TODAY AS OF 0500 PM LOCAL TIME.

CLIMATE NORMAL PERIOD 1981 TO 2010
CLIMATE RECORD PERIOD 1886 TO 2015


WEATHER ITEM   OBSERVED TIME   RECORD YEAR NORMAL DEPARTURE LAST
                VALUE   (LST)  VALUE       VALUE  FROM      YEAR
                                                  NORMAL
..................................................................
TEMPERATURE (F)
 TODAY
  MAXIMUM         94    420 PM 105    1959  92      2       97
                                      1956
                                      1943
  MINIMUM         68    550 AM  53    1917  70     -2       72
                                      1915
  AVERAGE         81                        81      0       85

PRECIPITATION (IN)
  TODAY            0.00          2.87 1963   0.10  -0.10     0.00
  MONTH TO DATE    0.62                      2.50  -1.88     0.30
  SINCE JUN 1     12.54                      7.93   4.61     6.51
  SINCE JAN 1     25.17                     16.87   8.30    10.50

DEGREE DAYS
 HEATING
  TODAY            0                         0      0        0
  MONTH TO DATE    0                         0      0        0
  SINCE JUN 1      0                         1     -1        0
  SINCE JUL 1      0                         0      0        0

 COOLING
  TODAY           16                        16      0       20
  MONTH TO DATE  607                       538     69      600
  SINCE JUN 1   1679                      1534    145     1648
  SINCE JAN 1   2068                      1931    137     2162
..................................................................


WIND (MPH)
  HIGHEST WIND SPEED    15   HIGHEST WIND DIRECTION    NW (330)
  HIGHEST GUST SPEED    19   HIGHEST GUST DIRECTION    NW (320)
  AVERAGE WIND SPEED     4.8


SKY COVER
  POSSIBLE SUNSHINE  MM
  AVERAGE SKY COVER 0.2


WEATHER CONDITIONS
 THE FOLLOWING WEATHER WAS RECORDED TODAY.
  NO SIGNIFICANT WEATHER WAS OBSERVED.


RELATIVE HUMIDITY (PERCENT)
 HIGHEST    84           400 AM
 LOWEST     28           400 PM
 AVERAGE    56

..........................................................


THE ABILENE CLIMATE NORMALS FOR TOMORROW
                         NORMAL    RECORD    YEAR
 MAXIMUM TEMPERATURE (F)   92       107      1952
 MINIMUM TEMPERATURE (F)   69        48      1915


SUNRISE AND SUNSET
AUGUST 30 2015........SUNRISE   712 AM CDT   SUNSET   806 PM CDT
AUGUST 31 2015........SUNRISE   713 AM CDT   SUNSET   805 PM CDT


-  INDICATES NEGATIVE NUMBERS.
R  INDICATES RECORD WAS SET OR TIED.
MM INDICATES DATA IS MISSING.
T  INDICATES TRACE AMOUNT.




$$
