000
CDUS44 KSJT 252327
CLIABI


CLIMATE REPORT
NATIONAL WEATHER SERVICE SAN ANGELO TX
526 PM CST THU DEC 25 2014


...................................

...THE ABILENE CLIMATE SUMMARY FOR DECEMBER 25 2014...
VALID TODAY AS OF 0500 PM LOCAL TIME.

CLIMATE NORMAL PERIOD 1981 TO 2010
CLIMATE RECORD PERIOD 1886 TO 2014


WEATHER ITEM   OBSERVED TIME   RECORD YEAR NORMAL DEPARTURE LAST
                VALUE   (LST)  VALUE       VALUE  FROM      YEAR
                                                  NORMAL
..................................................................
TEMPERATURE (F)
 TODAY
  MAXIMUM         62    404 PM  76    1971  56      6       48
                                      1942
  MINIMUM         35    546 AM   6    1983  33      2       30
  AVERAGE         49                        44      5       39

PRECIPITATION (IN)
  TODAY            0.00          2.17 1987   0.03  -0.03     0.00
  MONTH TO DATE    0.28                      1.00  -0.72     1.11
  SINCE DEC 1      0.28                      1.00  -0.72     1.11
  SINCE JAN 1     14.77                     24.59  -9.82    23.19

SNOWFALL (IN)
  TODAY            0.0           1.5  1987   0.0    0.0      0.0
  MONTH TO DATE    0.0                       0.8   -0.8      0.8
  SINCE NOV 1      0.1                       1.5   -1.4      1.3
  SINCE JUL 1      0.1                       1.5   -1.4      1.3

DEGREE DAYS
 HEATING
  TODAY           16                        21     -5       26
  MONTH TO DATE  299                       486   -187      548
  SINCE DEC 1    299                       486   -187      548
  SINCE JUL 1    716                       919   -203     1020

 COOLING
  TODAY            0                         0      0        0
  MONTH TO DATE    0                         0      0        1
  SINCE DEC 1      0                         0      0        1
  SINCE JAN 1   2819                      2408    411     2723
..................................................................


WIND (MPH)
  HIGHEST WIND SPEED    38   HIGHEST WIND DIRECTION     S (190)
  HIGHEST GUST SPEED    47   HIGHEST GUST DIRECTION     S (180)
  AVERAGE WIND SPEED    18.5


SKY COVER
  POSSIBLE SUNSHINE  MM
  AVERAGE SKY COVER 0.0


WEATHER CONDITIONS
 THE FOLLOWING WEATHER WAS RECORDED TODAY.
  NO SIGNIFICANT WEATHER WAS OBSERVED.


RELATIVE HUMIDITY (PERCENT)
 HIGHEST    64          1200 AM
 LOWEST     23           500 PM
 AVERAGE    44

..........................................................


THE ABILENE CLIMATE NORMALS FOR TOMORROW
                         NORMAL    RECORD    YEAR
 MAXIMUM TEMPERATURE (F)   56        81      2005
 MINIMUM TEMPERATURE (F)   33        16      1983


SUNRISE AND SUNSET
DECEMBER 25 2014......SUNRISE   738 AM CST   SUNSET   540 PM CST
DECEMBER 26 2014......SUNRISE   738 AM CST   SUNSET   540 PM CST


-  INDICATES NEGATIVE NUMBERS.
R  INDICATES RECORD WAS SET OR TIED.
MM INDICATES DATA IS MISSING.
T  INDICATES TRACE AMOUNT.




$$
