000
CDUS44 KSJT 060759
CLIABI


CLIMATE REPORT
NATIONAL WEATHER SERVICE SAN ANGELO TX
159 AM CST FRI MAR 6 2015


...................................

...THE ABILENE CLIMATE SUMMARY FOR MARCH 5 2015...

CLIMATE NORMAL PERIOD 1981 TO 2010
CLIMATE RECORD PERIOD 1886 TO 2015


WEATHER ITEM   OBSERVED TIME   RECORD YEAR NORMAL DEPARTURE LAST
                VALUE   (LST)  VALUE       VALUE  FROM      YEAR
                                                  NORMAL
..................................................................
TEMPERATURE (F)
 YESTERDAY
  MAXIMUM         42    522 PM  93    1991  65    -23       61
  MINIMUM         20    727 AM  16    1989  41    -21       37
  AVERAGE         31                        53    -22       49

PRECIPITATION (IN)
  YESTERDAY        T             0.76 1892   0.06  -0.06     0.00
  MONTH TO DATE    0.44                      0.28   0.16     0.03
  SINCE MAR 1      0.44                      0.28   0.16     0.03
  SINCE JAN 1      3.95                      2.66   1.29     0.52

SNOWFALL (IN)
  YESTERDAY        0.1           3.0  1989   0.0    0.1      0.0
  MONTH TO DATE    0.7                       0.1    0.6       T
  SINCE NOV 1      3.8                       4.2   -0.4      3.1
  SINCE JUL 1      3.8                       4.2   -0.4      3.1

DEGREE DAYS
 HEATING
  YESTERDAY       34                        12     22       16
  MONTH TO DATE  143                        64     79      122
  SINCE MAR 1    143                        64     79      122
  SINCE JUL 1   2220                      2197     23     2484

 COOLING
  YESTERDAY        0                         0      0        0
  MONTH TO DATE    0                         0      0        0
  SINCE MAR 1      0                         0      0        0
  SINCE JAN 1      4                         5     -1        5
..................................................................


WIND (MPH)
  HIGHEST WIND SPEED    24   HIGHEST WIND DIRECTION     N (360)
  HIGHEST GUST SPEED    30   HIGHEST GUST DIRECTION     N (10)
  AVERAGE WIND SPEED     8.1


SKY COVER
  POSSIBLE SUNSHINE  MM
  AVERAGE SKY COVER 0.2


WEATHER CONDITIONS
 THE FOLLOWING WEATHER WAS RECORDED YESTERDAY.
  LIGHT SNOW


RELATIVE HUMIDITY (PERCENT)
 HIGHEST    91           600 AM
 LOWEST     40           400 PM
 AVERAGE    66

..........................................................


THE ABILENE CLIMATE NORMALS FOR TODAY
                         NORMAL    RECORD    YEAR
 MAXIMUM TEMPERATURE (F)   65        90      1929
 MINIMUM TEMPERATURE (F)   42        16      1920


SUNRISE AND SUNSET
MARCH  6 2015.........SUNRISE   701 AM CST   SUNSET   640 PM CST
MARCH  7 2015.........SUNRISE   659 AM CST   SUNSET   641 PM CST


-  INDICATES NEGATIVE NUMBERS.
R  INDICATES RECORD WAS SET OR TIED.
MM INDICATES DATA IS MISSING.
T  INDICATES TRACE AMOUNT.




$$
