000
CDUS44 KSJT 240705
CLIABI


CLIMATE REPORT
NATIONAL WEATHER SERVICE SAN ANGELO TX
205 AM CDT SUN MAY 24 2015


...................................

...THE ABILENE CLIMATE SUMMARY FOR MAY 23 2015...

CLIMATE NORMAL PERIOD 1981 TO 2010
CLIMATE RECORD PERIOD 1886 TO 2015


WEATHER ITEM   OBSERVED TIME   RECORD YEAR NORMAL DEPARTURE LAST
                VALUE   (LST)  VALUE       VALUE  FROM      YEAR
                                                  NORMAL
..................................................................
TEMPERATURE (F)
 YESTERDAY
  MAXIMUM         85    349 PM 106    2000  86     -1       83
  MINIMUM         65   1159 PM  45    1893  64      1       66
  AVERAGE         75                        75      0       75

PRECIPITATION (IN)
  YESTERDAY        0.04          2.46 1908   0.12  -0.08     0.24
  MONTH TO DATE    3.19                      2.18   1.01     1.11
  SINCE MAR 1      6.97                      5.56   1.41     2.39
  SINCE JAN 1     10.48                      7.94   2.54     2.88

DEGREE DAYS
 HEATING
  YESTERDAY        0                         0      0        0
  MONTH TO DATE   12                        13     -1       24
  SINCE MAR 1    401                       422    -21      459
  SINCE JUL 1   2478                      2555    -77     2821

 COOLING
  YESTERDAY       10                        10      0       10
  MONTH TO DATE  156                       177    -21      239
  SINCE MAR 1    323                       305     18      434
  SINCE JAN 1    327                       310     17      439
..................................................................


WIND (MPH)
  HIGHEST WIND SPEED    29   HIGHEST WIND DIRECTION     S (170)
  HIGHEST GUST SPEED    36   HIGHEST GUST DIRECTION     S (160)
  AVERAGE WIND SPEED    15.7


SKY COVER
  POSSIBLE SUNSHINE  MM
  AVERAGE SKY COVER 0.8


WEATHER CONDITIONS
 THE FOLLOWING WEATHER WAS RECORDED YESTERDAY.
  LIGHT RAIN
  FOG


RELATIVE HUMIDITY (PERCENT)
 HIGHEST    90          1200 AM
 LOWEST     55           400 PM
 AVERAGE    73

..........................................................


THE ABILENE CLIMATE NORMALS FOR TODAY
                         NORMAL    RECORD    YEAR
 MAXIMUM TEMPERATURE (F)   86       109      2000
 MINIMUM TEMPERATURE (F)   64        48      1930


SUNRISE AND SUNSET
MAY 24 2015...........SUNRISE   635 AM CDT   SUNSET   836 PM CDT
MAY 25 2015...........SUNRISE   635 AM CDT   SUNSET   837 PM CDT


-  INDICATES NEGATIVE NUMBERS.
R  INDICATES RECORD WAS SET OR TIED.
MM INDICATES DATA IS MISSING.
T  INDICATES TRACE AMOUNT.




$$
