141
CDUS44 KSJT 092328
CLIABI


CLIMATE REPORT
NATIONAL WEATHER SERVICE SAN ANGELO TX
528 PM CST TUE FEB 9 2016


...................................

...THE ABILENE CLIMATE SUMMARY FOR FEBRUARY 9 2016...
VALID TODAY AS OF 0500 PM LOCAL TIME.

CLIMATE NORMAL PERIOD 1981 TO 2010
CLIMATE RECORD PERIOD 1886 TO 2016


WEATHER ITEM   OBSERVED TIME   RECORD YEAR NORMAL DEPARTURE LAST
                VALUE   (LST)  VALUE       VALUE  FROM      YEAR
                                                  NORMAL
..................................................................
TEMPERATURE (F)
 TODAY
  MAXIMUM         70    440 PM  87    1976  59     11       78
                                      1943
  MINIMUM         28    537 AM   9    2011  35     -7       39
  AVERAGE         49                        47      2       59

PRECIPITATION (IN)
  TODAY            0.00          1.02 1898   0.05  -0.05     0.00
  MONTH TO DATE    0.00                      0.39  -0.39     0.00
  SINCE DEC 1      2.24                      2.64  -0.40     2.30
  SINCE JAN 1      0.04                      1.41  -1.37     1.77

SNOWFALL (IN)
  TODAY            0.0           2.5  1956   0.0    0.0      0.0
  MONTH TO DATE    0.0                       0.2   -0.2      0.0
  SINCE NOV 1      5.1                       3.5    1.6      0.1
  SINCE JUL 1      5.1                       3.5    1.6      0.1

DEGREE DAYS
 HEATING
  TODAY           16                        18     -2        6
  MONTH TO DATE  163                       166     -3      147
  SINCE DEC 1   1227                      1402   -175     1276
  SINCE JUL 1   1570                      1835   -265     1693

 COOLING
  TODAY            0                         0      0        0
  MONTH TO DATE    0                         0      0        0
  SINCE DEC 1      0                         2     -2        0
  SINCE JAN 1      0                         1     -1        0
..................................................................


WIND (MPH)
  HIGHEST WIND SPEED    22   HIGHEST WIND DIRECTION    NW (320)
  HIGHEST GUST SPEED    29   HIGHEST GUST DIRECTION    NW (310)
  AVERAGE WIND SPEED     9.8


SKY COVER
  POSSIBLE SUNSHINE  MM
  AVERAGE SKY COVER 0.0


WEATHER CONDITIONS
 THE FOLLOWING WEATHER WAS RECORDED TODAY.
  NO SIGNIFICANT WEATHER WAS OBSERVED.


RELATIVE HUMIDITY (PERCENT)
 HIGHEST    75           600 AM
 LOWEST     20           400 PM
 AVERAGE    48

..........................................................


THE ABILENE CLIMATE NORMALS FOR TOMORROW
                         NORMAL    RECORD    YEAR
 MAXIMUM TEMPERATURE (F)   59        87      1996
 MINIMUM TEMPERATURE (F)   36        11      2011
                                             1933


SUNRISE AND SUNSET
FEBRUARY  9 2016......SUNRISE   727 AM CST   SUNSET   619 PM CST
FEBRUARY 10 2016......SUNRISE   726 AM CST   SUNSET   620 PM CST


-  INDICATES NEGATIVE NUMBERS.
R  INDICATES RECORD WAS SET OR TIED.
MM INDICATES DATA IS MISSING.
T  INDICATES TRACE AMOUNT.




$$
