000
CDUS44 KSJT 240756
CLIABI


CLIMATE REPORT
NATIONAL WEATHER SERVICE SAN ANGELO TX
256 AM CDT MON JUL 24 2017


...................................

...THE ABILENE CLIMATE SUMMARY FOR JULY 23 2017...

CLIMATE NORMAL PERIOD 1981 TO 2010
CLIMATE RECORD PERIOD 1886 TO 2017


WEATHER ITEM   OBSERVED TIME   RECORD YEAR NORMAL DEPARTURE LAST
                VALUE   (LST)  VALUE       VALUE  FROM      YEAR
                                                  NORMAL
..................................................................
TEMPERATURE (F)
 YESTERDAY
  MAXIMUM        101    146 PM 107    1943  95      6      100
                                      1911
  MINIMUM         72    618 AM  62    1915  73     -1       75
  AVERAGE         87                        84      3       88

PRECIPITATION (IN)
  YESTERDAY        0.00          1.54 1902   0.05  -0.05     0.00
  MONTH TO DATE    1.04                      1.40  -0.36     0.40
  SINCE JUN 1      2.71                      4.96  -2.25     3.53
  SINCE JAN 1     10.58                     13.90  -3.32    21.33

DEGREE DAYS
 HEATING
  YESTERDAY        0                         0      0        0
  MONTH TO DATE    0                         0      0        0
  SINCE JUN 1      0                         1     -1        0
  SINCE JUL 1      0                         0      0        0

 COOLING
  YESTERDAY       22                        19      3       23
  MONTH TO DATE  415                       410      5      510
  SINCE JUN 1    861                       845     16      963
  SINCE JAN 1   1280                      1242     38     1272
..................................................................


WIND (MPH)
  HIGHEST WIND SPEED    24   HIGHEST WIND DIRECTION    SW (220)
  HIGHEST GUST SPEED    32   HIGHEST GUST DIRECTION    SW (230)
  AVERAGE WIND SPEED     8.2


SKY COVER
  POSSIBLE SUNSHINE  MM
  AVERAGE SKY COVER 0.0


WEATHER CONDITIONS
 THE FOLLOWING WEATHER WAS RECORDED YESTERDAY.
  THUNDERSTORM


RELATIVE HUMIDITY (PERCENT)
 HIGHEST    79           600 AM
 LOWEST     27           100 PM
 AVERAGE    53

..........................................................


THE ABILENE CLIMATE NORMALS FOR TODAY
                         NORMAL    RECORD    YEAR
 MAXIMUM TEMPERATURE (F)   95       106      1943
 MINIMUM TEMPERATURE (F)   73        65      1989
                                             1904
                                             1887


SUNRISE AND SUNSET
JULY 24 2017..........SUNRISE   648 AM CDT   SUNSET   842 PM CDT
JULY 25 2017..........SUNRISE   649 AM CDT   SUNSET   841 PM CDT


-  INDICATES NEGATIVE NUMBERS.
R  INDICATES RECORD WAS SET OR TIED.
MM INDICATES DATA IS MISSING.
T  INDICATES TRACE AMOUNT.




$$
