063
CDUS44 KSJT 200750
CLIABI


CLIMATE REPORT
NATIONAL WEATHER SERVICE SAN ANGELO TX
150 AM CST SAT JAN 20 2018


...................................

...THE ABILENE CLIMATE SUMMARY FOR JANUARY 19 2018...

CLIMATE NORMAL PERIOD 1981 TO 2010
CLIMATE RECORD PERIOD 1886 TO 2018


WEATHER ITEM   OBSERVED TIME   RECORD YEAR NORMAL DEPARTURE LAST
                VALUE   (LST)  VALUE       VALUE  FROM      YEAR
                                                  NORMAL
..................................................................
TEMPERATURE (F)
 YESTERDAY
  MAXIMUM         65    326 PM  87    2000  57      8       69
  MINIMUM         31    813 AM   2    1892  33     -2       43
  AVERAGE         48                        45      3       56

PRECIPITATION (IN)
  YESTERDAY        0.00          0.83 1968   0.03  -0.03     0.00
  MONTH TO DATE    T                         0.56  -0.56     1.93
  SINCE DEC 1      1.05                      1.79  -0.74     3.32
  SINCE JAN 1      T                         0.56  -0.56     1.93

SNOWFALL (IN)
  YESTERDAY        0.0           0.7  1963   0.0    0.0      0.0
  MONTH TO DATE    T                         1.0   -1.0       T
  SINCE NOV 1      T                         2.8   -2.8       T
  SINCE JUL 1      T                         2.8   -2.8       T

DEGREE DAYS
 HEATING
  YESTERDAY       17                        20     -3        9
  MONTH TO DATE  497                       390    107      371
  SINCE DEC 1   1126                      1002    124      937
  SINCE JUL 1   1521                      1435     86     1128

 COOLING
  YESTERDAY        0                         0      0        0
  MONTH TO DATE    0                         0      0        3
  SINCE DEC 1      1                         1      0        3
  SINCE JAN 1      0                         0      0        3
..................................................................


WIND (MPH)
  HIGHEST WIND SPEED    24   HIGHEST WIND DIRECTION     S (200)
  HIGHEST GUST SPEED    30   HIGHEST GUST DIRECTION     S (190)
  AVERAGE WIND SPEED    15.2


SKY COVER
  POSSIBLE SUNSHINE  MM
  AVERAGE SKY COVER 0.0


WEATHER CONDITIONS
 THE FOLLOWING WEATHER WAS RECORDED YESTERDAY.
  NO SIGNIFICANT WEATHER WAS OBSERVED.


RELATIVE HUMIDITY (PERCENT)
 HIGHEST    93          1100 PM
 LOWEST     28           400 PM
 AVERAGE    61

..........................................................


THE ABILENE CLIMATE NORMALS FOR TODAY
                         NORMAL    RECORD    YEAR
 MAXIMUM TEMPERATURE (F)   57        82      2012
                                             1999
 MINIMUM TEMPERATURE (F)   33        10      1985


SUNRISE AND SUNSET
JANUARY 20 2018.......SUNRISE   739 AM CST   SUNSET   601 PM CST
JANUARY 21 2018.......SUNRISE   739 AM CST   SUNSET   602 PM CST


-  INDICATES NEGATIVE NUMBERS.
R  INDICATES RECORD WAS SET OR TIED.
MM INDICATES DATA IS MISSING.
T  INDICATES TRACE AMOUNT.




$$
