000
CDUS45 KABQ 310026
CLIABQ


CLIMATE REPORT
NATIONAL WEATHER SERVICE ALBUQUERQUE NM
623 PM MDT SAT AUG 30 2014


...................................

...THE ALBUQUERQUE  NM CLIMATE SUMMARY FOR AUGUST 30 2014...
VALID TODAY AS OF 0500 PM LOCAL TIME.

CLIMATE NORMAL PERIOD 1981 TO 2010
CLIMATE RECORD PERIOD 1897 TO 2014


WEATHER ITEM   OBSERVED TIME   RECORD YEAR NORMAL DEPARTURE LAST
                VALUE   (LST)  VALUE       VALUE  FROM      YEAR
                                                  NORMAL
..................................................................
TEMPERATURE (F)
 TODAY
  MAXIMUM         90    403 PM  97    2011  86      4       91
  MINIMUM         61    530 AM  47    1915  63     -2       67
  AVERAGE         76                        74      2       79

PRECIPITATION (IN)
  TODAY            0.00          1.17 1907   0.04  -0.04
  MONTH TO DATE    1.45                      1.54  -0.09
  SINCE JUN 1      5.05                      3.70   1.35
  SINCE JAN 1      6.06                      6.24  -0.18

SNOWFALL (IN)
  TODAY            0.0
  MONTH TO DATE    0.0
  SINCE JUN 1      0.0
  SINCE JUL 1      0.0
  SNOW DEPTH       0

DEGREE DAYS
 HEATING
  TODAY            0                         0      0        0
  MONTH TO DATE    0                         0      0        0
  SINCE JUN 1      0                         4     -4        0
  SINCE JUL 1      0                         0      0        0

 COOLING
  TODAY           11                         9      2       14
  MONTH TO DATE  279                       336    -57      381
  SINCE JUN 1   1104                      1049     55     1242
  SINCE JAN 1   1216                      1147     69     1359
..................................................................


WIND (MPH)
  HIGHEST WIND SPEED    16   HIGHEST WIND DIRECTION     W (250)
  HIGHEST GUST SPEED    22   HIGHEST GUST DIRECTION    SW (220)
  AVERAGE WIND SPEED     5.6


SKY COVER
  POSSIBLE SUNSHINE  MM
  AVERAGE SKY COVER 0.4



RELATIVE HUMIDITY (PERCENT)
 HIGHEST    48           500 AM
 LOWEST     17           300 PM
 AVERAGE    33

..........................................................


THE ALBUQUERQUE  NM CLIMATE NORMALS FOR TOMORROW
                         NORMAL    RECORD    YEAR
 MAXIMUM TEMPERATURE (F)   86        96      2011
 MINIMUM TEMPERATURE (F)   63        49      1918


SUNRISE AND SUNSET
AUGUST 30 2014........SUNRISE   638 AM MDT   SUNSET   736 PM MDT
AUGUST 31 2014........SUNRISE   638 AM MDT   SUNSET   734 PM MDT


-  INDICATES NEGATIVE NUMBERS.
R  INDICATES RECORD WAS SET OR TIED.
MM INDICATES DATA IS MISSING.
T  INDICATES TRACE AMOUNT.




$$
