000
CDUS45 KABQ 240835
CLIABQ


CLIMATE REPORT
NATIONAL WEATHER SERVICE ALBUQUERQUE NM
232 AM MDT MON APR 24 2017


...................................

...THE ALBUQUERQUE  NM CLIMATE SUMMARY FOR APRIL 23 2017...

CLIMATE NORMAL PERIOD 1981 TO 2010
CLIMATE RECORD PERIOD 1891 TO 2017


WEATHER ITEM   OBSERVED TIME   RECORD YEAR NORMAL DEPARTURE LAST
                VALUE   (LST)  VALUE       VALUE  FROM      YEAR
                                                  NORMAL
..................................................................
TEMPERATURE (F)
 YESTERDAY
  MAXIMUM         77    450 PM  85    2002  71      6       81
                                      1943
  MINIMUM         44    607 AM  24    1895  45     -1       50
  AVERAGE         61                        58      3       66

PRECIPITATION (IN)
  YESTERDAY        0.00          1.32 1905   0.02  -0.02
  MONTH TO DATE    0.21                      0.49  -0.28
  SINCE MAR 1      0.41                      1.06  -0.65
  SINCE JAN 1      1.80                      1.92  -0.12

SNOWFALL (IN)
  YESTERDAY        0.0
  MONTH TO DATE    T
  SINCE MAR 1      T
  SINCE JUL 1      2.9
  SNOW DEPTH       0

DEGREE DAYS
 HEATING
  YESTERDAY        4                         7     -3        0
  MONTH TO DATE  156                       235    -79      216
  SINCE MAR 1    464                       759   -295      628
  SINCE JUL 1   3146                      4062   -916     3638

 COOLING
  YESTERDAY        0                         0      0        1
  MONTH TO DATE    3                         0      3        4
  SINCE MAR 1      4                         0      4        4
  SINCE JAN 1      4                         0      4        4
..................................................................


WIND (MPH)
  HIGHEST WIND SPEED    32   HIGHEST WIND DIRECTION     S (170)
  HIGHEST GUST SPEED    37   HIGHEST GUST DIRECTION     S (180)
  AVERAGE WIND SPEED    13.6


SKY COVER
  POSSIBLE SUNSHINE  MM
  AVERAGE SKY COVER 0.3


WEATHER CONDITIONS
 THE FOLLOWING WEATHER WAS RECORDED YESTERDAY.
  NO SIGNIFICANT WEATHER WAS OBSERVED.


RELATIVE HUMIDITY (PERCENT)
 HIGHEST    53           600 AM
 LOWEST     19           300 PM
 AVERAGE    36

..........................................................


THE ALBUQUERQUE  NM CLIMATE NORMALS FOR TODAY
                         NORMAL    RECORD    YEAR
 MAXIMUM TEMPERATURE (F)   72        88      2012
                                             1996
 MINIMUM TEMPERATURE (F)   46        28      1913


SUNRISE AND SUNSET
APRIL 24 2017.........SUNRISE   623 AM MDT   SUNSET   747 PM MDT
APRIL 25 2017.........SUNRISE   622 AM MDT   SUNSET   747 PM MDT


-  INDICATES NEGATIVE NUMBERS.
R  INDICATES RECORD WAS SET OR TIED.
MM INDICATES DATA IS MISSING.
T  INDICATES TRACE AMOUNT.


$$
