000
CDUS45 KABQ 290013
CLIABQ


CLIMATE REPORT
NATIONAL WEATHER SERVICE ALBUQUERQUE NM
612 PM MDT TUE JUL 28 2015


...................................

...THE ALBUQUERQUE  NM CLIMATE SUMMARY FOR JULY 28 2015...
VALID TODAY AS OF 0500 PM LOCAL TIME.

CLIMATE NORMAL PERIOD 1981 TO 2010
CLIMATE RECORD PERIOD 1891 TO 2015


WEATHER ITEM   OBSERVED TIME   RECORD YEAR NORMAL DEPARTURE LAST
                VALUE   (LST)  VALUE       VALUE  FROM      YEAR
                                                  NORMAL
..................................................................
TEMPERATURE (F)
 TODAY
  MAXIMUM         94    244 PM 103    1995  89      5       86
  MINIMUM         71    648 AM  44    1913  67      4       69
  AVERAGE         83                        78      5       78

PRECIPITATION (IN)
  TODAY            0.00          1.10 1939   0.05  -0.05
  MONTH TO DATE    3.02                      1.32   1.70
  SINCE JUN 1      3.58                      1.98   1.60
  SINCE JAN 1      7.22                      4.52   2.70

SNOWFALL (IN)
  TODAY            0.0
  MONTH TO DATE    0.0
  SINCE JUN 1      0.0
  SINCE JUL 1      0.0
  SNOW DEPTH       0

DEGREE DAYS
 HEATING
  TODAY            0                         0      0        0
  MONTH TO DATE    0                         0      0        0
  SINCE JUN 1      0                         4     -4        0
  SINCE JUL 1      0                         0      0        0

 COOLING
  TODAY           18                        13      5       13
  MONTH TO DATE  344                       375    -31      407
  SINCE JUN 1    731                       677     54      793
  SINCE JAN 1    764                       775    -11      905
..................................................................


WIND (MPH)
  HIGHEST WIND SPEED    13   HIGHEST WIND DIRECTION     S (200)
  HIGHEST GUST SPEED    16   HIGHEST GUST DIRECTION     S (200)
  AVERAGE WIND SPEED     6.8


SKY COVER
  POSSIBLE SUNSHINE  MM
  AVERAGE SKY COVER 0.5



RELATIVE HUMIDITY (PERCENT)
 HIGHEST    49           600 AM
 LOWEST     18           100 PM
 AVERAGE    34

..........................................................


THE ALBUQUERQUE  NM CLIMATE NORMALS FOR TOMORROW
                         NORMAL    RECORD    YEAR
 MAXIMUM TEMPERATURE (F)   89       103      1978
 MINIMUM TEMPERATURE (F)   66        50      1913


SUNRISE AND SUNSET
JULY 28 2015..........SUNRISE   613 AM MDT   SUNSET   813 PM MDT
JULY 29 2015..........SUNRISE   613 AM MDT   SUNSET   812 PM MDT


-  INDICATES NEGATIVE NUMBERS.
R  INDICATES RECORD WAS SET OR TIED.
MM INDICATES DATA IS MISSING.
T  INDICATES TRACE AMOUNT.




$$
