000
CDUS45 KABQ 050833
CLIABQ


CLIMATE REPORT
NATIONAL WEATHER SERVICE ALBUQUERQUE NM
232 AM MDT THU MAY 5 2016


...................................

...THE ALBUQUERQUE  NM CLIMATE SUMMARY FOR MAY 4 2016...

CLIMATE NORMAL PERIOD 1981 TO 2010
CLIMATE RECORD PERIOD 1891 TO 2016


WEATHER ITEM   OBSERVED TIME   RECORD YEAR NORMAL DEPARTURE LAST
                VALUE   (LST)  VALUE       VALUE  FROM      YEAR
                                                  NORMAL
..................................................................
TEMPERATURE (F)
 YESTERDAY
  MAXIMUM         78    412 PM  94    1947  75      3       77
  MINIMUM         50    534 AM  30    1912  49      1       45
  AVERAGE         64                        62      2       61

PRECIPITATION (IN)
  YESTERDAY        0.00          0.75 2015   0.01  -0.01
  MONTH TO DATE    0.02                      0.06  -0.04
  SINCE MAR 1      0.68                      1.24  -0.56
  SINCE JAN 1      1.10                      2.10  -1.00

SNOWFALL (IN)
  YESTERDAY        0.0
  MONTH TO DATE    T
  SINCE MAR 1      T
  SINCE JUL 1      9.8
  SNOW DEPTH       0

DEGREE DAYS
 HEATING
  YESTERDAY        1                         4     -3        4
  MONTH TO DATE   38                        18     20        5
  SINCE MAR 1    722                       819    -97      610
  SINCE JUL 1   3732                      4122   -390     3531

 COOLING
  YESTERDAY        0                         1     -1        0
  MONTH TO DATE    0                         4     -4        4
  SINCE MAR 1      5                        11     -6        4
  SINCE JAN 1      5                        11     -6        4
..................................................................


WIND (MPH)
  HIGHEST WIND SPEED    16   HIGHEST WIND DIRECTION     W (250)
  HIGHEST GUST SPEED    22   HIGHEST GUST DIRECTION     W (280)
  AVERAGE WIND SPEED     7.4


SKY COVER
  POSSIBLE SUNSHINE  MM
  AVERAGE SKY COVER 0.1


WEATHER CONDITIONS
 THE FOLLOWING WEATHER WAS RECORDED YESTERDAY.
  NO SIGNIFICANT WEATHER WAS OBSERVED.


RELATIVE HUMIDITY (PERCENT)
 HIGHEST    48           500 AM
 LOWEST     10           500 PM
 AVERAGE    29

..........................................................


THE ALBUQUERQUE  NM CLIMATE NORMALS FOR TODAY
                         NORMAL    RECORD    YEAR
 MAXIMUM TEMPERATURE (F)   75        92      1947
 MINIMUM TEMPERATURE (F)   49        33      1915
                                             1912


SUNRISE AND SUNSET
MAY  5 2016...........SUNRISE   611 AM MDT   SUNSET   756 PM MDT
MAY  6 2016...........SUNRISE   610 AM MDT   SUNSET   757 PM MDT


-  INDICATES NEGATIVE NUMBERS.
R  INDICATES RECORD WAS SET OR TIED.
MM INDICATES DATA IS MISSING.
T  INDICATES TRACE AMOUNT.




$$
