000
CDUS45 KABQ 190829
CLIABQ


CLIMATE REPORT
NATIONAL WEATHER SERVICE ALBUQUERQUE NM
128 AM MST FRI JAN 19 2018


...................................

...THE ALBUQUERQUE  NM CLIMATE SUMMARY FOR JANUARY 18 2018...

CLIMATE NORMAL PERIOD 1981 TO 2010
CLIMATE RECORD PERIOD 1891 TO 2018


WEATHER ITEM   OBSERVED TIME   RECORD YEAR NORMAL DEPARTURE LAST
                VALUE   (LST)  VALUE       VALUE  FROM      YEAR
                                                  NORMAL
..................................................................
TEMPERATURE (F)
 YESTERDAY
  MAXIMUM         52    441 PM  65    1906  47      5       47
  MINIMUM         17    613 AM  -1    1915  26     -9       34
  AVERAGE         35                        36     -1       41

PRECIPITATION (IN)
  YESTERDAY        0.00          0.50 1979   0.01  -0.01
  MONTH TO DATE    0.03                      0.22  -0.19
  SINCE DEC 1      0.03                      0.72  -0.69
  SINCE JAN 1      0.03                      0.22  -0.19

SNOWFALL (IN)
  YESTERDAY        0.0
  MONTH TO DATE    0.0
  SINCE DEC 1      T
  SINCE JUL 1      T
  SNOW DEPTH       0

DEGREE DAYS
 HEATING
  YESTERDAY       30                        29      1       24
  MONTH TO DATE  459                       526    -67      426
  SINCE DEC 1   1213                      1416   -203     1217
  SINCE JUL 1   1782                      2283   -501     1794

 COOLING
  YESTERDAY        0                         0      0        0
  MONTH TO DATE    0                         0      0        0
  SINCE DEC 1      0                         0      0        0
  SINCE JAN 1      0                         0      0        0
..................................................................


WIND (MPH)
  HIGHEST WIND SPEED     9   HIGHEST WIND DIRECTION     N (10)
  HIGHEST GUST SPEED    10   HIGHEST GUST DIRECTION     N (340)
  AVERAGE WIND SPEED     2.9


SKY COVER
  POSSIBLE SUNSHINE  MM
  AVERAGE SKY COVER 0.4


WEATHER CONDITIONS
 THE FOLLOWING WEATHER WAS RECORDED YESTERDAY.
  NO SIGNIFICANT WEATHER WAS OBSERVED.


RELATIVE HUMIDITY (PERCENT)
 HIGHEST    68           500 AM
 LOWEST     17           500 PM
 AVERAGE    43

..........................................................


THE ALBUQUERQUE  NM CLIMATE NORMALS FOR TODAY
                         NORMAL    RECORD    YEAR
 MAXIMUM TEMPERATURE (F)   47        67      2000
 MINIMUM TEMPERATURE (F)   26         0      1987


SUNRISE AND SUNSET
JANUARY 19 2018.......SUNRISE   713 AM MST   SUNSET   522 PM MST
JANUARY 20 2018.......SUNRISE   712 AM MST   SUNSET   523 PM MST


-  INDICATES NEGATIVE NUMBERS.
R  INDICATES RECORD WAS SET OR TIED.
MM INDICATES DATA IS MISSING.
T  INDICATES TRACE AMOUNT.




$$
