000
CDUS45 KABQ 220835
CLIABQ


CLIMATE REPORT
NATIONAL WEATHER SERVICE ALBUQUERQUE NM
234 AM MDT SUN OCT 22 2017


...................................

...THE ALBUQUERQUE  NM CLIMATE SUMMARY FOR OCTOBER 21 2017...

CLIMATE NORMAL PERIOD 1981 TO 2010
CLIMATE RECORD PERIOD 1891 TO 2017


WEATHER ITEM   OBSERVED TIME   RECORD YEAR NORMAL DEPARTURE LAST
                VALUE   (LST)  VALUE       VALUE  FROM      YEAR
                                                  NORMAL
..................................................................
TEMPERATURE (F)
 YESTERDAY
  MAXIMUM         66    200 PM  81    2003  67     -1       73
                                      1954
                                      1915
  MINIMUM         50   1147 PM  20    1910  44      6       44
  AVERAGE         58                        56      2       59

PRECIPITATION (IN)
  YESTERDAY        0.00          0.60 1978   0.03  -0.03
  MONTH TO DATE    0.04                      0.77  -0.73
  SINCE SEP 1      2.24                      1.85   0.39
  SINCE JAN 1      7.67                      8.13  -0.46

SNOWFALL (IN)
  YESTERDAY        0.0
  MONTH TO DATE    0.0
  SINCE SEP 1      0.0
  SINCE JUL 1      0.0
  SNOW DEPTH       0

DEGREE DAYS
 HEATING
  YESTERDAY        7                         9     -2        6
  MONTH TO DATE   82                       125    -43       60
  SINCE SEP 1    103                       151    -48       74
  SINCE JUL 1    103                       151    -48       74

 COOLING
  YESTERDAY        0                         0      0        0
  MONTH TO DATE   27                         7     20       17
  SINCE SEP 1    247                       162     85      212
  SINCE JAN 1   1557                      1319    238     1524
..................................................................


WIND (MPH)
  HIGHEST WIND SPEED    23   HIGHEST WIND DIRECTION    NW (320)
  HIGHEST GUST SPEED    36   HIGHEST GUST DIRECTION    NW (320)
  AVERAGE WIND SPEED    13.7


SKY COVER
  POSSIBLE SUNSHINE  MM
  AVERAGE SKY COVER 0.4


WEATHER CONDITIONS
 THE FOLLOWING WEATHER WAS RECORDED YESTERDAY.
  NO SIGNIFICANT WEATHER WAS OBSERVED.


RELATIVE HUMIDITY (PERCENT)
 HIGHEST    43           600 AM
 LOWEST     10           600 PM
 AVERAGE    27

..........................................................


THE ALBUQUERQUE  NM CLIMATE NORMALS FOR TODAY
                         NORMAL    RECORD    YEAR
 MAXIMUM TEMPERATURE (F)   67        82      1915
 MINIMUM TEMPERATURE (F)   44        21      1911


SUNRISE AND SUNSET
OCTOBER 22 2017.......SUNRISE   719 AM MDT   SUNSET   623 PM MDT
OCTOBER 23 2017.......SUNRISE   720 AM MDT   SUNSET   621 PM MDT


-  INDICATES NEGATIVE NUMBERS.
R  INDICATES RECORD WAS SET OR TIED.
MM INDICATES DATA IS MISSING.
T  INDICATES TRACE AMOUNT.




$$
