000
CDUS45 KABQ 220828
CLIABQ


CLIMATE REPORT
NATIONAL WEATHER SERVICE ALBUQUERQUE NM
227 AM MDT THU JUN 22 2017


...................................

...THE ALBUQUERQUE  NM CLIMATE SUMMARY FOR JUNE 21 2017...

CLIMATE NORMAL PERIOD 1981 TO 2010
CLIMATE RECORD PERIOD 1891 TO 2017


WEATHER ITEM   OBSERVED TIME   RECORD YEAR NORMAL DEPARTURE LAST
                VALUE   (LST)  VALUE       VALUE  FROM      YEAR
                                                  NORMAL
..................................................................
TEMPERATURE (F)
 YESTERDAY
  MAXIMUM        102    321 PM 103    1981  90     12       94
                                      1974
  MINIMUM         73    535 AM  45    1915  63     10       70
  AVERAGE         88                        77     11       82

PRECIPITATION (IN)
  YESTERDAY        0.00          0.72 1913   0.02  -0.02
  MONTH TO DATE    T                         0.37  -0.37
  SINCE JUN 1      T                         0.37  -0.37
  SINCE JAN 1      2.61                      2.91  -0.30

SNOWFALL (IN)
  YESTERDAY        0.0
  MONTH TO DATE    0.0
  SINCE JUN 1      0.0
  SINCE JUL 1      3.6
  SNOW DEPTH       0

DEGREE DAYS
 HEATING
  YESTERDAY        0                         0      0        0
  MONTH TO DATE    0                         0      0        0
  SINCE JUN 1      0                         0      0        0
  SINCE JUL 1   3300                      4175   -875     3784

 COOLING
  YESTERDAY       23                        12     11       17
  MONTH TO DATE  268                       188     80      286
  SINCE JUN 1    268                       188     80      286
  SINCE JAN 1    347                       286     61      357
..................................................................


WIND (MPH)
  HIGHEST WIND SPEED    22   HIGHEST WIND DIRECTION     E (70)
  HIGHEST GUST SPEED    30   HIGHEST GUST DIRECTION    NE (60)
  AVERAGE WIND SPEED     7.8


SKY COVER
  POSSIBLE SUNSHINE  MM
  AVERAGE SKY COVER 0.3


WEATHER CONDITIONS
 THE FOLLOWING WEATHER WAS RECORDED YESTERDAY.
  NO SIGNIFICANT WEATHER WAS OBSERVED.


RELATIVE HUMIDITY (PERCENT)
 HIGHEST    41           600 AM
 LOWEST      8           400 PM
 AVERAGE    25

..........................................................


THE ALBUQUERQUE  NM CLIMATE NORMALS FOR TODAY
                         NORMAL    RECORD    YEAR
 MAXIMUM TEMPERATURE (F)   90       104      1981
 MINIMUM TEMPERATURE (F)   64        45      1916


SUNRISE AND SUNSET
JUNE 22 2017..........SUNRISE   553 AM MDT   SUNSET   824 PM MDT
JUNE 23 2017..........SUNRISE   553 AM MDT   SUNSET   824 PM MDT


-  INDICATES NEGATIVE NUMBERS.
R  INDICATES RECORD WAS SET OR TIED.
MM INDICATES DATA IS MISSING.
T  INDICATES TRACE AMOUNT.




$$
