000
CDUS45 KABQ 200833
CLIABQ


CLIMATE REPORT
NATIONAL WEATHER SERVICE ALBUQUERQUE NM
133 AM MST FRI JAN 20 2017


...................................

...THE ALBUQUERQUE  NM CLIMATE SUMMARY FOR JANUARY 19 2017...

CLIMATE NORMAL PERIOD 1981 TO 2010
CLIMATE RECORD PERIOD 1891 TO 2017


WEATHER ITEM   OBSERVED TIME   RECORD YEAR NORMAL DEPARTURE LAST
                VALUE   (LST)  VALUE       VALUE  FROM      YEAR
                                                  NORMAL
..................................................................
TEMPERATURE (F)
 YESTERDAY
  MAXIMUM         50    232 PM  67    2000  47      3       52
  MINIMUM         30    740 AM   0    1987  26      4       30
  AVERAGE         40                        37      3       41

PRECIPITATION (IN)
  YESTERDAY        T             0.51 1916   0.01  -0.01
  MONTH TO DATE    0.87                      0.23   0.64
  SINCE DEC 1      1.38                      0.73   0.65
  SINCE JAN 1      0.87                      0.23   0.64

SNOWFALL (IN)
  YESTERDAY        0.0
  MONTH TO DATE    0.6
  SINCE DEC 1      0.7
  SINCE JUL 1      0.8
  SNOW DEPTH       0

DEGREE DAYS
 HEATING
  YESTERDAY       25                        28     -3       24
  MONTH TO DATE  446                       554   -108      581
  SINCE DEC 1   1237                      1444   -207     1446
  SINCE JUL 1   1814                      2311   -497     2163

 COOLING
  YESTERDAY        0                         0      0        0
  MONTH TO DATE    0                         0      0        0
  SINCE DEC 1      0                         0      0        0
  SINCE JAN 1      0                         0      0        0
..................................................................


WIND (MPH)
  HIGHEST WIND SPEED    20   HIGHEST WIND DIRECTION     W (270)
  HIGHEST GUST SPEED    25   HIGHEST GUST DIRECTION     W (260)
  AVERAGE WIND SPEED     5.8


SKY COVER
  POSSIBLE SUNSHINE  MM
  AVERAGE SKY COVER 0.5


WEATHER CONDITIONS
 THE FOLLOWING WEATHER WAS RECORDED YESTERDAY.
  LIGHT RAIN


RELATIVE HUMIDITY (PERCENT)
 HIGHEST    92           700 AM
 LOWEST     42           300 PM
 AVERAGE    67

..........................................................


THE ALBUQUERQUE  NM CLIMATE NORMALS FOR TODAY
                         NORMAL    RECORD    YEAR
 MAXIMUM TEMPERATURE (F)   47        65      1950
 MINIMUM TEMPERATURE (F)   26        -7      1963


SUNRISE AND SUNSET
JANUARY 20 2017.......SUNRISE   712 AM MST   SUNSET   523 PM MST
JANUARY 21 2017.......SUNRISE   712 AM MST   SUNSET   524 PM MST


-  INDICATES NEGATIVE NUMBERS.
R  INDICATES RECORD WAS SET OR TIED.
MM INDICATES DATA IS MISSING.
T  INDICATES TRACE AMOUNT.




$$
