000
CDUS45 KABQ 220012
CLIABQ


CLIMATE REPORT
NATIONAL WEATHER SERVICE ALBUQUERQUE NM
510 PM MST SUN DEC 21 2014


...................................

...THE ALBUQUERQUE  NM CLIMATE SUMMARY FOR DECEMBER 21 2014...
VALID TODAY AS OF 0500 PM LOCAL TIME.

CLIMATE NORMAL PERIOD 1981 TO 2010
CLIMATE RECORD PERIOD 1897 TO 2014


WEATHER ITEM   OBSERVED TIME   RECORD YEAR NORMAL DEPARTURE LAST
                VALUE   (LST)  VALUE       VALUE  FROM      YEAR
                                                  NORMAL
..................................................................
TEMPERATURE (F)
 TODAY
  MAXIMUM         51    341 PM  68    1981  45      6       41
  MINIMUM         28    742 AM   6    1912  26      2       32
  AVERAGE         40                        36      4       37

PRECIPITATION (IN)
  TODAY            0.00          1.00 1905   0.02  -0.02
  MONTH TO DATE    1.10                      0.35   0.75
  SINCE DEC 1      1.10                      0.35   0.75
  SINCE JAN 1      8.77                      9.30  -0.53

SNOWFALL (IN)
  TODAY            0.0
  MONTH TO DATE    0.9
  SINCE DEC 1      0.9
  SINCE JUL 1      0.9
  SNOW DEPTH       0

DEGREE DAYS
 HEATING
  TODAY           25                        30     -5       28
  MONTH TO DATE  450                       591   -141      611
  SINCE DEC 1    450                       591   -141      611
  SINCE JUL 1   1133                      1458   -325     1501

 COOLING
  TODAY            0                         0      0        0
  MONTH TO DATE    0                         0      0        0
  SINCE DEC 1      0                         0      0        0
  SINCE JAN 1   1444                      1322    122     1565
..................................................................


WIND (MPH)
  HIGHEST WIND SPEED    12   HIGHEST WIND DIRECTION    NW (310)
  HIGHEST GUST SPEED    15   HIGHEST GUST DIRECTION    NE (30)
  AVERAGE WIND SPEED     2.8


SKY COVER
  POSSIBLE SUNSHINE  MM
  AVERAGE SKY COVER 0.6



RELATIVE HUMIDITY (PERCENT)
 HIGHEST    78           300 AM
 LOWEST     42           200 PM
 AVERAGE    60

..........................................................


THE ALBUQUERQUE  NM CLIMATE NORMALS FOR TOMORROW
                         NORMAL    RECORD    YEAR
 MAXIMUM TEMPERATURE (F)   45        65      1969
 MINIMUM TEMPERATURE (F)   26       -10      1913


SUNRISE AND SUNSET
DECEMBER 21 2014......SUNRISE   711 AM MST   SUNSET   459 PM MST
DECEMBER 22 2014......SUNRISE   711 AM MST   SUNSET   459 PM MST


-  INDICATES NEGATIVE NUMBERS.
R  INDICATES RECORD WAS SET OR TIED.
MM INDICATES DATA IS MISSING.
T  INDICATES TRACE AMOUNT.




$$
