000
CDUS45 KABQ 160935
CLIABQ


CLIMATE REPORT
NATIONAL WEATHER SERVICE ALBUQUERQUE NM
332 AM MDT TUE SEP 16 2014


...................................

...THE ALBUQUERQUE  NM CLIMATE SUMMARY FOR SEPTEMBER 15 2014...

CLIMATE NORMAL PERIOD 1981 TO 2010
CLIMATE RECORD PERIOD 1897 TO 2014


WEATHER ITEM   OBSERVED TIME   RECORD YEAR NORMAL DEPARTURE LAST
                VALUE   (LST)  VALUE       VALUE  FROM      YEAR
                                                  NORMAL
..................................................................
TEMPERATURE (F)
 YESTERDAY
  MAXIMUM         88    415 PM  94    1956  81      7       79
  MINIMUM         62    646 AM  38    1894  58      4       58
  AVERAGE         75                        70      5       69

PRECIPITATION (IN)
  YESTERDAY        0.42R         0.40 1899   0.03   0.39
  MONTH TO DATE    0.44                      0.54  -0.10
  SINCE SEP 1      0.44                      0.54  -0.10
  SINCE JAN 1      6.50                      6.82  -0.32

SNOWFALL (IN)
  YESTERDAY        0.0
  MONTH TO DATE    0.0
  SINCE SEP 1      0.0
  SINCE JUL 1      0.0
  SNOW DEPTH       0

DEGREE DAYS
 HEATING
  YESTERDAY        0                         1     -1        0
  MONTH TO DATE    5                         1      4        0
  SINCE SEP 1      5                         1      4        0
  SINCE JUL 1      5                         1      4        0

 COOLING
  YESTERDAY       10                         5      5        4
  MONTH TO DATE  131                       109     22      142
  SINCE SEP 1    131                       109     22      142
  SINCE JAN 1   1361                      1266     95     1517
..................................................................


WIND (MPH)
  HIGHEST WIND SPEED    36   HIGHEST WIND DIRECTION     E (70)
  HIGHEST GUST SPEED    42   HIGHEST GUST DIRECTION     E (70)
  AVERAGE WIND SPEED     8.1


SKY COVER
  POSSIBLE SUNSHINE  MM
  AVERAGE SKY COVER 0.5


WEATHER CONDITIONS
 THE FOLLOWING WEATHER WAS RECORDED YESTERDAY.
  THUNDERSTORM
  LIGHT RAIN


RELATIVE HUMIDITY (PERCENT)
 HIGHEST    72           700 AM
 LOWEST     32           400 PM
 AVERAGE    52

..........................................................


THE ALBUQUERQUE  NM CLIMATE NORMALS FOR TODAY
                         NORMAL    RECORD    YEAR
 MAXIMUM TEMPERATURE (F)   81        94      1956
 MINIMUM TEMPERATURE (F)   58        42      1903


SUNRISE AND SUNSET
SEPTEMBER 16 2014.....SUNRISE   650 AM MDT   SUNSET   712 PM MDT
SEPTEMBER 17 2014.....SUNRISE   651 AM MDT   SUNSET   710 PM MDT


-  INDICATES NEGATIVE NUMBERS.
R  INDICATES RECORD WAS SET OR TIED.
MM INDICATES DATA IS MISSING.
T  INDICATES TRACE AMOUNT.




$$
