000
CDUS43 KABR 050904
CLIABR


CLIMATE REPORT
NATIONAL WEATHER SERVICE ABERDEEN SD
403 AM CDT SUN JUL 5 2015


...................................

...THE ABERDEEN SD CLIMATE SUMMARY FOR JULY 4 2015...

CLIMATE NORMAL PERIOD 1981 TO 2010
CLIMATE RECORD PERIOD 1893 TO 2015


WEATHER ITEM   OBSERVED TIME   RECORD YEAR NORMAL DEPARTURE LAST
                VALUE   (LST)  VALUE       VALUE  FROM      YEAR
                                                  NORMAL
..................................................................
TEMPERATURE (F)
 YESTERDAY
  MAXIMUM         87    424 PM 105    1988  82      5       82
  MINIMUM         62    539 AM  40    1967  58      4       62
  AVERAGE         75                        70      5       72

PRECIPITATION (IN)
  YESTERDAY        0.78          2.50 1899   0.11   0.67     0.00
  MONTH TO DATE    1.46                      0.42   1.04     0.14
  SINCE JUN 1      3.56                      4.12  -0.56     3.45
  SINCE JAN 1     11.78                     11.26   0.52     8.88

DEGREE DAYS
 HEATING
  YESTERDAY        0                         1     -1        0
  MONTH TO DATE    0                         4     -4       13
  SINCE JUN 1     14                        80    -66       96
  SINCE JUL 1      0                         4     -4       13

 COOLING
  YESTERDAY       10                         6      4        7
  MONTH TO DATE   25                        24      1        7
  SINCE JUN 1    164                       116     48       53
  SINCE JAN 1    178                       139     39       95
..................................................................


WIND (MPH)
  HIGHEST WIND SPEED    26   HIGHEST WIND DIRECTION     S (160)
  HIGHEST GUST SPEED    35   HIGHEST GUST DIRECTION    SE (140)
  AVERAGE WIND SPEED    11.1


SKY COVER
  POSSIBLE SUNSHINE  MM
  AVERAGE SKY COVER 0.3


WEATHER CONDITIONS
 THE FOLLOWING WEATHER WAS RECORDED YESTERDAY.
  THUNDERSTORM
  HEAVY RAIN
  RAIN
  LIGHT RAIN
  FOG
  HAZE


RELATIVE HUMIDITY (PERCENT)
 HIGHEST   100           400 AM
 LOWEST     50           400 PM
 AVERAGE    75

..........................................................


THE ABERDEEN SD CLIMATE NORMALS FOR TODAY
                         NORMAL    RECORD    YEAR
 MAXIMUM TEMPERATURE (F)   83       108      1936
 MINIMUM TEMPERATURE (F)   58        35      1915


SUNRISE AND SUNSET
JULY  5 2015..........SUNRISE   551 AM CDT   SUNSET   925 PM CDT
JULY  6 2015..........SUNRISE   552 AM CDT   SUNSET   924 PM CDT


-  INDICATES NEGATIVE NUMBERS.
R  INDICATES RECORD WAS SET OR TIED.
MM INDICATES DATA IS MISSING.
T  INDICATES TRACE AMOUNT.




$$
