000
CDUS43 KABR 010909
CLIABR


CLIMATE REPORT
NATIONAL WEATHER SERVICE ABERDEEN SD
408 AM CDT TUE SEP 1 2015


...................................

...THE ABERDEEN SD CLIMATE SUMMARY FOR AUGUST 31 2015...

CLIMATE NORMAL PERIOD 1981 TO 2010
CLIMATE RECORD PERIOD 1893 TO 2015


WEATHER ITEM   OBSERVED TIME   RECORD YEAR NORMAL DEPARTURE LAST
                VALUE   (LST)  VALUE       VALUE  FROM      YEAR
                                                  NORMAL
..................................................................
TEMPERATURE (F)
 YESTERDAY
  MAXIMUM         80    107 PM  98    1921  78      2       73
                                      1898
  MINIMUM         59   1142 PM  32    1987  52      7       58
  AVERAGE         70                        65      5       66

PRECIPITATION (IN)
  YESTERDAY        0.00          0.75 1977   0.08  -0.08     0.01
                                      1908
  MONTH TO DATE    2.94                      2.43   0.51     6.19
  SINCE JUN 1      9.10                      9.15  -0.05    10.20
  SINCE JAN 1     17.32                     16.29   1.03    15.63

DEGREE DAYS
 HEATING
  YESTERDAY        0                         3     -3        0
  MONTH TO DATE   37                        38     -1       25
  SINCE JUN 1     56                       127    -71      145
  SINCE JUL 1     42                        51     -9       62

 COOLING
  YESTERDAY        5                         3      2        1
  MONTH TO DATE  161                       160      1      102
  SINCE JUN 1    549                       460     89      262
  SINCE JAN 1    563                       483     80      304
..................................................................


WIND (MPH)
  HIGHEST WIND SPEED    22   HIGHEST WIND DIRECTION     N (360)
  HIGHEST GUST SPEED    28   HIGHEST GUST DIRECTION     S (160)
  AVERAGE WIND SPEED     9.9


SKY COVER
  POSSIBLE SUNSHINE  MM
  AVERAGE SKY COVER 0.0


WEATHER CONDITIONS
 THE FOLLOWING WEATHER WAS RECORDED YESTERDAY.
  FOG
  HAZE


RELATIVE HUMIDITY (PERCENT)
 HIGHEST    93           800 PM
 LOWEST     58           100 PM
 AVERAGE    76

..........................................................


THE ABERDEEN SD CLIMATE NORMALS FOR TODAY
                         NORMAL    RECORD    YEAR
 MAXIMUM TEMPERATURE (F)   78       104      1913
 MINIMUM TEMPERATURE (F)   52        30      1893


SUNRISE AND SUNSET
SEPTEMBER  1 2015.....SUNRISE   655 AM CDT   SUNSET   812 PM CDT
SEPTEMBER  2 2015.....SUNRISE   656 AM CDT   SUNSET   810 PM CDT


-  INDICATES NEGATIVE NUMBERS.
R  INDICATES RECORD WAS SET OR TIED.
MM INDICATES DATA IS MISSING.
T  INDICATES TRACE AMOUNT.




$$
