000
CDUS43 KABR 281037
CLIABR


CLIMATE REPORT
NATIONAL WEATHER SERVICE ABERDEEN SD
536 AM CDT WED SEP 28 2016


...................................

...THE ABERDEEN SD CLIMATE SUMMARY FOR SEPTEMBER 27 2016...

CLIMATE NORMAL PERIOD 1981 TO 2010
CLIMATE RECORD PERIOD 1893 TO 2016


WEATHER ITEM   OBSERVED TIME   RECORD YEAR NORMAL DEPARTURE LAST
                VALUE   (LST)  VALUE       VALUE  FROM      YEAR
                                                  NORMAL
..................................................................
TEMPERATURE (F)
 YESTERDAY
  MAXIMUM         74    330 PM  95    1952  67      7       83
  MINIMUM         38    603 AM  22    1900  41     -3       62
  AVERAGE         56                        54      2       73

PRECIPITATION (IN)
  YESTERDAY        0.00          1.02 1929   0.07  -0.07     0.00
  MONTH TO DATE    1.23                      1.97  -0.74     0.37
  SINCE SEP 1      1.23                      1.97  -0.74     0.37
  SINCE JAN 1     15.29                     18.26  -2.97    17.69

DEGREE DAYS
 HEATING
  YESTERDAY        9                        12     -3        0
  MONTH TO DATE   94                       187    -93       76
  SINCE SEP 1     94                       187    -93       76
  SINCE JUL 1    125                       238   -113      118

 COOLING
  YESTERDAY        0                         0      0        8
  MONTH TO DATE   54                        39     15      104
  SINCE SEP 1     54                        39     15      104
  SINCE JAN 1    715                       522    193      667
..................................................................


WIND (MPH)
  HIGHEST WIND SPEED    22   HIGHEST WIND DIRECTION    NW (330)
  HIGHEST GUST SPEED    28   HIGHEST GUST DIRECTION    NW (330)
  AVERAGE WIND SPEED     9.2


SKY COVER
  POSSIBLE SUNSHINE  MM
  AVERAGE SKY COVER 0.0


WEATHER CONDITIONS
 THE FOLLOWING WEATHER WAS RECORDED YESTERDAY.
  NO SIGNIFICANT WEATHER WAS OBSERVED.


RELATIVE HUMIDITY (PERCENT)
 HIGHEST    85          1200 AM
 LOWEST     27          1200 PM
 AVERAGE    56

..........................................................


THE ABERDEEN SD CLIMATE NORMALS FOR TODAY
                         NORMAL    RECORD    YEAR
 MAXIMUM TEMPERATURE (F)   67        92      2011
                                             1897
 MINIMUM TEMPERATURE (F)   40        18      1951
                                             1895


SUNRISE AND SUNSET
SEPTEMBER 28 2016.....SUNRISE   729 AM CDT   SUNSET   719 PM CDT
SEPTEMBER 29 2016.....SUNRISE   730 AM CDT   SUNSET   717 PM CDT


-  INDICATES NEGATIVE NUMBERS.
R  INDICATES RECORD WAS SET OR TIED.
MM INDICATES DATA IS MISSING.
T  INDICATES TRACE AMOUNT.




$$
