000
CDUS43 KABR 262335
CLIABR


CLIMATE REPORT
NATIONAL WEATHER SERVICE ABERDEEN SD
532 PM CST WED NOV 26 2014


...................................

...THE ABERDEEN SD CLIMATE SUMMARY FOR NOVEMBER 26 2014...
VALID TODAY AS OF 0500 PM LOCAL TIME.

CLIMATE NORMAL PERIOD 1981 TO 2010
CLIMATE RECORD PERIOD 1893 TO 2014


WEATHER ITEM   OBSERVED TIME   RECORD YEAR NORMAL DEPARTURE LAST
                VALUE   (LST)  VALUE       VALUE  FROM      YEAR
                                                  NORMAL
..................................................................
TEMPERATURE (F)
 TODAY
  MAXIMUM         31   1206 AM  70    1914  33     -2       28
  MINIMUM          5    935 AM -24    1996  14     -9        1
  AVERAGE         18                        23     -5       15

PRECIPITATION (IN)
  TODAY            0.01          1.00 1896   0.02  -0.01     0.00
  MONTH TO DATE    0.64                      0.66  -0.02     0.10
  SINCE SEP 1      1.90                      4.84  -2.94     7.26
  SINCE JAN 1     17.53                     21.13  -3.60    21.02

SNOWFALL (IN)
  TODAY            0.2
  MONTH TO DATE    8.0
  SINCE OCT 1      8.0
  SINCE JUL 1      8.0
  SNOW DEPTH       2

DEGREE DAYS
 HEATING
  TODAY           47                        42      5       50
  MONTH TO DATE 1054                       902    152      949
  SINCE SEP 1   1754                      1742     12     1758
  SINCE JUL 1   1816                      1793     23     1809
..................................................................


WIND (MPH)
  HIGHEST WIND SPEED    30   HIGHEST WIND DIRECTION     N (10)
  HIGHEST GUST SPEED    39   HIGHEST GUST DIRECTION    NE (30)
  AVERAGE WIND SPEED    18.0


SKY COVER
  POSSIBLE SUNSHINE  MM
  AVERAGE SKY COVER 0.8


WEATHER CONDITIONS
 THE FOLLOWING WEATHER WAS RECORDED TODAY.
  LIGHT SNOW
  FOG


RELATIVE HUMIDITY (PERCENT)
 HIGHEST    92          1200 AM
 LOWEST     63          1100 AM
 AVERAGE    78

..........................................................


THE ABERDEEN SD CLIMATE NORMALS FOR TOMORROW
                         NORMAL    RECORD    YEAR
 MAXIMUM TEMPERATURE (F)   33        59      1949
 MINIMUM TEMPERATURE (F)   13       -18      1985


SUNRISE AND SUNSET
NOVEMBER 26 2014......SUNRISE   747 AM CST   SUNSET   455 PM CST
NOVEMBER 27 2014......SUNRISE   748 AM CST   SUNSET   454 PM CST


-  INDICATES NEGATIVE NUMBERS.
R  INDICATES RECORD WAS SET OR TIED.
MM INDICATES DATA IS MISSING.
T  INDICATES TRACE AMOUNT.

&&

PEAK WIND WAS 39 MPH FROM THE NORTHEAST AT 200 AM

$$
