000
CDUS43 KABR 231028
CLIABR


CLIMATE REPORT
NATIONAL WEATHER SERVICE ABERDEEN SD
528 AM CDT TUE SEP 23 2014


...................................

...THE ABERDEEN SD CLIMATE SUMMARY FOR SEPTEMBER 22 2014...

CLIMATE NORMAL PERIOD 1981 TO 2010
CLIMATE RECORD PERIOD 1893 TO 2014


WEATHER ITEM   OBSERVED TIME   RECORD YEAR NORMAL DEPARTURE LAST
                VALUE   (LST)  VALUE       VALUE  FROM      YEAR
                                                  NORMAL
..................................................................
TEMPERATURE (F)
 YESTERDAY
  MAXIMUM         78    420 PM 103    1936  69      9       87
  MINIMUM         36    350 AM  20    1995  43     -7       52
  AVERAGE         57                        56      1       70

PRECIPITATION (IN)
  YESTERDAY        0.00          1.20 1901   0.07  -0.07     0.00
  MONTH TO DATE    0.23                      1.62  -1.39     1.50
  SINCE SEP 1      0.23                      1.62  -1.39     1.50
  SINCE JAN 1     15.86                     17.91  -2.05    15.26

DEGREE DAYS
 HEATING
  YESTERDAY        8                        10     -2        0
  MONTH TO DATE  175                       133     42       78
  SINCE SEP 1    175                       133     42       78
  SINCE JUL 1    237                       184     53      129

 COOLING
  YESTERDAY        0                         1     -1        5
  MONTH TO DATE   14                        38    -24       81
  SINCE SEP 1     14                        38    -24       81
  SINCE JAN 1    318                       521   -203      570
..................................................................


WIND (MPH)
  HIGHEST WIND SPEED    20   HIGHEST WIND DIRECTION     S (160)
  HIGHEST GUST SPEED    26   HIGHEST GUST DIRECTION     S (170)
  AVERAGE WIND SPEED    10.1


SKY COVER
  POSSIBLE SUNSHINE  MM
  AVERAGE SKY COVER 0.0


WEATHER CONDITIONS
 THE FOLLOWING WEATHER WAS RECORDED YESTERDAY.
  FOG


RELATIVE HUMIDITY (PERCENT)
 HIGHEST    93           700 AM
 LOWEST     35           400 PM
 AVERAGE    64

..........................................................


THE ABERDEEN SD CLIMATE NORMALS FOR TODAY
                         NORMAL    RECORD    YEAR
 MAXIMUM TEMPERATURE (F)   69        94      1935
 MINIMUM TEMPERATURE (F)   42        22      2012


SUNRISE AND SUNSET
SEPTEMBER 23 2014.....SUNRISE   722 AM CDT   SUNSET   729 PM CDT
SEPTEMBER 24 2014.....SUNRISE   723 AM CDT   SUNSET   727 PM CDT


-  INDICATES NEGATIVE NUMBERS.
R  INDICATES RECORD WAS SET OR TIED.
MM INDICATES DATA IS MISSING.
T  INDICATES TRACE AMOUNT.




$$
