000
CDUS43 KABR 282230
CLIABR


CLIMATE REPORT
NATIONAL WEATHER SERVICE ABERDEEN SD
527 PM CDT MON JUL 28 2014


...................................

...THE ABERDEEN SD CLIMATE SUMMARY FOR JULY 28 2014...
VALID TODAY AS OF 0500 PM LOCAL TIME.

CLIMATE NORMAL PERIOD 1981 TO 2010
CLIMATE RECORD PERIOD 1893 TO 2014


WEATHER ITEM   OBSERVED TIME   RECORD YEAR NORMAL DEPARTURE LAST
                VALUE   (LST)  VALUE       VALUE  FROM      YEAR
                                                  NORMAL
..................................................................
TEMPERATURE (F)
 TODAY
  MAXIMUM         74    329 PM 109    1975  84    -10       74
                                      1917
  MINIMUM         53    141 AM  40    2013  59     -6       40
  AVERAGE         64                        72     -8       57

PRECIPITATION (IN)
  TODAY            0.00          1.35 1955   0.09  -0.09     0.00
  MONTH TO DATE    0.70                      2.77  -2.07     2.37
  SINCE JUN 1      4.01                      6.47  -2.46     4.57
  SINCE JAN 1      9.44                     13.61  -4.17    13.09

DEGREE DAYS
 COOLING
  TODAY            0                         7     -7        0
  MONTH TO DATE  112                       187    -75      192
  SINCE JUN 1    158                       279   -121      288
  SINCE JAN 1    200                       302   -102      309
..................................................................


WIND (MPH)
  HIGHEST WIND SPEED    14   HIGHEST WIND DIRECTION     N (20)
  HIGHEST GUST SPEED    17   HIGHEST GUST DIRECTION    NE (30)
  AVERAGE WIND SPEED     8.1


SKY COVER
  POSSIBLE SUNSHINE  MM
  AVERAGE SKY COVER 0.7


WEATHER CONDITIONS
 THE FOLLOWING WEATHER WAS RECORDED TODAY.
  NO SIGNIFICANT WEATHER WAS OBSERVED.


RELATIVE HUMIDITY (PERCENT)
 HIGHEST    93          1200 AM
 LOWEST     44           400 PM
 AVERAGE    69

..........................................................


THE ABERDEEN SD CLIMATE NORMALS FOR TOMORROW
                         NORMAL    RECORD    YEAR
 MAXIMUM TEMPERATURE (F)   84       109      1933
 MINIMUM TEMPERATURE (F)   59        42      1899


SUNRISE AND SUNSET
JULY 28 2014..........SUNRISE   613 AM CDT   SUNSET   906 PM CDT
JULY 29 2014..........SUNRISE   614 AM CDT   SUNSET   905 PM CDT


-  INDICATES NEGATIVE NUMBERS.
R  INDICATES RECORD WAS SET OR TIED.
MM INDICATES DATA IS MISSING.
T  INDICATES TRACE AMOUNT.

&&

PEAK WIND WAS 17 MPH FROM THE NORTHEAST AT 1213 PM

$$
