000
CDUS43 KABR 301039
CLIABR


CLIMATE REPORT
NATIONAL WEATHER SERVICE ABERDEEN SD
538 AM CDT THU OCT 30 2014


...................................

...THE ABERDEEN SD CLIMATE SUMMARY FOR OCTOBER 29 2014...

CLIMATE NORMAL PERIOD 1981 TO 2010
CLIMATE RECORD PERIOD 1893 TO 2014


WEATHER ITEM   OBSERVED TIME   RECORD YEAR NORMAL DEPARTURE LAST
                VALUE   (LST)  VALUE       VALUE  FROM      YEAR
                                                  NORMAL
..................................................................
TEMPERATURE (F)
 YESTERDAY
  MAXIMUM         53    254 PM  79    1937  51      2       31
  MINIMUM         25    341 AM  -5    1925  27     -2       25
  AVERAGE         39                        39      0       28

PRECIPITATION (IN)
  YESTERDAY        T             1.71 1996   0.05  -0.05     0.35
  MONTH TO DATE    0.26                      1.91  -1.65     4.72
  SINCE SEP 1      1.26                      4.10  -2.84     7.16
  SINCE JAN 1     16.89                     20.39  -3.50    20.92

SNOWFALL (IN)
  YESTERDAY        0.0
  MONTH TO DATE    0.0
  SINCE OCT 1      0.0
  SINCE JUL 1      0.0
  SNOW DEPTH       0

DEGREE DAYS
 HEATING
  YESTERDAY       26                        26      0       37
  MONTH TO DATE  437                       563   -126      635
  SINCE SEP 1    630                       786   -156      750
  SINCE JUL 1    692                       837   -145      801

 COOLING
  YESTERDAY        0                         0      0        0
  MONTH TO DATE    0                         0      0        0
  SINCE SEP 1     38                        40     -2       91
  SINCE JAN 1    342                       523   -181      580
..................................................................


WIND (MPH)
  HIGHEST WIND SPEED    15   HIGHEST WIND DIRECTION     S (190)
  HIGHEST GUST SPEED    21   HIGHEST GUST DIRECTION     S (170)
  AVERAGE WIND SPEED     6.5


SKY COVER
  POSSIBLE SUNSHINE  MM
  AVERAGE SKY COVER 0.6


WEATHER CONDITIONS
 THE FOLLOWING WEATHER WAS RECORDED YESTERDAY.
  LIGHT RAIN


RELATIVE HUMIDITY (PERCENT)
 HIGHEST    89           700 AM
 LOWEST     38           300 PM
 AVERAGE    64

..........................................................


THE ABERDEEN SD CLIMATE NORMALS FOR TODAY
                         NORMAL    RECORD    YEAR
 MAXIMUM TEMPERATURE (F)   50        85      1950
 MINIMUM TEMPERATURE (F)   27         8      1991
                                             1925


SUNRISE AND SUNSET
OCTOBER 30 2014.......SUNRISE   810 AM CDT   SUNSET   624 PM CDT
OCTOBER 31 2014.......SUNRISE   812 AM CDT   SUNSET   622 PM CDT


-  INDICATES NEGATIVE NUMBERS.
R  INDICATES RECORD WAS SET OR TIED.
MM INDICATES DATA IS MISSING.
T  INDICATES TRACE AMOUNT.




$$
