000
CDUS43 KABR 152237
CLIABR


CLIMATE REPORT
NATIONAL WEATHER SERVICE ABERDEEN SD
535 PM CDT TUE APR 15 2014


...................................

...THE ABERDEEN SD CLIMATE SUMMARY FOR APRIL 15 2014...
VALID TODAY AS OF 0500 PM LOCAL TIME.

CLIMATE NORMAL PERIOD 1981 TO 2010
CLIMATE RECORD PERIOD 1896 TO 2014


WEATHER ITEM   OBSERVED TIME   RECORD YEAR NORMAL DEPARTURE LAST
                VALUE   (LST)  VALUE       VALUE  FROM      YEAR
                                                  NORMAL
..................................................................
TEMPERATURE (F)
 TODAY
  MAXIMUM         46    347 PM  91    1926  57    -11       36
                                      1913
  MINIMUM          8R   423 AM  16    1962  32    -24       29
  AVERAGE         27                        44    -17       33

PRECIPITATION (IN)
  TODAY            0.00          0.98 2012   0.05  -0.05     0.01
                                      1927
  MONTH TO DATE    0.09                      0.74  -0.65     1.82
  SINCE MAR 1      0.86                      1.90  -1.04     2.06
  SINCE JAN 1      1.30                      2.92  -1.62     3.90

SNOWFALL (IN)
  TODAY            0.0
  MONTH TO DATE    T
  SINCE OCT 1     32.5
  SINCE JUL 1     32.5
  SNOW DEPTH       0

DEGREE DAYS
 HEATING
  TODAY           38                        21     17       32
  MONTH TO DATE  420                       364     56      496
  SINCE MAR 1   1642                      1452    190     1891
  SINCE JUL 1   8801                      7915    886     8305

 COOLING
  TODAY            0                         0      0        0
  MONTH TO DATE    0                         0      0        0
  SINCE MAR 1      0                         0      0        0
  SINCE JAN 1      0                         0      0        0
..................................................................


WIND (MPH)
  HIGHEST WIND SPEED    25   HIGHEST WIND DIRECTION    SE (140)
  HIGHEST GUST SPEED    35   HIGHEST GUST DIRECTION    SE (150)
  AVERAGE WIND SPEED     9.3


SKY COVER
  POSSIBLE SUNSHINE  MM
  AVERAGE SKY COVER 0.2


WEATHER CONDITIONS
 THE FOLLOWING WEATHER WAS RECORDED TODAY.
  NO SIGNIFICANT WEATHER WAS OBSERVED.


RELATIVE HUMIDITY (PERCENT)
 HIGHEST    92           300 AM
 LOWEST     33           200 PM
 AVERAGE    63

..........................................................


THE ABERDEEN SD CLIMATE NORMALS FOR TOMORROW
                         NORMAL    RECORD    YEAR
 MAXIMUM TEMPERATURE (F)   58        92      1913
 MINIMUM TEMPERATURE (F)   32        14      1953
                                             1899


SUNRISE AND SUNSET
APRIL 15 2014.........SUNRISE   648 AM CDT   SUNSET   820 PM CDT
APRIL 16 2014.........SUNRISE   647 AM CDT   SUNSET   821 PM CDT


-  INDICATES NEGATIVE NUMBERS.
R  INDICATES RECORD WAS SET OR TIED.
MM INDICATES DATA IS MISSING.
T  INDICATES TRACE AMOUNT.

&&

PEAK WIND WAS 35 MPH FROM THE SOUTHEAST AT 309 PM CDT

$$
