000
CDUS43 KABR 301037
CLIABR


CLIMATE REPORT
NATIONAL WEATHER SERVICE ABERDEEN SD
536 AM CDT SAT JUL 30 2016


...................................

...THE ABERDEEN SD CLIMATE SUMMARY FOR JULY 29 2016...

CLIMATE NORMAL PERIOD 1981 TO 2010
CLIMATE RECORD PERIOD 1893 TO 2016


WEATHER ITEM   OBSERVED TIME   RECORD YEAR NORMAL DEPARTURE LAST
                VALUE   (LST)  VALUE       VALUE  FROM      YEAR
                                                  NORMAL
..................................................................
TEMPERATURE (F)
 YESTERDAY
  MAXIMUM         82    411 PM 109    1933  84     -2       85
                                      1917
  MINIMUM         62    527 AM  42    2014  59      3       55
                                      1899
  AVERAGE         72                        72      0       70

PRECIPITATION (IN)
  YESTERDAY        0.00          1.00 1950   0.09  -0.09     0.00
  MONTH TO DATE    3.69                      2.86   0.83     4.06
  SINCE JUN 1      5.10                      6.56  -1.46     6.16
  SINCE JAN 1     12.04                     13.70  -1.66    14.38

DEGREE DAYS
 HEATING
  YESTERDAY        0                         0      0        0
  MONTH TO DATE    8                         8      0        5
  SINCE JUN 1     28                        84    -56       19
  SINCE JUL 1      8                         8      0        5

 COOLING
  YESTERDAY        7                         7      0        5
  MONTH TO DATE  210                       194     16      236
  SINCE JUN 1    402                       286    116      375
  SINCE JAN 1    435                       309    126      389
..................................................................


WIND (MPH)
  HIGHEST WIND SPEED    12   HIGHEST WIND DIRECTION     S (190)
  HIGHEST GUST SPEED    15   HIGHEST GUST DIRECTION     S (180)
  AVERAGE WIND SPEED     4.8


SKY COVER
  POSSIBLE SUNSHINE  MM
  AVERAGE SKY COVER 0.6


WEATHER CONDITIONS
 THE FOLLOWING WEATHER WAS RECORDED YESTERDAY.
  NO SIGNIFICANT WEATHER WAS OBSERVED.


RELATIVE HUMIDITY (PERCENT)
 HIGHEST    93           500 AM
 LOWEST     54          1000 AM
 AVERAGE    74

..........................................................


THE ABERDEEN SD CLIMATE NORMALS FOR TODAY
                         NORMAL    RECORD    YEAR
 MAXIMUM TEMPERATURE (F)   84       106      2006
 MINIMUM TEMPERATURE (F)   59        39      1971


SUNRISE AND SUNSET
JULY 30 2016..........SUNRISE   616 AM CDT   SUNSET   903 PM CDT
JULY 31 2016..........SUNRISE   617 AM CDT   SUNSET   902 PM CDT


-  INDICATES NEGATIVE NUMBERS.
R  INDICATES RECORD WAS SET OR TIED.
MM INDICATES DATA IS MISSING.
T  INDICATES TRACE AMOUNT.




$$
