000
CDUS42 KTAE 010756
CLIABY


CLIMATE REPORT
NATIONAL WEATHER SERVICE TALLAHASSEE FL
356 AM EDT SUN MAY 1 2016


...................................

...THE ALBANY CLIMATE SUMMARY FOR APRIL 30 2016...

CLIMATE NORMAL PERIOD 1981 TO 2010
CLIMATE RECORD PERIOD 1930 TO 2016


WEATHER ITEM   OBSERVED TIME   RECORD YEAR NORMAL DEPARTURE LAST
                VALUE   (LST)  VALUE       VALUE  FROM      YEAR
                                                  NORMAL
..................................................................
TEMPERATURE (F)
 YESTERDAY
  MAXIMUM         90    443 PM  94    2012  83      7       78
                                      1943
  MINIMUM         68    611 AM  36    1992  57     11       51
  AVERAGE         79                        70      9       65

PRECIPITATION (IN)
  YESTERDAY        0.00                      0.07  -0.07     0.00
  MONTH TO DATE    6.87                      3.64   3.23     5.18
  SINCE MAR 1     11.64                      8.69   2.95     7.35
  SINCE JAN 1     21.95                     17.67   4.28    14.68

SNOWFALL (IN)
  YESTERDAY        0.0

DEGREE DAYS
 HEATING
  YESTERDAY        0                         1     -1        0
  MONTH TO DATE   36                        67    -31        5
  SINCE MAR 1    151                       274   -123      123
  SINCE JUL 1   1286                      1834   -548     1847

 COOLING
  YESTERDAY       14                         6      8        0
  MONTH TO DATE  102                       102      0      180
  SINCE MAR 1    184                       131     53      246
  SINCE JAN 1    187                       140     47      248
..................................................................


WIND (MPH)
  HIGHEST WIND SPEED    16   HIGHEST WIND DIRECTION     S (180)
  HIGHEST GUST SPEED    20   HIGHEST GUST DIRECTION     S (180)
  AVERAGE WIND SPEED     5.8




RELATIVE HUMIDITY (PERCENT)
 HIGHEST    97
 LOWEST     41
 AVERAGE    69

..........................................................


THE ALBANY CLIMATE NORMALS FOR TODAY
                         NORMAL    RECORD    YEAR
 MAXIMUM TEMPERATURE (F)   84        94      1970
 MINIMUM TEMPERATURE (F)   57        41      1992


SUNRISE AND SUNSET
MAY  1 2016...........SUNRISE   651 AM EDT   SUNSET   817 PM EDT
MAY  2 2016...........SUNRISE   650 AM EDT   SUNSET   818 PM EDT


-  INDICATES NEGATIVE NUMBERS.
R  INDICATES RECORD WAS SET OR TIED.
MM INDICATES DATA IS MISSING.
T  INDICATES TRACE AMOUNT.




$$
