000
CDUS42 KTAE 012227
CLIABY


CLIMATE REPORT
NATIONAL WEATHER SERVICE TALLAHASSEE FL
527 PM EST SUN FEB 1 2015


...................................

...THE ALBANY CLIMATE SUMMARY FOR FEBRUARY 1 2015...
VALID TODAY AS OF 0500 PM LOCAL TIME.

CLIMATE NORMAL PERIOD 1981 TO 2010
CLIMATE RECORD PERIOD 1930 TO 2015


WEATHER ITEM   OBSERVED TIME   RECORD YEAR NORMAL DEPARTURE LAST
                VALUE   (LST)  VALUE       VALUE  FROM      YEAR
                                                  NORMAL
..................................................................
TEMPERATURE (F)
 TODAY
  MAXIMUM         71    149 PM  82    1957  62      9       55
  MINIMUM         37    739 AM  11    1966  39     -2       43
  AVERAGE         54                        50      4       49

PRECIPITATION (IN)
  TODAY            0.01                      0.12  -0.11     0.01
  MONTH TO DATE    0.01                      0.12  -0.11     0.01
  SINCE DEC 1     11.04                      8.69   2.35     4.76
  SINCE JAN 1      3.31                      4.94  -1.63     1.66

..................................................................







THE ALBANY CLIMATE NORMALS FOR TOMORROW
                         NORMAL    RECORD    YEAR
 MAXIMUM TEMPERATURE (F)   62        81      1989
 MINIMUM TEMPERATURE (F)   39        14      1979



-  INDICATES NEGATIVE NUMBERS.
R  INDICATES RECORD WAS SET OR TIED.
MM INDICATES DATA IS MISSING.
T  INDICATES TRACE AMOUNT.




$$
