000
CDUS42 KTAE 242240
CLIABY


CLIMATE REPORT
NATIONAL WEATHER SERVICE TALLAHASSEE FL
538 PM EST WED DEC 24 2014


...................................

...THE ALBANY CLIMATE SUMMARY FOR DECEMBER 24 2014...
VALID TODAY AS OF 0500 PM LOCAL TIME.

CLIMATE NORMAL PERIOD 1981 TO 2010
CLIMATE RECORD PERIOD 1930 TO 2014


WEATHER ITEM   OBSERVED TIME   RECORD YEAR NORMAL DEPARTURE LAST
                VALUE   (LST)  VALUE       VALUE  FROM      YEAR
                                                  NORMAL
..................................................................
TEMPERATURE (F)
 TODAY
  MAXIMUM         71    426 PM  80    1970  61     10       55
  MINIMUM         65    250 AM   8    1989  38     27       33
  AVERAGE         68                        50     18       44

PRECIPITATION (IN)
  TODAY            4.08                      0.11   3.97     0.00
  MONTH TO DATE    6.30                      3.20   3.10     2.32
  SINCE DEC 1      6.30                      3.20   3.10     2.32
  SINCE JAN 1     50.22                     48.02   2.20    48.05

..................................................................







THE ALBANY CLIMATE NORMALS FOR TOMORROW
                         NORMAL    RECORD    YEAR
 MAXIMUM TEMPERATURE (F)   61        80      1964
 MINIMUM TEMPERATURE (F)   38        10      1983



-  INDICATES NEGATIVE NUMBERS.
R  INDICATES RECORD WAS SET OR TIED.
MM INDICATES DATA IS MISSING.
T  INDICATES TRACE AMOUNT.




$$
