000
CDUS42 KTAE 110636
CLIABY


CLIMATE REPORT
NATIONAL WEATHER SERVICE TALLAHASSEE FL
135 AM EST THU FEB 11 2016


...................................

...THE ALBANY CLIMATE SUMMARY FOR FEBRUARY 10 2016...

CLIMATE NORMAL PERIOD 1981 TO 2010
CLIMATE RECORD PERIOD 1930 TO 2016


WEATHER ITEM   OBSERVED TIME   RECORD YEAR NORMAL DEPARTURE LAST
                VALUE   (LST)  VALUE       VALUE  FROM      YEAR
                                                  NORMAL
..................................................................
TEMPERATURE (F)
 YESTERDAY
  MAXIMUM         48    507 PM  82    1994  63    -15       58
  MINIMUM         26    443 AM  18    1979  40    -14       40
  AVERAGE         37                        52    -15       49

PRECIPITATION (IN)
  YESTERDAY        0.00                      0.13  -0.13     0.00
  MONTH TO DATE    2.30                      1.33   0.97     1.29
  SINCE DEC 1     12.82                      9.90   2.92    12.32
  SINCE JAN 1      5.96                      6.15  -0.19     4.59

SNOWFALL (IN)
  YESTERDAY        0.0

DEGREE DAYS
 HEATING
  YESTERDAY       28                        14     14       16
  MONTH TO DATE  154                       143     11      155
  SINCE DEC 1    823                      1077   -254      997
  SINCE JUL 1    947                      1347   -400     1402

 COOLING
  YESTERDAY        0                         0      0        0
  MONTH TO DATE    0                         0      0        0
  SINCE DEC 1     76                        13     63        7
  SINCE JAN 1      0                         4     -4        2
..................................................................


WIND (MPH)
  HIGHEST WIND SPEED    21   HIGHEST WIND DIRECTION     W (280)
  HIGHEST GUST SPEED    29   HIGHEST GUST DIRECTION     W (290)
  AVERAGE WIND SPEED     7.7




RELATIVE HUMIDITY (PERCENT)
 HIGHEST    75
 LOWEST     21
 AVERAGE    48

..........................................................


THE ALBANY CLIMATE NORMALS FOR TODAY
                         NORMAL    RECORD    YEAR
 MAXIMUM TEMPERATURE (F)   64        80      1932
 MINIMUM TEMPERATURE (F)   40        18      1971


SUNRISE AND SUNSET
FEBRUARY 11 2016......SUNRISE   722 AM EST   SUNSET   620 PM EST
FEBRUARY 12 2016......SUNRISE   721 AM EST   SUNSET   621 PM EST


-  INDICATES NEGATIVE NUMBERS.
R  INDICATES RECORD WAS SET OR TIED.
MM INDICATES DATA IS MISSING.
T  INDICATES TRACE AMOUNT.




$$
