000
CDUS42 KTAE 260632
CLIABY


CLIMATE REPORT
NATIONAL WEATHER SERVICE TALLAHASSEE FL
231 AM EDT MON JUN 26 2017


...................................

...THE ALBANY CLIMATE SUMMARY FOR JUNE 25 2017...

CLIMATE NORMAL PERIOD 1981 TO 2010
CLIMATE RECORD PERIOD 1930 TO 2017


WEATHER ITEM   OBSERVED TIME   RECORD YEAR NORMAL DEPARTURE LAST
                VALUE   (LST)  VALUE       VALUE  FROM      YEAR
                                                  NORMAL
..................................................................
TEMPERATURE (F)
 YESTERDAY
  MAXIMUM         90    147 PM 103    1948  92     -2       99
  MINIMUM         72   1154 PM  58    1990  71      1       75
  AVERAGE         81                        82     -1       87

PRECIPITATION (IN)
  YESTERDAY        0.01                      0.16  -0.15     0.05
  MONTH TO DATE    3.53                      4.15  -0.62     3.10
  SINCE JUN 1      3.53                      4.15  -0.62     3.10
  SINCE JAN 1     22.53                     24.51  -1.98    25.83

SNOWFALL (IN)
  YESTERDAY        0.0

DEGREE DAYS
 HEATING
  YESTERDAY        0                         0      0        0
  MONTH TO DATE    0                         0      0        0
  SINCE JUN 1      0                         0      0        0
  SINCE JUL 1   1002                      1838   -836     1290

 COOLING
  YESTERDAY       16                        17     -1       22
  MONTH TO DATE  364                       380    -16      427
  SINCE JUN 1    364                       380    -16      427
  SINCE JAN 1    994                       820    174      919
..................................................................


WIND (MPH)
  HIGHEST WIND SPEED    14   HIGHEST WIND DIRECTION     N (340)
  HIGHEST GUST SPEED    17   HIGHEST GUST DIRECTION     N (340)
  AVERAGE WIND SPEED     3.5




RELATIVE HUMIDITY (PERCENT)
 HIGHEST   100
 LOWEST     68
 AVERAGE    84

..........................................................


THE ALBANY CLIMATE NORMALS FOR TODAY
                         NORMAL    RECORD    YEAR
 MAXIMUM TEMPERATURE (F)   92       103      1998
 MINIMUM TEMPERATURE (F)   71        59      1990


SUNRISE AND SUNSET
JUNE 26 2017..........SUNRISE   634 AM EDT   SUNSET   845 PM EDT
JUNE 27 2017..........SUNRISE   634 AM EDT   SUNSET   846 PM EDT


-  INDICATES NEGATIVE NUMBERS.
R  INDICATES RECORD WAS SET OR TIED.
MM INDICATES DATA IS MISSING.
T  INDICATES TRACE AMOUNT.




$$
