000
CDUS42 KTAE 200636
CLIABY


CLIMATE REPORT
NATIONAL WEATHER SERVICE TALLAHASSEE FL
236 AM EDT FRI OCT 20 2017


...................................

...THE ALBANY CLIMATE SUMMARY FOR OCTOBER 19 2017...

CLIMATE NORMAL PERIOD 1981 TO 2010
CLIMATE RECORD PERIOD 1930 TO 2017


WEATHER ITEM   OBSERVED TIME   RECORD YEAR NORMAL DEPARTURE LAST
                VALUE   (LST)  VALUE       VALUE  FROM      YEAR
                                                  NORMAL
..................................................................
TEMPERATURE (F)
 YESTERDAY
  MAXIMUM         84    323 PM  91    1984  80      4       90
  MINIMUM         53    656 AM  33    1967  55     -2       62
  AVERAGE         69                        67      2       76

PRECIPITATION (IN)
  YESTERDAY        0.00                      0.09  -0.09     0.00
  MONTH TO DATE    0.58                      1.59  -1.01      T
  SINCE SEP 1      3.47                      5.03  -1.56     3.29
  SINCE JAN 1     36.24                     40.63  -4.39    37.34

SNOWFALL (IN)
  YESTERDAY        0.0

DEGREE DAYS
 HEATING
  YESTERDAY        0                         2     -2        0
  MONTH TO DATE    2                        12    -10        0
  SINCE SEP 1      2                        13    -11        0
  SINCE JUL 1      2                        13    -11        0

 COOLING
  YESTERDAY        4                         4      0       11
  MONTH TO DATE  237                       110    127      185
  SINCE SEP 1    643                       493    150      661
  SINCE JAN 1   2851                      2466    385     2898
..................................................................


WIND (MPH)
  HIGHEST WIND SPEED    14   HIGHEST WIND DIRECTION    NE (50)
  HIGHEST GUST SPEED    18   HIGHEST GUST DIRECTION    NE (40)
  AVERAGE WIND SPEED     4.6




RELATIVE HUMIDITY (PERCENT)
 HIGHEST    89
 LOWEST     37
 AVERAGE    63

..........................................................


THE ALBANY CLIMATE NORMALS FOR TODAY
                         NORMAL    RECORD    YEAR
 MAXIMUM TEMPERATURE (F)   79        94      1943
 MINIMUM TEMPERATURE (F)   54        32      1989


SUNRISE AND SUNSET
OCTOBER 20 2017.......SUNRISE   744 AM EDT   SUNSET   659 PM EDT
OCTOBER 21 2017.......SUNRISE   744 AM EDT   SUNSET   658 PM EDT


-  INDICATES NEGATIVE NUMBERS.
R  INDICATES RECORD WAS SET OR TIED.
MM INDICATES DATA IS MISSING.
T  INDICATES TRACE AMOUNT.




$$
