000
CDUS42 KTAE 260639
CLIABY


CLIMATE REPORT
NATIONAL WEATHER SERVICE TALLAHASSEE FL
238 AM EDT SUN MAR 26 2017


...................................

...THE ALBANY CLIMATE SUMMARY FOR MARCH 25 2017...

CLIMATE NORMAL PERIOD 1981 TO 2010
CLIMATE RECORD PERIOD 1930 TO 2017


WEATHER ITEM   OBSERVED TIME   RECORD YEAR NORMAL DEPARTURE LAST
                VALUE   (LST)  VALUE       VALUE  FROM      YEAR
                                                  NORMAL
..................................................................
TEMPERATURE (F)
 YESTERDAY
  MAXIMUM         82    428 PM  90    2007  74      8       67
  MINIMUM         57    641 AM  28    1968  49      8       59
  AVERAGE         70                        61      9       63

PRECIPITATION (IN)
  YESTERDAY        0.00                      0.20  -0.20     1.39
  MONTH TO DATE    1.21                      3.92  -2.71     3.72
  SINCE MAR 1      1.21                      3.92  -2.71     3.72
  SINCE JAN 1     13.03                     12.90   0.13    14.03

SNOWFALL (IN)
  YESTERDAY        0.0

DEGREE DAYS
 HEATING
  YESTERDAY        0                         5     -5        2
  MONTH TO DATE  163                       182    -19      110
  SINCE MAR 1    163                       182    -19      110
  SINCE JUL 1    966                      1742   -776     1245

 COOLING
  YESTERDAY        5                         1      4        0
  MONTH TO DATE   33                        25      8       70
  SINCE MAR 1     33                        25      8       70
  SINCE JAN 1     71                        34     37       73
..................................................................


WIND (MPH)
  HIGHEST WIND SPEED    16   HIGHEST WIND DIRECTION    SE (130)
  HIGHEST GUST SPEED    20   HIGHEST GUST DIRECTION     S (180)
  AVERAGE WIND SPEED     7.5




RELATIVE HUMIDITY (PERCENT)
 HIGHEST    93
 LOWEST     36
 AVERAGE    65

..........................................................


THE ALBANY CLIMATE NORMALS FOR TODAY
                         NORMAL    RECORD    YEAR
 MAXIMUM TEMPERATURE (F)   74        90      1936
 MINIMUM TEMPERATURE (F)   49        29      1979


SUNRISE AND SUNSET
MARCH 26 2017.........SUNRISE   733 AM EDT   SUNSET   752 PM EDT
MARCH 27 2017.........SUNRISE   731 AM EDT   SUNSET   753 PM EDT


-  INDICATES NEGATIVE NUMBERS.
R  INDICATES RECORD WAS SET OR TIED.
MM INDICATES DATA IS MISSING.
T  INDICATES TRACE AMOUNT.




$$
