000
CDUS44 KFWD 012125
CLIACT

CLIMATE REPORT
NATIONAL WEATHER SERVICE FORT WORTH TX
424 PM CDT FRI AUG 1 2014


...................................

...THE WACO CLIMATE SUMMARY FOR AUGUST 1 2014...
VALID AS OF 0400 PM LOCAL TIME.

CLIMATE NORMAL PERIOD 1981 TO 2010
CLIMATE RECORD PERIOD 1901 TO 2014


WEATHER ITEM   OBSERVED TIME   RECORD YEAR NORMAL DEPARTURE LAST
                VALUE   (LST)  VALUE       VALUE  FROM      YEAR
                                                  NORMAL
..................................................................
TEMPERATURE (F)
 TODAY
  MAXIMUM         84    244 PM 107    2011  98    -14      102
  MINIMUM         71    453 AM  58    1936  75     -4       75
  AVERAGE         78

PRECIPITATION (IN)
  TODAY            0.00          0.91 1905   0.05  -0.05     0.00
  MONTH TO DATE    0.00                      0.05  -0.05     0.00
  SINCE JUN 1      8.46                      5.27   3.19     7.12
  SINCE JAN 1     19.60                     20.16  -0.56    21.21

..................................................................


WIND (MPH)
  HIGHEST WIND SPEED    15   HIGHEST WIND DIRECTION    NE (30)
  HIGHEST GUST SPEED    18   HIGHEST GUST DIRECTION     N (10)
  AVERAGE WIND SPEED     9.4




..........................................................


THE WACO CLIMATE NORMALS FOR TOMORROW
                         NORMAL    RECORD    YEAR
 MAXIMUM TEMPERATURE (F)   98       109      2011
 MINIMUM TEMPERATURE (F)   75        62      1936


SUNRISE AND SUNSET
AUGUST  1 2014........SUNRISE   645 AM CDT   SUNSET   825 PM CDT
AUGUST  2 2014........SUNRISE   646 AM CDT   SUNSET   824 PM CDT


-  INDICATES NEGATIVE NUMBERS.
R  INDICATES RECORD WAS SET OR TIED.
MM INDICATES DATA IS MISSING.
T  INDICATES TRACE AMOUNT.




$$
