000
CDUS44 KFWD 270643
CLIACT

CLIMATE REPORT
NATIONAL WEATHER SERVICE FORT WORTH TX
1242 AM CST THU NOV 27 2014


...................................

...THE WACO CLIMATE SUMMARY FOR NOVEMBER 26 2014...

CLIMATE NORMAL PERIOD 1981 TO 2010
CLIMATE RECORD PERIOD 1901 TO 2014


WEATHER ITEM   OBSERVED TIME   RECORD YEAR NORMAL DEPARTURE LAST
                VALUE   (LST)  VALUE       VALUE  FROM      YEAR
                                                  NORMAL
..................................................................
TEMPERATURE (F)
 YESTERDAY
  MAXIMUM         69    243 PM  87    1965  64      5       52
  MINIMUM         38    419 AM  24    1993  42     -4       36
  AVERAGE         54                        53      1       44

PRECIPITATION (IN)
  YESTERDAY        0.00          1.55 1982   0.09  -0.09      T
  MONTH TO DATE    2.68                      2.47   0.21     2.39
  SINCE SEP 1      8.97                      9.43  -0.46    15.12
  SINCE JAN 1     29.55                     31.59  -2.04    36.55

SNOWFALL (IN)
  YESTERDAY        0.0           0.2  1980   0.0    0.0      0.0
  MONTH TO DATE    0.0                       0.1   -0.1       T
  SINCE SEP 1      0.0                       0.1   -0.1       T
  SINCE JUL 1      0.0                       0.1   -0.1       T
  SNOW DEPTH       0

DEGREE DAYS
 HEATING
  YESTERDAY       11                        12     -1       21
  MONTH TO DATE  340                       209    131      280
  SINCE SEP 1    352                       276     76      329
  SINCE JUL 1    352                       276     76      329

 COOLING
  YESTERDAY        0                         0      0        0
  MONTH TO DATE    1                        35    -34       18
  SINCE SEP 1    669                       596     73      659
  SINCE JAN 1   2744                      2791    -47     2870
..................................................................


WIND (MPH)
  HIGHEST WIND SPEED    17   HIGHEST WIND DIRECTION     W (290)
  HIGHEST GUST SPEED    23   HIGHEST GUST DIRECTION     W (280)
  AVERAGE WIND SPEED     9.3


SKY COVER
  POSSIBLE SUNSHINE  MM
  AVERAGE SKY COVER 0.0


WEATHER CONDITIONS
 THE FOLLOWING WEATHER WAS RECORDED YESTERDAY.
  HAZE


RELATIVE HUMIDITY (PERCENT)
 HIGHEST    79           400 AM
 LOWEST     21           300 PM
 AVERAGE    50

..........................................................


THE WACO CLIMATE NORMALS FOR TODAY
                         NORMAL    RECORD    YEAR
 MAXIMUM TEMPERATURE (F)   64        83      1989
 MINIMUM TEMPERATURE (F)   42        22      1993


SUNRISE AND SUNSET
NOVEMBER 27 2014......SUNRISE   707 AM CST   SUNSET   526 PM CST
NOVEMBER 28 2014......SUNRISE   708 AM CST   SUNSET   525 PM CST


-  INDICATES NEGATIVE NUMBERS.
R  INDICATES RECORD WAS SET OR TIED.
MM INDICATES DATA IS MISSING.
T  INDICATES TRACE AMOUNT.




$$
