000
CDUS44 KFWD 232127
CLIACT


CLIMATE REPORT
NATIONAL WEATHER SERVICE FORT WORTH TX
427 PM CDT WED AUG 23 2017


...................................

...THE WACO CLIMATE SUMMARY FOR AUGUST 23 2017...
VALID AS OF 0400 PM LOCAL TIME.

CLIMATE NORMAL PERIOD 1981 TO 2010
CLIMATE RECORD PERIOD 1901 TO 2017


WEATHER ITEM   OBSERVED TIME   RECORD YEAR NORMAL DEPARTURE LAST
                VALUE   (LST)  VALUE       VALUE  FROM      YEAR
                                                  NORMAL
..................................................................
TEMPERATURE (F)
 TODAY
  MAXIMUM         96    217 PM 107    2010  96      0       95
  MINIMUM         74    608 AM  64    1956  73      1       76
                                      1949
  AVERAGE         85

PRECIPITATION (IN)
  TODAY            0.00          1.63 1996   0.07  -0.07     0.00
  MONTH TO DATE    2.06                      1.40   0.66     3.26
  SINCE JUN 1      8.89                      6.62   2.27     7.99
  SINCE JAN 1     28.20                     21.51   6.69    30.63

..................................................................


WIND (MPH)
  HIGHEST WIND SPEED    16   HIGHEST WIND DIRECTION     N (10)
  HIGHEST GUST SPEED    21   HIGHEST GUST DIRECTION    NE (40)
  AVERAGE WIND SPEED     8.7




..........................................................


THE WACO CLIMATE NORMALS FOR TOMORROW
                         NORMAL    RECORD    YEAR
 MAXIMUM TEMPERATURE (F)   96       106      2011
 MINIMUM TEMPERATURE (F)   73        63      1961


SUNRISE AND SUNSET
AUGUST 23 2017........SUNRISE   659 AM CDT   SUNSET   803 PM CDT
AUGUST 24 2017........SUNRISE   700 AM CDT   SUNSET   802 PM CDT


-  INDICATES NEGATIVE NUMBERS.
R  INDICATES RECORD WAS SET OR TIED.
MM INDICATES DATA IS MISSING.
T  INDICATES TRACE AMOUNT.




$$
