000
CDUS44 KFWD 250647
CLIACT


CLIMATE REPORT
NATIONAL WEATHER SERVICE FORT WORTH TX
147 AM CDT MON MAY 25 2015

...THE WACO CLIMATE SUMMARY FOR MAY 24 2015...

CLIMATE NORMAL PERIOD 1981 TO 2010
CLIMATE RECORD PERIOD 1901 TO 2015


WEATHER ITEM   OBSERVED TIME   RECORD YEAR NORMAL DEPARTURE LAST
                VALUE   (LST)  VALUE       VALUE  FROM      YEAR
                                                  NORMAL
..................................................................
TEMPERATURE (F)
 YESTERDAY
  MAXIMUM         81    457 PM  97    1996  87     -6       87
  MINIMUM         65    701 AM  51    1940  66     -1       69
  AVERAGE         73                        76     -3       78

PRECIPITATION (IN)
  YESTERDAY        1.82          4.81 1908   0.14   1.68     0.12
  MONTH TO DATE    6.27                      3.29   2.98     5.28
  SINCE MAR 1     13.61                      9.13   4.48     7.91
  SINCE JAN 1     18.34                     13.88   4.46     8.67

DEGREE DAYS
 HEATING
  YESTERDAY        0                         0      0        0
  MONTH TO DATE    2                         4     -2       18
  SINCE MAR 1    352                       328     24      468
  SINCE JUL 1   2306                      2140    166     2611

 COOLING
  YESTERDAY        8                        12     -4       13
  MONTH TO DATE  201                       210     -9      187
  SINCE MAR 1    362                       355      7      316
  SINCE JAN 1    362                       364     -2      316
..................................................................


WIND (MPH)
  HIGHEST WIND SPEED    26   HIGHEST WIND DIRECTION     S (180)
  HIGHEST GUST SPEED    32   HIGHEST GUST DIRECTION     S (200)
  AVERAGE WIND SPEED     9.2


SKY COVER
  POSSIBLE SUNSHINE  MM
  AVERAGE SKY COVER 0.6


WEATHER CONDITIONS
 THE FOLLOWING WEATHER WAS RECORDED YESTERDAY.
  THUNDERSTORM
  HEAVY RAIN
  RAIN
  LIGHT RAIN
  FOG


RELATIVE HUMIDITY (PERCENT)
 HIGHEST    93           200 AM
 LOWEST     67           600 PM
 AVERAGE    80

..........................................................


THE WACO CLIMATE NORMALS FOR TODAY
                         NORMAL    RECORD    YEAR
 MAXIMUM TEMPERATURE (F)   87        98      2011
 MINIMUM TEMPERATURE (F)   66        53      1979


SUNRISE AND SUNSET
MAY 25 2015...........SUNRISE   627 AM CDT   SUNSET   825 PM CDT
MAY 26 2015...........SUNRISE   627 AM CDT   SUNSET   826 PM CDT


-  INDICATES NEGATIVE NUMBERS.
R  INDICATES RECORD WAS SET OR TIED.
MM INDICATES DATA IS MISSING.
T  INDICATES TRACE AMOUNT.




$$
