000
CDUS41 KPHI 300629
CLIACY


CLIMATE REPORT
NATIONAL WEATHER SERVICE MOUNT HOLLY NJ
228 AM EDT MON MAR 30 2015


...................................

...THE ATLANTIC CITY NJ CLIMATE SUMMARY FOR MARCH 29 2015...

CLIMATE NORMAL PERIOD 1981 TO 2010
CLIMATE RECORD PERIOD 1874 TO 2015


WEATHER ITEM   OBSERVED TIME   RECORD YEAR NORMAL DEPARTURE LAST
                VALUE   (LST)  VALUE       VALUE  FROM      YEAR
                                                  NORMAL
..................................................................
TEMPERATURE (F)
 YESTERDAY
  MAXIMUM         46    333 PM  83    1998  56    -10       58
  MINIMUM         24    609 AM  15    1923  37    -13       46
  AVERAGE         35                        46    -11       52

PRECIPITATION (IN)
  YESTERDAY        0.00          2.69 2010   0.14  -0.14     2.28
  MONTH TO DATE    6.47                      3.93   2.54     4.62
  SINCE MAR 1      6.47                      3.93   2.54     4.62
  SINCE JAN 1     14.53                     10.02   4.51    13.17

SNOWFALL (IN)
  YESTERDAY        0.0           T    1984   0.0    0.0      0.0
                                      1974
                                      1970
  MONTH TO DATE    7.4                       1.1    6.3     15.6
  SINCE MAR 1      7.4                       1.1    6.3     15.6
  SINCE JUL 1     22.4                      16.2    6.2     43.8
  SNOW DEPTH       0

DEGREE DAYS
 HEATING
  YESTERDAY       30                        19     11       13
  MONTH TO DATE  788                       669    119      823
  SINCE MAR 1    788                       669    119      823
  SINCE JUL 1   4663                      4260    403     4686

 COOLING
  YESTERDAY        0                         0      0        0
  MONTH TO DATE    0                         0      0        0
  SINCE MAR 1      0                         0      0        0
  SINCE JAN 1      0                         0      0        0
..................................................................


WIND (MPH)
  HIGHEST WIND SPEED    21   HIGHEST WIND DIRECTION    NW (330)
  HIGHEST GUST SPEED    27   HIGHEST GUST DIRECTION     N (340)
  AVERAGE WIND SPEED    11.2


SKY COVER
  POSSIBLE SUNSHINE  MM
  AVERAGE SKY COVER 0.2


WEATHER CONDITIONS
 THE FOLLOWING WEATHER WAS RECORDED YESTERDAY.
  NO SIGNIFICANT WEATHER WAS OBSERVED.


RELATIVE HUMIDITY (PERCENT)
 HIGHEST    61          1100 PM
 LOWEST     19           200 PM
 AVERAGE    40

..........................................................


THE ATLANTIC CITY NJ CLIMATE NORMALS FOR TODAY
                         NORMAL    RECORD    YEAR
 MAXIMUM TEMPERATURE (F)   56        87      1998
 MINIMUM TEMPERATURE (F)   37        18      1887


SUNRISE AND SUNSET
MARCH 30 2015.........SUNRISE   646 AM EDT   SUNSET   720 PM EDT
MARCH 31 2015.........SUNRISE   645 AM EDT   SUNSET   721 PM EDT


-  INDICATES NEGATIVE NUMBERS.
R  INDICATES RECORD WAS SET OR TIED.
MM INDICATES DATA IS MISSING.
T  INDICATES TRACE AMOUNT.




$$
