000
CDUS41 KPHI 222129
CLIACY


CLIMATE REPORT
NATIONAL WEATHER SERVICE MOUNT HOLLY NJ
529 PM EDT FRI AUG 22 2014


...................................

...THE ATLANTIC CITY NJ CLIMATE SUMMARY FOR AUGUST 22 2014...
VALID TODAY AS OF 0500 PM LOCAL TIME.

CLIMATE NORMAL PERIOD 1981 TO 2010
CLIMATE RECORD PERIOD 1874 TO 2014


WEATHER ITEM   OBSERVED TIME   RECORD YEAR NORMAL DEPARTURE LAST
                VALUE   (LST)  VALUE       VALUE  FROM      YEAR
                                                  NORMAL
..................................................................
TEMPERATURE (F)
 TODAY
  MAXIMUM         77    119 PM  93    2003  83     -6       86
  MINIMUM         67    603 AM  43    1969  65      2       70
  AVERAGE         72                        74     -2       78

PRECIPITATION (IN)
  TODAY            0.86          1.02 1936   0.13   0.73     0.03
  MONTH TO DATE    9.28                      3.07   6.21     2.58
  SINCE JUN 1     15.91                      9.90   6.01    13.51
  SINCE JAN 1     36.09                     27.18   8.91    31.07

SNOWFALL (IN)
  TODAY            0.0           0.0  1903   0.0    0.0      0.0
  MONTH TO DATE    0.0                       0.0    0.0      0.0
  SINCE JUN 1      0.0                       0.0    0.0      0.0
  SINCE JUL 1      0.0                       0.0    0.0      0.0
  SNOW DEPTH       0

DEGREE DAYS
 HEATING
  TODAY            0                         0      0        0
  MONTH TO DATE    0                         0      0        0
  SINCE JUN 1     10                        27    -17        8
  SINCE JUL 1      0                         0      0        0

 COOLING
  TODAY            7                         9     -2       13
  MONTH TO DATE  146                       223    -77      158
  SINCE JUN 1    633                       773   -140      798
  SINCE JAN 1    669                       837   -168      892
..................................................................


WIND (MPH)
  HIGHEST WIND SPEED    18   HIGHEST WIND DIRECTION    NE (50)
  HIGHEST GUST SPEED    23   HIGHEST GUST DIRECTION    NE (30)
  AVERAGE WIND SPEED     9.0


SKY COVER
  POSSIBLE SUNSHINE  MM
  AVERAGE SKY COVER 0.9


WEATHER CONDITIONS
 THE FOLLOWING WEATHER WAS RECORDED TODAY.
  HEAVY RAIN
  RAIN
  LIGHT RAIN
  FOG


RELATIVE HUMIDITY (PERCENT)
 HIGHEST   100           500 AM
 LOWEST     73           300 PM
 AVERAGE    87

..........................................................


THE ATLANTIC CITY NJ CLIMATE NORMALS FOR TOMORROW
                         NORMAL    RECORD    YEAR
 MAXIMUM TEMPERATURE (F)   83        95      1966
 MINIMUM TEMPERATURE (F)   64        50      1988


SUNRISE AND SUNSET
AUGUST 22 2014........SUNRISE   617 AM EDT   SUNSET   744 PM EDT
AUGUST 23 2014........SUNRISE   618 AM EDT   SUNSET   743 PM EDT


-  INDICATES NEGATIVE NUMBERS.
R  INDICATES RECORD WAS SET OR TIED.
MM INDICATES DATA IS MISSING.
T  INDICATES TRACE AMOUNT.




$$
