000
CDUS41 KPHI 280627
CLIACY


CLIMATE REPORT
NATIONAL WEATHER SERVICE MOUNT HOLLY NJ
226 AM EDT FRI APR 28 2017


...................................

...THE ATLANTIC CITY NJ CLIMATE SUMMARY FOR APRIL 27 2017...

CLIMATE NORMAL PERIOD 1981 TO 2010
CLIMATE RECORD PERIOD 1874 TO 2017


WEATHER ITEM   OBSERVED TIME   RECORD YEAR NORMAL DEPARTURE LAST
                VALUE   (LST)  VALUE       VALUE  FROM      YEAR
                                                  NORMAL
..................................................................
TEMPERATURE (F)
 YESTERDAY
  MAXIMUM         69   1119 AM  94    1969  66      3       52
  MINIMUM         56    119 AM  33    2001  45     11       44
                                      1964
  AVERAGE         63                        55      8       48

PRECIPITATION (IN)
  YESTERDAY        0.00          4.03 1952   0.10  -0.10      T
  MONTH TO DATE    2.91                      3.31  -0.40     2.75
  SINCE MAR 1      8.53                      7.52   1.01     5.87
  SINCE JAN 1     14.08                     13.61   0.47    13.22

SNOWFALL (IN)
  YESTERDAY        0.0           T    1992   0.0    0.0      0.0
                                      1967
  MONTH TO DATE    0.0                       0.3   -0.3      1.8
  SINCE MAR 1      0.2                       1.4   -1.2      6.9
  SINCE JUL 1      7.7                      16.5   -8.8     27.5
  SNOW DEPTH       0

DEGREE DAYS
 HEATING
  YESTERDAY        2                        10     -8       17
  MONTH TO DATE  246                       378   -132      398
  SINCE MAR 1    965                      1084   -119      929
  SINCE JUL 1   3961                      4675   -714     3810

 COOLING
  YESTERDAY        0                         1     -1        0
  MONTH TO DATE   10                         1      9       11
  SINCE MAR 1     10                         1      9       14
  SINCE JAN 1     10                         1      9       14
..................................................................


WIND (MPH)
  HIGHEST WIND SPEED    16   HIGHEST WIND DIRECTION     S (180)
  HIGHEST GUST SPEED    25   HIGHEST GUST DIRECTION     S (180)
  AVERAGE WIND SPEED     8.1


SKY COVER
  POSSIBLE SUNSHINE  MM
  AVERAGE SKY COVER 0.6


WEATHER CONDITIONS
 THE FOLLOWING WEATHER WAS RECORDED YESTERDAY.
  FOG
  HAZE


RELATIVE HUMIDITY (PERCENT)
 HIGHEST    93          1200 AM
 LOWEST     68          1100 AM
 AVERAGE    81

..........................................................


THE ATLANTIC CITY NJ CLIMATE NORMALS FOR TODAY
                         NORMAL    RECORD    YEAR
 MAXIMUM TEMPERATURE (F)   66        88      2009
 MINIMUM TEMPERATURE (F)   46        28      2012


SUNRISE AND SUNSET
APRIL 28 2017.........SUNRISE   603 AM EDT   SUNSET   749 PM EDT
APRIL 29 2017.........SUNRISE   602 AM EDT   SUNSET   750 PM EDT


-  INDICATES NEGATIVE NUMBERS.
R  INDICATES RECORD WAS SET OR TIED.
MM INDICATES DATA IS MISSING.
T  INDICATES TRACE AMOUNT.




$$
