000
CDUS41 KPHI 062135
CLIACY


CLIMATE REPORT
NATIONAL WEATHER SERVICE MOUNT HOLLY NJ
429 PM EST FRI MAR 6 2015


...................................

...THE ATLANTIC CITY NJ CLIMATE SUMMARY FOR MARCH 6 2015...
VALID TODAY AS OF 0400 PM LOCAL TIME.

CLIMATE NORMAL PERIOD 1981 TO 2010
CLIMATE RECORD PERIOD 1874 TO 2015


WEATHER ITEM   OBSERVED TIME   RECORD YEAR NORMAL DEPARTURE LAST
                VALUE   (LST)  VALUE       VALUE  FROM      YEAR
                                                  NORMAL
..................................................................
TEMPERATURE (F)
 TODAY
  MAXIMUM         27    305 PM  75    1935  49    -22       32
  MINIMUM          8R   707 AM  10    1888  30    -22       21
  AVERAGE         18                        39    -21       27

PRECIPITATION (IN)
  TODAY            0.00          2.66 1979   0.12  -0.12     0.00
  MONTH TO DATE    3.75                      0.75   3.00     0.65
  SINCE MAR 1      3.75                      0.75   3.00     0.65
  SINCE JAN 1     11.81                      6.84   4.97     9.20

SNOWFALL (IN)
  TODAY            0.0           3.6  1962   0.1   -0.1      0.0
  MONTH TO DATE    7.1                       0.5    6.6      5.5
  SINCE MAR 1      7.1                       0.5    6.6      5.5
  SINCE JUL 1     22.1                      15.6    6.5     33.7
  SNOW DEPTH       7

DEGREE DAYS
 HEATING
  TODAY           47                        26     21       38
  MONTH TO DATE  214                       158     56      231
  SINCE MAR 1    214                       158     56      231
  SINCE JUL 1   4089                      3749    340     4094

 COOLING
  TODAY            0                         0      0        0
  MONTH TO DATE    0                         0      0        0
  SINCE MAR 1      0                         0      0        0
  SINCE JAN 1      0                         0      0        0
..................................................................


WIND (MPH)
  HIGHEST WIND SPEED    20   HIGHEST WIND DIRECTION     N (340)
  HIGHEST GUST SPEED    23   HIGHEST GUST DIRECTION     N (340)
  AVERAGE WIND SPEED     9.9


SKY COVER
  POSSIBLE SUNSHINE  MM
  AVERAGE SKY COVER 0.2


WEATHER CONDITIONS
 THE FOLLOWING WEATHER WAS RECORDED TODAY.
  NO SIGNIFICANT WEATHER WAS OBSERVED.


RELATIVE HUMIDITY (PERCENT)
 HIGHEST    80           600 AM
 LOWEST     60           100 PM
 AVERAGE    70

..........................................................


THE ATLANTIC CITY NJ CLIMATE NORMALS FOR TOMORROW
                         NORMAL    RECORD    YEAR
 MAXIMUM TEMPERATURE (F)   49        75      1974
 MINIMUM TEMPERATURE (F)   30        10      1890


SUNRISE AND SUNSET
MARCH  6 2015.........SUNRISE   624 AM EST   SUNSET   556 PM EST
MARCH  7 2015.........SUNRISE   623 AM EST   SUNSET   557 PM EST


-  INDICATES NEGATIVE NUMBERS.
R  INDICATES RECORD WAS SET OR TIED.
MM INDICATES DATA IS MISSING.
T  INDICATES TRACE AMOUNT.




$$
