000
CDUS41 KPHI 160640
CLIACY


CLIMATE REPORT
NATIONAL WEATHER SERVICE MOUNT HOLLY NJ
233 AM EDT WED APR 16 2014


...................................

...THE ATLANTIC CITY NJ CLIMATE SUMMARY FOR APRIL 15 2014...

CLIMATE NORMAL PERIOD 1981 TO 2010
CLIMATE RECORD PERIOD 1874 TO 2014


WEATHER ITEM   OBSERVED TIME   RECORD YEAR NORMAL DEPARTURE LAST
                VALUE   (LST)  VALUE       VALUE  FROM      YEAR
                                                  NORMAL
..................................................................
TEMPERATURE (F)
 YESTERDAY
  MAXIMUM         61    235 PM  90    1967  62     -1       55
  MINIMUM         33   1159 PM  27    1981  42     -9       46
  AVERAGE         47                        52     -5       51

PRECIPITATION (IN)
  YESTERDAY        1.04          2.17 2007   0.12   0.92     0.01
  MONTH TO DATE    1.35                      1.98  -0.63     1.43
  SINCE MAR 1      6.35                      6.19   0.16     6.09
  SINCE JAN 1     14.90                     12.28   2.62    13.55

SNOWFALL (IN)
  YESTERDAY        T   R         T    1975   0.0    0.0      0.0
                                      1962
  MONTH TO DATE    T                         0.2   -0.2      0.0
  SINCE MAR 1     15.6                       1.3   14.3      3.2
  SINCE JUL 1     43.8                      16.4   27.4     14.6
  SNOW DEPTH       0

DEGREE DAYS
 HEATING
  YESTERDAY       18                        14      4       14
  MONTH TO DATE  203                       238    -35      219
  SINCE MAR 1   1062                       944    118     1023
  SINCE JUL 1   4925                      4535    390     4441

 COOLING
  YESTERDAY        0                         0      0        0
  MONTH TO DATE    0                         0      0       15
  SINCE MAR 1      0                         0      0       15
  SINCE JAN 1      0                         0      0       15
..................................................................


WIND (MPH)
  HIGHEST WIND SPEED    31   HIGHEST WIND DIRECTION    NW (330)
  HIGHEST GUST SPEED    44   HIGHEST GUST DIRECTION     S (180)
  AVERAGE WIND SPEED    18.7


SKY COVER
  POSSIBLE SUNSHINE  MM
  AVERAGE SKY COVER 1.0


WEATHER CONDITIONS
 THE FOLLOWING WEATHER WAS RECORDED YESTERDAY.
  HEAVY RAIN
  RAIN
  LIGHT RAIN
  LIGHT SNOW
  FOG


RELATIVE HUMIDITY (PERCENT)
 HIGHEST   100           100 AM
 LOWEST     85          1000 PM
 AVERAGE    93

..........................................................


THE ATLANTIC CITY NJ CLIMATE NORMALS FOR TODAY
                         NORMAL    RECORD    YEAR
 MAXIMUM TEMPERATURE (F)   62        89      2002
 MINIMUM TEMPERATURE (F)   42        22      1981


SUNRISE AND SUNSET
APRIL 16 2014.........SUNRISE   620 AM EDT   SUNSET   737 PM EDT
APRIL 17 2014.........SUNRISE   618 AM EDT   SUNSET   738 PM EDT


-  INDICATES NEGATIVE NUMBERS.
R  INDICATES RECORD WAS SET OR TIED.
MM INDICATES DATA IS MISSING.
T  INDICATES TRACE AMOUNT.




$$
