000
CDUS41 KPHI 140556
CLIACY


CLIMATE REPORT
NATIONAL WEATHER SERVICE MOUNT HOLLY NJ
1255 AM EST THU DEC 14 2017


...................................

...THE ATLANTIC CITY NJ CLIMATE SUMMARY FOR DECEMBER 13 2017...

CLIMATE NORMAL PERIOD 1981 TO 2010
CLIMATE RECORD PERIOD 1874 TO 2017


WEATHER ITEM   OBSERVED TIME   RECORD YEAR NORMAL DEPARTURE LAST
                VALUE   (LST)  VALUE       VALUE  FROM      YEAR
                                                  NORMAL
..................................................................
TEMPERATURE (F)
 YESTERDAY
  MAXIMUM         32    304 PM  73    2015  47    -15       45
  MINIMUM         21    515 AM   4    1982  29     -8       29
  AVERAGE         27                        38    -11       37

PRECIPITATION (IN)
  YESTERDAY        0.11          2.21 1909   0.12  -0.01     0.00
  MONTH TO DATE    0.92                      1.60  -0.68     1.61
  SINCE DEC 1      0.92                      1.60  -0.68     1.61
  SINCE JAN 1     49.85                     39.66  10.19    43.34

SNOWFALL (IN)
  YESTERDAY        1.3           2.3  1915   0.1    1.2      0.0
  MONTH TO DATE    4.3                       1.2    3.1      0.0
  SINCE DEC 1      4.3                       1.2    3.1      0.0
  SINCE JUL 1      4.3                       1.4    2.9       T
  SNOW DEPTH       0

DEGREE DAYS
 HEATING
  YESTERDAY       38                        27     11       28
  MONTH TO DATE  321                       329     -8      315
  SINCE DEC 1    321                       329     -8      315
  SINCE JUL 1   1024                      1236   -212     1062

 COOLING
  YESTERDAY        0                         0      0        0
  MONTH TO DATE    0                         0      0        0
  SINCE DEC 1      0                         0      0        0
  SINCE JAN 1   1264                      1055    209     1340
..................................................................


WIND (MPH)
  HIGHEST WIND SPEED    31   HIGHEST WIND DIRECTION     W (280)
  HIGHEST GUST SPEED    48   HIGHEST GUST DIRECTION     W (280)
  AVERAGE WIND SPEED    15.1


SKY COVER
  POSSIBLE SUNSHINE  MM
  AVERAGE SKY COVER 0.2


WEATHER CONDITIONS
 THE FOLLOWING WEATHER WAS RECORDED YESTERDAY.
  LIGHT SNOW
  FOG


RELATIVE HUMIDITY (PERCENT)
 HIGHEST    92          1100 PM
 LOWEST     33           200 PM
 AVERAGE    63

..........................................................


THE ATLANTIC CITY NJ CLIMATE NORMALS FOR TODAY
                         NORMAL    RECORD    YEAR
 MAXIMUM TEMPERATURE (F)   46        65      2015
                                             1929
 MINIMUM TEMPERATURE (F)   29         2      1958


SUNRISE AND SUNSET
DECEMBER 14 2017......SUNRISE   711 AM EST   SUNSET   435 PM EST
DECEMBER 15 2017......SUNRISE   711 AM EST   SUNSET   436 PM EST


-  INDICATES NEGATIVE NUMBERS.
R  INDICATES RECORD WAS SET OR TIED.
MM INDICATES DATA IS MISSING.
T  INDICATES TRACE AMOUNT.




$$
