000
CDUS41 KPHI 270632
CLIACY


CLIMATE REPORT
NATIONAL WEATHER SERVICE MOUNT HOLLY NJ
230 AM EDT FRI MAY 27 2016


...................................

...THE ATLANTIC CITY NJ CLIMATE SUMMARY FOR MAY 26 2016...

CLIMATE NORMAL PERIOD 1981 TO 2010
CLIMATE RECORD PERIOD 1874 TO 2016


WEATHER ITEM   OBSERVED TIME   RECORD YEAR NORMAL DEPARTURE LAST
                VALUE   (LST)  VALUE       VALUE  FROM      YEAR
                                                  NORMAL
..................................................................
TEMPERATURE (F)
 YESTERDAY
  MAXIMUM         92   1230 PM  93    1965  74     18       84
  MINIMUM         61    347 AM  40    1992  54      7       63
                                      1988
  AVERAGE         77                        64     13       74

PRECIPITATION (IN)
  YESTERDAY        0.00          1.53 1953   0.11  -0.11     0.00
  MONTH TO DATE    4.87                      2.77   2.10     0.71
  SINCE MAR 1     10.90                     10.61   0.29     8.19
  SINCE JAN 1     18.25                     16.70   1.55    16.25

SNOWFALL (IN)
  YESTERDAY        0.0           0.0  1903   0.0    0.0      0.0
  MONTH TO DATE    0.0                       0.0    0.0      0.0
  SINCE MAR 1      6.9                       1.4    5.5      7.4
  SINCE JUL 1     27.5                      16.5   11.0     22.4
  SNOW DEPTH       0

DEGREE DAYS
 HEATING
  YESTERDAY        0                         4     -4        0
  MONTH TO DATE  194                       161     33       80
  SINCE MAR 1   1169                      1274   -105     1279
  SINCE JUL 1   4050                      4865   -815     5154

 COOLING
  YESTERDAY       12                         3      9        9
  MONTH TO DATE   20                        40    -20       88
  SINCE MAR 1     34                        49    -15       88
  SINCE JAN 1     34                        49    -15       88
..................................................................


WIND (MPH)
  HIGHEST WIND SPEED    17   HIGHEST WIND DIRECTION     S (180)
  HIGHEST GUST SPEED    22   HIGHEST GUST DIRECTION     S (180)
  AVERAGE WIND SPEED     7.5


SKY COVER
  POSSIBLE SUNSHINE  MM
  AVERAGE SKY COVER 0.0


WEATHER CONDITIONS
 THE FOLLOWING WEATHER WAS RECORDED YESTERDAY.
  NO SIGNIFICANT WEATHER WAS OBSERVED.


RELATIVE HUMIDITY (PERCENT)
 HIGHEST    81          1000 PM
 LOWEST     29          1100 AM
 AVERAGE    55

..........................................................


THE ATLANTIC CITY NJ CLIMATE NORMALS FOR TODAY
                         NORMAL    RECORD    YEAR
 MAXIMUM TEMPERATURE (F)   75        93      1991
                                             1941
 MINIMUM TEMPERATURE (F)   55        36      1969


SUNRISE AND SUNSET
MAY 27 2016...........SUNRISE   535 AM EDT   SUNSET   816 PM EDT
MAY 28 2016...........SUNRISE   535 AM EDT   SUNSET   817 PM EDT


-  INDICATES NEGATIVE NUMBERS.
R  INDICATES RECORD WAS SET OR TIED.
MM INDICATES DATA IS MISSING.
T  INDICATES TRACE AMOUNT.




$$
