107
CDAK48 PAFC 230051
CLIADQ


CLIMATE REPORT
NATIONAL WEATHER SERVICE ANCHORAGE, AK
351 PM AKST WED FEB 22 2017


...................................

...THE KODIAK CLIMATE SUMMARY FOR FEBRUARY 22 2017...
VALID TODAY AS OF 0300 PM LOCAL TIME.

CLIMATE NORMAL PERIOD 1981 TO 2010
CLIMATE RECORD PERIOD 1913 TO 2017


WEATHER ITEM   OBSERVED TIME   RECORD YEAR NORMAL DEPARTURE LAST
                VALUE   (LST)  VALUE       VALUE  FROM      YEAR
                                                  NORMAL
..................................................................
TEMPERATURE (F)
 TODAY
  MAXIMUM         40    100 PM  46    1944  36      4       44
  MINIMUM         34    300 AM  -1    1995  26      8       32
  AVERAGE         37                        31      6       38

PRECIPITATION (IN)
  TODAY            T             1.62 1988   0.21  -0.21     0.01
  MONTH TO DATE    2.54                      4.89  -2.35     7.98
  SINCE DEC 1      9.60                     21.91 -12.31    30.08
  SINCE JAN 1      5.49                     13.18  -7.69    17.81

SNOWFALL (IN)
  TODAY           MM             5.4  1977   0.6   MM        0.0
  MONTH TO DATE    7.5                      12.0   -4.5      1.0
  SINCE DEC 1     18.5                      38.8  -20.3     16.0
  SINCE JUL 1     20.5                      46.3  -25.8     17.0
  SNOW DEPTH       3

DEGREE DAYS
 HEATING
  TODAY           28                        34     -6       27
  MONTH TO DATE  747                       757    -10      461
  SINCE DEC 1   2912                      2876     36     2118
  SINCE JUL 1   5114                      5671   -557     4336

 COOLING
  TODAY            0                         0      0        0
  MONTH TO DATE    0                         0      0        0
  SINCE DEC 1      0                         0      0        0
  SINCE JAN 1      0                         0      0        0
..................................................................


WIND (MPH)
  RESULTANT WIND SPEED   7   RESULTANT WIND DIRECTION   W (280)
  HIGHEST WIND SPEED    18   HIGHEST WIND DIRECTION     W (280)
  HIGHEST GUST SPEED    33   HIGHEST GUST DIRECTION     W (260)
  AVERAGE WIND SPEED     8.1



WEATHER CONDITIONS
 THE FOLLOWING WEATHER WAS RECORDED TODAY.
  NO SIGNIFICANT WEATHER WAS OBSERVED.


RELATIVE HUMIDITY (PERCENT)
 HIGHEST    96
 LOWEST     54
 AVERAGE    75

..........................................................


THE KODIAK CLIMATE NORMALS FOR TOMORROW
                         NORMAL    RECORD    YEAR
 MAXIMUM TEMPERATURE (F)   36        54      1936
 MINIMUM TEMPERATURE (F)   26        -4      1975


SUNRISE AND SUNSET
FEBRUARY 22 2017......SUNRISE   821 AM AKST  SUNSET   627 PM AKST
FEBRUARY 23 2017......SUNRISE   819 AM AKST  SUNSET   629 PM AKST


-  INDICATES NEGATIVE NUMBERS.
R  INDICATES RECORD WAS SET OR TIED.
MM INDICATES DATA IS MISSING.
T  INDICATES TRACE AMOUNT.




$$
