000
CDAK48 PADQ 281309
CLIADQ


CLIMATE REPORT
NATIONAL WEATHER SERVICE ANCHORAGE, AK
509 AM AKDT FRI APR 28 2017


...................................

...THE KODIAK CLIMATE SUMMARY FOR APRIL 27 2017...

CLIMATE NORMAL PERIOD 1981 TO 2010
CLIMATE RECORD PERIOD 1913 TO 2017


WEATHER ITEM   OBSERVED TIME   RECORD YEAR NORMAL DEPARTURE LAST
                VALUE   (LST)  VALUE       VALUE  FROM      YEAR
                                                  NORMAL
..................................................................
TEMPERATURE (F)
 YESTERDAY
  MAXIMUM         49    543 PM  61    1990  46      3       46
  MINIMUM         30    411 AM  23    1975  35     -5       40
  AVERAGE         40                        40      0       43

PRECIPITATION (IN)
  YESTERDAY        0.00          1.71 1989   0.19  -0.19     0.15
  MONTH TO DATE    6.96                      5.25   1.71     7.14
  SINCE MAR 1      7.66                     10.78  -3.12    14.48
  SINCE JAN 1     13.20                     25.21 -12.01    37.08

SNOWFALL (IN)
  YESTERDAY        0.0          MM      MM   0.1   -0.1      0.0
  MONTH TO DATE    1.1                       7.7   -6.6      0.0
  SINCE MAR 1      2.6                      19.0  -16.4      3.6
  SINCE JUL 1     28.4                      68.4  -40.0     20.6
  SNOW DEPTH       0

DEGREE DAYS
 HEATING
  YESTERDAY       25                        25      0       22
  MONTH TO DATE  671                       749    -78      500
  SINCE MAR 1   1784                      1747     37     1067
  SINCE JUL 1   7125                      7619   -494     5575

 COOLING
  YESTERDAY        0                         0      0        0
  MONTH TO DATE    0                         0      0        0
  SINCE MAR 1      0                         0      0        0
  SINCE JAN 1      0                         0      0        0
..................................................................


WIND (MPH)
  RESULTANT WIND SPEED   1   RESULTANT WIND DIRECTION  NE (30)
  HIGHEST WIND SPEED    12   HIGHEST WIND DIRECTION    NW (300)
  HIGHEST GUST SPEED    14   HIGHEST GUST DIRECTION    NW (320)
  AVERAGE WIND SPEED     6.6



WEATHER CONDITIONS
 THE FOLLOWING WEATHER WAS RECORDED YESTERDAY.
  NO SIGNIFICANT WEATHER WAS OBSERVED.


RELATIVE HUMIDITY (PERCENT)
 HIGHEST    92
 LOWEST     56
 AVERAGE    74

..........................................................


THE KODIAK CLIMATE NORMALS FOR TODAY
                         NORMAL    RECORD    YEAR
 MAXIMUM TEMPERATURE (F)   46        69      2005
 MINIMUM TEMPERATURE (F)   35        22      1937


SUNRISE AND SUNSET
APRIL 28 2017.........SUNRISE   625 AM AKDT  SUNSET   952 PM AKDT
APRIL 29 2017.........SUNRISE   622 AM AKDT  SUNSET   954 PM AKDT


-  INDICATES NEGATIVE NUMBERS.
R  INDICATES RECORD WAS SET OR TIED.
MM INDICATES DATA IS MISSING.
T  INDICATES TRACE AMOUNT.




$$
