000
CDAK48 PADQ 200909
CLIADQ

CLIMATE REPORT
NATIONAL WEATHER SERVICE KODIAK, AK
109 AM AKDT SUN APR 20 2014

...................................
...THE KODIAK AP CLIMATE SUMMARY FOR APRIL 19 2014...

CLIMATE NORMAL PERIOD  1981 TO  2010
CLIMATE RECORD PERIOD  1949 TO  2014

WEATHER ITEM   OBSERVED TIME    RECORD YEAR NORMAL DEPARTURE LAST
               VALUE    (LST)   VALUE       VALUE  FROM      YEAR
                                                   NORMAL
...................................................................
TEMPERATURE
YESTERDAY
 MAXIMUM            42  0135 PM    64  1965     44      -2     45
 MINIMUM            39  0603 PM    23  1972     33       6     24
 AVERAGE            41                          38       3     35

PRECIPITATION
(INCHES)
 YESTERDAY        1.03           1.54  1990   0.19    0.84   0.00
 MONTH TO DATE    5.52                        3.75    1.77   0.14
 SINCE MAR 1      9.48                        9.28    0.20   4.61
 SINCE JAN 1     30.73                       23.71    7.02  20.79

SNOWFALL
(INCHES)
 YESTERDAY         0.0            9.5  1982    0.2    -0.2    0.0
 MONTH TO DATE     0.9                         6.5    -5.6    0.1
 SINCE MAR 1      12.4                        17.8    -5.4   11.8
 SINCE JUL 1      43.4                        67.2   -23.8   60.2
 SNOW DEPTH (IN)     0                                          0

DEGREE DAYS
 HEATING
  YESTERDAY         24                          27      -3     30
  MONTH TO DATE    520                         545     -25    644
  SINCE MAR 1     1490                        1543     -53   1662
  SINCE JUL 1     6776                        7416    -640   7583

 COOLING
  YESTERDAY          0                           0       0      0
  MONTH TO DATE      0                           0       0      0
  SINCE MAR 1        0                           0       0      0
  SINCE JAN 1        0                           0       0      0
...................................................................

WIND (MPH)
 HIGHEST WIND SPEED    32     HIGHEST WIND DIRECTION     30
 HIGHEST GUST SPEED    43     HIGHEST GUST DIRECTION     20
 AVERAGE WIND SPEED  23.0

SKY COVER
  POSSIBLE SUNSHINE    MM          AVERAGE SKY COVER     MM

WEATHER CONDITIONS
 THE FOLLOWING WEATHER WAS RECORDED YESTERDAY.
  FOG
RAIN


RELATIVE HUMIDITY
 HIGHEST RH     MM PERCENT       MM
 LOWEST  RH     MM PERCENT       MM
 AVERAGE RH     MM PERCENT       MM
...................................................................

THE KODIAK CLIMATE NORMALS FOR TODAY
                           NORMAL    RECORD   YEAR
 MAXIMUM TEMPERATURE (F)     44        56     2012
 MINIMUM TEMPERATURE (F)     33        22     1972

SUNRISE AND SUNSET
 APR 20 2014..........SUNRISE  6:46 AM      SUNSET  9:34 PM
 APR 21 2014..........SUNRISE  6:44 AM      SUNSET  9:36 PM

-  INDICATES NEGATIVE NUMBERS.
R  INDICATES RECORD HAS BEEN SET OR TIED.
MM INDICATES DATA IS MISSING.
T  INDICATES TRACE OF PRECIPITATION.

&&
-------------------------------------------------------------------

AMOUNT OF DAYLIGHT TODAY  (HOUR:MIN)........14 HOURS 48 MINUTES
GAIN/LOSS SINCE YESTERDAY (HOUR:MIN:SEC)....+0:04:51

$$
*** APR 14
