000
CDAK48 PAFC 170108
CLIADQ


CLIMATE REPORT
NATIONAL WEATHER SERVICE ANCHORAGE, AK
408 PM AKST SAT DEC 16 2017


...................................

...THE KODIAK CLIMATE SUMMARY FOR DECEMBER 16 2017...
VALID TODAY AS OF 0400 PM LOCAL TIME.

CLIMATE NORMAL PERIOD 1981 TO 2010
CLIMATE RECORD PERIOD 1913 TO 2017


WEATHER ITEM   OBSERVED TIME   RECORD YEAR NORMAL DEPARTURE LAST
                VALUE   (LST)  VALUE       VALUE  FROM      YEAR
                                                  NORMAL
..................................................................
TEMPERATURE (F)
 TODAY
  MAXIMUM         40        MM  50    1984  36      4       43
                                      1955
  MINIMUM         30        MM   1    1999  26      4       37
  AVERAGE         35                        31      4       40

PRECIPITATION (IN)
  TODAY            0.00          1.49 1985   0.30  -0.30     0.15
  MONTH TO DATE    8.06                      4.56   3.50     1.63
  SINCE SEP 1     22.38                     27.04  -4.66    27.51
  SINCE JAN 1     62.90                     73.83 -10.93    78.81

SNOWFALL (IN)
  TODAY            0.0           4.5  1956   0.5   -0.5     MM
  MONTH TO DATE    0.0                       7.6   -7.6      3.6
  SINCE SEP 1      7.5                      15.1   -7.6      5.6
  SINCE JUL 1      7.5                      15.1   -7.6      5.6
  SNOW DEPTH       0

DEGREE DAYS
 HEATING
  TODAY           30                        34     -4       25
  MONTH TO DATE  436                       539   -103      538
  SINCE DEC 1    436                       539   -103      538
  SINCE JUL 1   2999                      3334   -335     2740

 COOLING
  TODAY            0                         0      0        0
  MONTH TO DATE    0                         0      0        0
  SINCE DEC 1      0                         0      0        0
  SINCE JAN 1      0                         1     -1       29
..................................................................


WIND (MPH)
  RESULTANT WIND SPEED   4   RESULTANT WIND DIRECTION   S (190)
  HIGHEST WIND SPEED    15   HIGHEST WIND DIRECTION     S (190)
  HIGHEST GUST SPEED    MM   HIGHEST GUST DIRECTION    MM
  AVERAGE WIND SPEED     4.4



WEATHER CONDITIONS
 THE FOLLOWING WEATHER WAS RECORDED TODAY.
  NO SIGNIFICANT WEATHER WAS OBSERVED.


RELATIVE HUMIDITY (PERCENT)
 HIGHEST    92
 LOWEST     70
 AVERAGE    81

..........................................................


THE KODIAK CLIMATE NORMALS FOR TOMORROW
                         NORMAL    RECORD    YEAR
 MAXIMUM TEMPERATURE (F)   36        48      1984
 MINIMUM TEMPERATURE (F)   26        -2      1997


SUNRISE AND SUNSET
DECEMBER 16 2017......SUNRISE   949 AM AKST  SUNSET   423 PM AKST
DECEMBER 17 2017......SUNRISE   950 AM AKST  SUNSET   423 PM AKST


-  INDICATES NEGATIVE NUMBERS.
R  INDICATES RECORD WAS SET OR TIED.
MM INDICATES DATA IS MISSING.
T  INDICATES TRACE AMOUNT.




$$
