000
CDAK48 PADQ 290906
CLIADQ

CLIMATE REPORT
NATIONAL WEATHER SERVICE KODIAK, AK
106 AM AKDT FRI MAY 29 2015

...................................
...THE KODIAK AP CLIMATE SUMMARY FOR MAY 28 2015...

CLIMATE NORMAL PERIOD  1981 TO  2010
CLIMATE RECORD PERIOD  1949 TO  2015

WEATHER ITEM   OBSERVED TIME    RECORD YEAR NORMAL DEPARTURE LAST
               VALUE    (LST)   VALUE       VALUE  FROM      YEAR
                                                   NORMAL
...................................................................
TEMPERATURE
YESTERDAY
 MAXIMUM            57  0643 PM    68  1993     52       5     58
 MINIMUM            39  0234 AM    30  1977     41      -2     48
 AVERAGE            48                          46       2     53

PRECIPITATION
(INCHES)
 YESTERDAY        0.00           2.62  1992   0.20   -0.20   0.01
 MONTH TO DATE    6.03                        5.00    1.03   0.34
 SINCE MAR 1     20.20                       16.34    3.86  11.43
 SINCE JAN 1     39.12                       30.77    8.35  32.68

SNOWFALL
(INCHES)
 YESTERDAY         0.0              T  1956    0.0     0.0    0.0
 MONTH TO DATE     0.0                         0.2    -0.2    0.0
 SINCE MAR 1       4.7                        19.5   -14.8   12.4
 SINCE JUL 1      20.1                        68.9   -48.8     MM
 SNOW DEPTH (IN)     0                                          0

DEGREE DAYS
 HEATING
  YESTERDAY         17                          19      -2     12
  MONTH TO DATE    528                         588     -60    405
  SINCE MAR 1     2177                        2407    -230   2142
  SINCE JUL 1     7095                        8280   -1185   7428

 COOLING
  YESTERDAY          0                           0       0      0
  MONTH TO DATE      0                           0       0      4
  SINCE MAR 1        0                           0       0      4
  SINCE JAN 1        0                           0       0      4
...................................................................

WIND (MPH)
 HIGHEST WIND SPEED    12     HIGHEST WIND DIRECTION    310
 HIGHEST GUST SPEED    14     HIGHEST GUST DIRECTION    300
 AVERAGE WIND SPEED   5.7

SKY COVER
  POSSIBLE SUNSHINE    MM          AVERAGE SKY COVER     MM

WEATHER CONDITIONS
 THE FOLLOWING WEATHER WAS RECORDED YESTERDAY.
  NO SIGNIFICANT WEATHER WAS OBSERVED.

RELATIVE HUMIDITY
 HIGHEST RH     MM PERCENT       MM
 LOWEST  RH     MM PERCENT       MM
 AVERAGE RH     MM PERCENT       MM
...................................................................

THE KODIAK CLIMATE NORMALS FOR TODAY
                           NORMAL    RECORD   YEAR
 MAXIMUM TEMPERATURE (F)     52        76     1993
 MINIMUM TEMPERATURE (F)     41        31     1966

SUNRISE AND SUNSET
 MAY 29 2015..........SUNRISE  5:23 AM      SUNSET 10:54 PM
 MAY 30 2015..........SUNRISE  5:22 AM      SUNSET 10:55 PM

-  INDICATES NEGATIVE NUMBERS.
R  INDICATES RECORD HAS BEEN SET OR TIED.
MM INDICATES DATA IS MISSING.
T  INDICATES TRACE OF PRECIPITATION.

&&
-------------------------------------------------------------------

AMOUNT OF DAYLIGHT TODAY  (HOUR:MIN)........17 HOURS 31 MINUTES
GAIN/LOSS SINCE YESTERDAY (HOUR:MIN:SEC)....+0:03:02

$$
*** MAY 15
