000
CDAK48 PADQ 012319
CLIADQ

CLIMATE REPORT
NATIONAL WEATHER SERVICE KODIAK, AK
219 PM AKST SUN FEB 1 2015

...................................
...THE KODIAK AP CLIMATE SUMMARY FOR FEBRUARY 1 2015...
VALID TODAY AS OF 2:00 PM LOCAL TIME

CLIMATE NORMAL PERIOD  1981 TO  2010
CLIMATE RECORD PERIOD  1949 TO  2015

WEATHER ITEM   OBSERVED TIME    RECORD YEAR NORMAL DEPARTURE LAST
               VALUE    (LST)   VALUE       VALUE  FROM      YEAR
                                                   NORMAL
...................................................................
TEMPERATURE
TODAY
 MAXIMUM            42  0429 AM    49  1963     35       7     45
 MINIMUM            37  0931 AM   -10  1971     26      11     33
 AVERAGE            40                          30      10     39

PRECIPITATION
(INCHES)
 TODAY            0.02           1.73  2013   0.24   -0.22   0.03
 MONTH TO DATE    0.02                        0.24   -0.22   0.03
 SINCE DEC 1     23.94                       17.26    6.68  18.78
 SINCE JAN 1     10.15                        8.53    1.62  14.33

SNOWFALL
(INCHES)
 TODAY             0.0            6.0  2012    0.5    -0.5    0.0
 MONTH TO DATE     0.0                         0.5    -0.5    0.0
 SINCE DEC 1       4.5                        27.3   -22.8   16.7
 SINCE JUL 1       5.2                        34.8   -29.6   24.0
 SNOW DEPTH (IN)     0                                          0

DEGREE DAYS
 HEATING
  TODAY             25                          35     -10     26
  MONTH TO DATE     25                          35     -10     26
  SINCE DEC 1     1728                        2157    -429   1933
  SINCE JUL 1     4124                        4949    -825   4340

 COOLING
  TODAY              0                           0       0      0
  MONTH TO DATE      0                           0       0      0
  SINCE DEC 1        0                           0       0      0
  SINCE JAN 1        0                           0       0      0
...................................................................

WIND (MPH)
 HIGHEST WIND SPEED    21     HIGHEST WIND DIRECTION     30
 HIGHEST GUST SPEED    27     HIGHEST GUST DIRECTION    280
 AVERAGE WIND SPEED    MM

SKY COVER
  POSSIBLE SUNSHINE  MM            AVERAGE SKY COVER MM

WEATHER CONDITIONS
 THE FOLLOWING WEATHER WAS RECORDED TODAY.
FOG
RAIN


RELATIVE HUMIDITY
 HIGHEST RH     MM PERCENT       MM
 LOWEST  RH     MM PERCENT       MM
 AVERAGE RH     MM PERCENT       MM
...................................................................

THE KODIAK CLIMATE NORMALS FOR TOMORROW
                        NORMAL    RECORD   YEAR
 MAXIMUM TEMPERATURE      35        53     1957
 MINIMUM TEMPERATURE      26       -12     1971

SUNRISE AND SUNSET
 FEB 1 2015..........SUNRISE  9:13 AM      SUNSET  5:36 PM
 FEB 2 2015..........SUNRISE  9:11 AM      SUNSET  5:38 PM

-  INDICATES NEGATIVE NUMBERS.
R  INDICATES RECORD HAS BEEN SET OR TIED.
MM INDICATES DATA IS MISSING.
T  INDICATES TRACE OF PRECIPITATION.

&&
-------------------------------------------------------------------

AMOUNT OF DAYLIGHT TODAY  (HOUR:MIN)........8 HOURS 23 MINUTES
GAIN/LOSS SINCE YESTERDAY (HOUR:MIN:SEC)....+0:04:24

$$
*** FEB 15
