000
CDAK48 PADQ 301134
CLIADQ

CLIMATE REPORT
NATIONAL WEATHER SERVICE KODIAK, AK
334 AM AKDT THU OCT 30 2014

...................................
...THE KODIAK AP CLIMATE SUMMARY FOR OCTOBER 29 2014...

CLIMATE NORMAL PERIOD  1981 TO  2010
CLIMATE RECORD PERIOD  1949 TO  2014

WEATHER ITEM   OBSERVED TIME    RECORD YEAR NORMAL DEPARTURE LAST
               VALUE    (LST)   VALUE       VALUE  FROM      YEAR
                                                   NORMAL
...................................................................
TEMPERATURE
YESTERDAY
 MAXIMUM            43  0224 PM    52  1978     43       0     47
 MINIMUM            37  0916 PM    12  1976     32       5     32
 AVERAGE            40                          37       3     40

PRECIPITATION
(INCHES)
 YESTERDAY        0.58           3.63  1974   0.26    0.32   0.96
 MONTH TO DATE    5.74                        7.77   -2.03   9.62
 SINCE SEP 1     13.26                       15.12   -1.86  17.16
 SINCE JAN 1     62.49                       61.91    0.58  57.07

SNOWFALL
(INCHES)
 YESTERDAY         0.0            9.3  1964    0.0     0.0    0.0
 MONTH TO DATE     0.2                         0.9    -0.7    0.0
 SINCE SEP 1       0.2                         0.9    -0.7    0.0
 SINCE JUL 1       0.2                         0.9    -0.7    0.0
 SNOW DEPTH (IN)     0                                          0

DEGREE DAYS
 HEATING
  YESTERDAY         25                          28      -3     25
  MONTH TO DATE    713                         704       9    585
  SINCE SEP 1     1083                        1172     -89   1025
  SINCE JUL 1     1584                        1802    -218   1504

 COOLING
  YESTERDAY          0                           0       0      0
  MONTH TO DATE      0                           0       0      0
  SINCE SEP 1        0                           0       0      0
  SINCE JAN 1        4                           0       4      6
...................................................................

WIND (MPH)
 HIGHEST WIND SPEED    26     HIGHEST WIND DIRECTION     20
 HIGHEST GUST SPEED    38     HIGHEST GUST DIRECTION     30
 AVERAGE WIND SPEED  10.3

SKY COVER
  POSSIBLE SUNSHINE    MM          AVERAGE SKY COVER     MM

WEATHER CONDITIONS
 THE FOLLOWING WEATHER WAS RECORDED YESTERDAY.
  FOG
RAIN


RELATIVE HUMIDITY
 HIGHEST RH     MM PERCENT       MM
 LOWEST  RH     MM PERCENT       MM
 AVERAGE RH     MM PERCENT       MM
...................................................................

THE KODIAK CLIMATE NORMALS FOR TODAY
                           NORMAL    RECORD   YEAR
 MAXIMUM TEMPERATURE (F)     43        51     2003
 MINIMUM TEMPERATURE (F)     31        16     1981

SUNRISE AND SUNSET
 OCT 30 2014..........SUNRISE  9:20 AM      SUNSET  6:28 PM
 OCT 31 2014..........SUNRISE  9:22 AM      SUNSET  6:25 PM

-  INDICATES NEGATIVE NUMBERS.
R  INDICATES RECORD HAS BEEN SET OR TIED.
MM INDICATES DATA IS MISSING.
T  INDICATES TRACE OF PRECIPITATION.

&&
-------------------------------------------------------------------

AMOUNT OF DAYLIGHT TODAY  (HOUR:MIN)........9 HOURS 8 MINUTES
GAIN/LOSS SINCE YESTERDAY (HOUR:MIN:SEC)....-0:04:41

$$
*** OCT 14
