000
CDUS44 KLCH 020823
CLIAEX


CLIMATE REPORT
NATIONAL WEATHER SERVICE LAKE CHARLES, LA
322 AM CDT SUN AUG 2 2015


...................................

...THE ALEXANDRIA CLIMATE SUMMARY FOR AUGUST 1 2015...

CLIMATE NORMAL PERIOD 1981 TO 2010
CLIMATE RECORD PERIOD 1892 TO 2015


WEATHER ITEM   OBSERVED TIME   RECORD YEAR NORMAL DEPARTURE LAST
                VALUE   (LST)  VALUE       VALUE  FROM      YEAR
                                                  NORMAL
..................................................................
TEMPERATURE (F)
 YESTERDAY
  MAXIMUM         97    248 PM 105    1998  93      4       86
  MINIMUM         69   1159 PM  64    1936  73     -4       70
                                      1897
  AVERAGE         83                        83      0       78

PRECIPITATION (IN)
  YESTERDAY        0.00          1.60 1893   0.11  -0.11     1.31
  MONTH TO DATE    0.00                      0.11  -0.11     1.31
  SINCE JUN 1      8.34                      8.84  -0.50     9.34
  SINCE JAN 1     33.59                     32.84   0.75    27.56

DEGREE DAYS
 COOLING
  YESTERDAY       18                        18      0       13
  MONTH TO DATE   18                        18      0       13
  SINCE JUN 1   1111                      1010    101      981
  SINCE JAN 1   1633                      1464    169     1392
..................................................................


WIND (MPH)
  HIGHEST WIND SPEED    15   HIGHEST WIND DIRECTION    NE (30)
  HIGHEST GUST SPEED    21   HIGHEST GUST DIRECTION    NE (30)
  AVERAGE WIND SPEED     6.5


SKY COVER
  POSSIBLE SUNSHINE  MM
  AVERAGE SKY COVER 0.0


WEATHER CONDITIONS
 THE FOLLOWING WEATHER WAS RECORDED YESTERDAY.
  NO SIGNIFICANT WEATHER WAS OBSERVED.


RELATIVE HUMIDITY (PERCENT)
 HIGHEST    84          1100 PM
 LOWEST     26           400 PM
 AVERAGE    55

..........................................................


THE ALEXANDRIA CLIMATE NORMALS FOR TODAY
                         NORMAL    RECORD    YEAR
 MAXIMUM TEMPERATURE (F)   93       107      1998
 MINIMUM TEMPERATURE (F)   73        63      1965


SUNRISE AND SUNSET
AUGUST  2 2015........SUNRISE   627 AM CDT   SUNSET   805 PM CDT
AUGUST  3 2015........SUNRISE   628 AM CDT   SUNSET   804 PM CDT


-  INDICATES NEGATIVE NUMBERS.
R  INDICATES RECORD WAS SET OR TIED.
MM INDICATES DATA IS MISSING.
T  INDICATES TRACE AMOUNT.




$$
