000
CDUS44 KLCH 031247
CLIAEX


CLIMATE REPORT
NATIONAL WEATHER SERVICE LAKE CHARLES, LA
645 AM CST SAT DEC 3 2016


...................................

...THE ALEXANDRIA CLIMATE SUMMARY FOR DECEMBER 2 2016...

CLIMATE NORMAL PERIOD 1981 TO 2010
CLIMATE RECORD PERIOD 1892 TO 2016


WEATHER ITEM   OBSERVED TIME   RECORD YEAR NORMAL DEPARTURE LAST
                VALUE   (LST)  VALUE       VALUE  FROM      YEAR
                                                  NORMAL
..................................................................
TEMPERATURE (F)
 YESTERDAY
  MAXIMUM         63    301 PM  84    1906  63      0       56
  MINIMUM         41    139 AM  23    1910  42     -1       43
  AVERAGE         52                        52      0       50

PRECIPITATION (IN)
  YESTERDAY        0.08          1.70 1971   0.28  -0.20     0.02
  MONTH TO DATE    0.08                      0.57  -0.49     0.20
  SINCE DEC 1      0.08                      0.57  -0.49     0.20
  SINCE JAN 1     47.05                     50.37  -3.32    55.32

SNOWFALL (IN)
  YESTERDAY       MM             1.0  1896  MM     MM       MM
  MONTH TO DATE    0.0                      MM     MM        0.0
  SINCE DEC 1      0.0                      MM     MM        0.0
  SINCE JUL 1      0.0                      MM     MM        0.0
  SNOW DEPTH       0

DEGREE DAYS
 HEATING
  YESTERDAY       13                        13      0       15
  MONTH TO DATE   29                        26      3       23
  SINCE DEC 1     29                        26      3       23
  SINCE JUL 1    204                       351   -147      174
..................................................................


WIND (MPH)
  HIGHEST WIND SPEED    14   HIGHEST WIND DIRECTION     E (90)
  HIGHEST GUST SPEED    17   HIGHEST GUST DIRECTION     E (90)
  AVERAGE WIND SPEED     5.3


SKY COVER
  POSSIBLE SUNSHINE  MM
  AVERAGE SKY COVER 0.4


WEATHER CONDITIONS
 THE FOLLOWING WEATHER WAS RECORDED YESTERDAY.
  RAIN
  LIGHT RAIN


RELATIVE HUMIDITY (PERCENT)
 HIGHEST   100           400 AM
 LOWEST     30           100 PM
 AVERAGE    65

..........................................................


THE ALEXANDRIA CLIMATE NORMALS FOR TODAY
                         NORMAL    RECORD    YEAR
 MAXIMUM TEMPERATURE (F)   63        83      1906
                                             1892
 MINIMUM TEMPERATURE (F)   42        21      1929


SUNRISE AND SUNSET
DECEMBER  3 2016......SUNRISE   653 AM CST   SUNSET   507 PM CST
DECEMBER  4 2016......SUNRISE   654 AM CST   SUNSET   507 PM CST


-  INDICATES NEGATIVE NUMBERS.
R  INDICATES RECORD WAS SET OR TIED.
MM INDICATES DATA IS MISSING.
T  INDICATES TRACE AMOUNT.




$$
