000
CDUS44 KLCH 220848
CLIAEX


CLIMATE REPORT
NATIONAL WEATHER SERVICE LAKE CHARLES, LA
348 AM CDT SAT JUL 22 2017


...................................

...THE ALEXANDRIA CLIMATE SUMMARY FOR JULY 21 2017...

CLIMATE NORMAL PERIOD 1981 TO 2010
CLIMATE RECORD PERIOD 1892 TO 2017


WEATHER ITEM   OBSERVED TIME   RECORD YEAR NORMAL DEPARTURE LAST
                VALUE   (LST)  VALUE       VALUE  FROM      YEAR
                                                  NORMAL
..................................................................
TEMPERATURE (F)
 YESTERDAY
  MAXIMUM         97    244 PM 103    1924  92      5       96
  MINIMUM         75   1159 PM  65    1984  73      2       75
                                      1910
                                      1903
  AVERAGE         86                        82      4       86

PRECIPITATION (IN)
  YESTERDAY        0.00          1.20 1917   0.09  -0.09      T
  MONTH TO DATE    2.44                      2.79  -0.35     0.99
  SINCE JUN 1      8.33                      7.89   0.44     3.95
  SINCE JAN 1     33.04                     31.89   1.15    26.30

DEGREE DAYS
 COOLING
  YESTERDAY       21                        18      3       21
  MONTH TO DATE  363                       360      3      403
  SINCE JUN 1    777                       813    -36      885
  SINCE JAN 1   1352                      1267     85     1352
..................................................................


WIND (MPH)
  HIGHEST WIND SPEED    17   HIGHEST WIND DIRECTION     S (160)
  HIGHEST GUST SPEED    25   HIGHEST GUST DIRECTION     S (160)
  AVERAGE WIND SPEED     2.6


SKY COVER
  POSSIBLE SUNSHINE  MM
  AVERAGE SKY COVER 0.2


WEATHER CONDITIONS
 THE FOLLOWING WEATHER WAS RECORDED YESTERDAY.
  FOG


RELATIVE HUMIDITY (PERCENT)
 HIGHEST   100           600 AM
 LOWEST     46           300 PM
 AVERAGE    73

..........................................................


THE ALEXANDRIA CLIMATE NORMALS FOR TODAY
                         NORMAL    RECORD    YEAR
 MAXIMUM TEMPERATURE (F)   92       104      1907
 MINIMUM TEMPERATURE (F)   73        64      1915


SUNRISE AND SUNSET
JULY 22 2017..........SUNRISE   621 AM CDT   SUNSET   812 PM CDT
JULY 23 2017..........SUNRISE   621 AM CDT   SUNSET   812 PM CDT


-  INDICATES NEGATIVE NUMBERS.
R  INDICATES RECORD WAS SET OR TIED.
MM INDICATES DATA IS MISSING.
T  INDICATES TRACE AMOUNT.




$$
