000
CDUS44 KLCH 220816
CLIAEX


CLIMATE REPORT
NATIONAL WEATHER SERVICE LAKE CHARLES, LA
216 AM CST SAT NOV 22 2014


...................................

...THE ALEXANDRIA CLIMATE SUMMARY FOR NOVEMBER 21 2014...

CLIMATE NORMAL PERIOD 1981 TO 2010
CLIMATE RECORD PERIOD 1892 TO 2014


WEATHER ITEM   OBSERVED TIME   RECORD YEAR NORMAL DEPARTURE LAST
                VALUE   (LST)  VALUE       VALUE  FROM      YEAR
                                                  NORMAL
..................................................................
TEMPERATURE (F)
 YESTERDAY
  MAXIMUM         73    151 PM  84    2007  67      6       74
                                      1942
                                      1900
  MINIMUM         50    125 AM  27    2006  44      6       50
  AVERAGE         62                        56      6       62

PRECIPITATION (IN)
  YESTERDAY        T             3.28 1906   0.22  -0.22      T
  MONTH TO DATE    2.89                      3.31  -0.42     0.25
  SINCE SEP 1      8.31                     11.39  -3.08    10.53
  SINCE JAN 1     39.66                     47.62  -7.96    48.12

SNOWFALL (IN)
  YESTERDAY        0.0           0.0    MM  MM     MM        0.0
  MONTH TO DATE    0.0                      MM     MM        0.0
  SINCE SEP 1      0.0                      MM     MM        0.0
  SINCE JUL 1      0.0                      MM     MM        0.0
  SNOW DEPTH       0

DEGREE DAYS
 HEATING
  YESTERDAY        3                        10     -7        3
  MONTH TO DATE  278                       149    129      147
  SINCE SEP 1    313                       222     91      190
  SINCE JUL 1    313                       222     91      190
..................................................................


WIND (MPH)
  HIGHEST WIND SPEED    22   HIGHEST WIND DIRECTION     E (110)
  HIGHEST GUST SPEED    28   HIGHEST GUST DIRECTION     E (100)
  AVERAGE WIND SPEED     9.5


SKY COVER
  POSSIBLE SUNSHINE  MM
  AVERAGE SKY COVER 0.9


WEATHER CONDITIONS
 THE FOLLOWING WEATHER WAS RECORDED YESTERDAY.
  LIGHT RAIN


RELATIVE HUMIDITY (PERCENT)
 HIGHEST    89           200 AM
 LOWEST     37           300 PM
 AVERAGE    63

..........................................................


THE ALEXANDRIA CLIMATE NORMALS FOR TODAY
                         NORMAL    RECORD    YEAR
 MAXIMUM TEMPERATURE (F)   67        88      1900
 MINIMUM TEMPERATURE (F)   44        25      1898


SUNRISE AND SUNSET
NOVEMBER 22 2014......SUNRISE   644 AM CST   SUNSET   509 PM CST
NOVEMBER 23 2014......SUNRISE   645 AM CST   SUNSET   508 PM CST


-  INDICATES NEGATIVE NUMBERS.
R  INDICATES RECORD WAS SET OR TIED.
MM INDICATES DATA IS MISSING.
T  INDICATES TRACE AMOUNT.




$$
