000
CDUS44 KLCH 112207
CLIAEX


CLIMATE REPORT
NATIONAL WEATHER SERVICE LAKE CHARLES, LA
407 PM CST MON DEC 11 2017


...................................

...THE ALEXANDRIA CLIMATE SUMMARY FOR DECEMBER 11 2017...
VALID TODAY AS OF 0400 PM LOCAL TIME.

CLIMATE NORMAL PERIOD 1981 TO 2010
CLIMATE RECORD PERIOD 1892 TO 2017


WEATHER ITEM   OBSERVED TIME   RECORD YEAR NORMAL DEPARTURE LAST
                VALUE   (LST)  VALUE       VALUE  FROM      YEAR
                                                  NORMAL
..................................................................
TEMPERATURE (F)
 TODAY
  MAXIMUM         72    306 PM  82    2015  61     11       67
                                      2007
  MINIMUM         33    716 AM  20    1898  41     -8       44
  AVERAGE         53                        51      2       56

PRECIPITATION (IN)
  TODAY            0.00          6.00 1964   0.19  -0.19      T
  MONTH TO DATE    0.11                      2.75  -2.64     7.57
  SINCE DEC 1      0.11                      2.75  -2.64     7.57
  SINCE JAN 1     45.75                     52.55  -6.80    54.54

SNOWFALL (IN)
  TODAY            0.0           T    1945  MM     MM       MM
  MONTH TO DATE    2.1                      MM     MM        0.0
  SINCE DEC 1      2.1                      MM     MM        0.0
  SINCE JUL 1      2.1                      MM     MM        0.0
  SNOW DEPTH       0

DEGREE DAYS
 HEATING
  TODAY           12                        15     -3        9
  MONTH TO DATE  154                       154      0      179
  SINCE DEC 1    154                       154      0      179
  SINCE JUL 1    424                       479    -55      354
..................................................................


WIND (MPH)
  HIGHEST WIND SPEED    13   HIGHEST WIND DIRECTION     W (250)
  HIGHEST GUST SPEED    15   HIGHEST GUST DIRECTION     W (250)
  AVERAGE WIND SPEED     2.5


SKY COVER
  POSSIBLE SUNSHINE  MM
  AVERAGE SKY COVER 0.0


WEATHER CONDITIONS
 THE FOLLOWING WEATHER WAS RECORDED TODAY.
  NO SIGNIFICANT WEATHER WAS OBSERVED.


RELATIVE HUMIDITY (PERCENT)
 HIGHEST    96           500 AM
 LOWEST     27           300 PM
 AVERAGE    62

..........................................................


THE ALEXANDRIA CLIMATE NORMALS FOR TOMORROW
                         NORMAL    RECORD    YEAR
 MAXIMUM TEMPERATURE (F)   61        83      2007
 MINIMUM TEMPERATURE (F)   41        18      1957


SUNRISE AND SUNSET
DECEMBER 11 2017......SUNRISE   659 AM CST   SUNSET   508 PM CST
DECEMBER 12 2017......SUNRISE   700 AM CST   SUNSET   508 PM CST


-  INDICATES NEGATIVE NUMBERS.
R  INDICATES RECORD WAS SET OR TIED.
MM INDICATES DATA IS MISSING.
T  INDICATES TRACE AMOUNT.




$$
