000
CDUS44 KLCH 280823
CLIAEX


CLIMATE REPORT
NATIONAL WEATHER SERVICE LAKE CHARLES, LA
323 AM CDT THU JUL 28 2016


...................................

...THE ALEXANDRIA CLIMATE SUMMARY FOR JULY 27 2016...

CLIMATE NORMAL PERIOD 1981 TO 2010
CLIMATE RECORD PERIOD 1892 TO 2016


WEATHER ITEM   OBSERVED TIME   RECORD YEAR NORMAL DEPARTURE LAST
                VALUE   (LST)  VALUE       VALUE  FROM      YEAR
                                                  NORMAL
..................................................................
TEMPERATURE (F)
 YESTERDAY
  MAXIMUM         84   1111 AM 104    2008  92     -8       95
  MINIMUM         73    436 AM  61    1911  73      0       73
                                      1894
  AVERAGE         79                        83     -4       84

PRECIPITATION (IN)
  YESTERDAY        0.26          2.00 1928   0.08   0.18     0.00
  MONTH TO DATE    4.74                      3.31   1.43     2.80
  SINCE JUN 1      7.70                      8.41  -0.71     7.60
  SINCE JAN 1     30.05                     32.41  -2.36    32.85

DEGREE DAYS
 COOLING
  YESTERDAY       14                        18     -4       19
  MONTH TO DATE  497                       468     29      522
  SINCE JUN 1    979                       921     58     1007
  SINCE JAN 1   1446                      1375     71     1529
..................................................................


WIND (MPH)
  HIGHEST WIND SPEED    17   HIGHEST WIND DIRECTION     S (180)
  HIGHEST GUST SPEED    23   HIGHEST GUST DIRECTION    SW (230)
  AVERAGE WIND SPEED     5.3


SKY COVER
  POSSIBLE SUNSHINE  MM
  AVERAGE SKY COVER 0.6


WEATHER CONDITIONS
 THE FOLLOWING WEATHER WAS RECORDED YESTERDAY.
  THUNDERSTORM
  HEAVY RAIN
  RAIN
  LIGHT RAIN
  FOG
  HAZE


RELATIVE HUMIDITY (PERCENT)
 HIGHEST   100          1200 AM
 LOWEST     74           400 PM
 AVERAGE    87

..........................................................


THE ALEXANDRIA CLIMATE NORMALS FOR TODAY
                         NORMAL    RECORD    YEAR
 MAXIMUM TEMPERATURE (F)   93       103      2008
 MINIMUM TEMPERATURE (F)   73        64      1911


SUNRISE AND SUNSET
JULY 28 2016..........SUNRISE   625 AM CDT   SUNSET   808 PM CDT
JULY 29 2016..........SUNRISE   625 AM CDT   SUNSET   808 PM CDT


-  INDICATES NEGATIVE NUMBERS.
R  INDICATES RECORD WAS SET OR TIED.
MM INDICATES DATA IS MISSING.
T  INDICATES TRACE AMOUNT.




$$
