000
CDUS44 KLCH 202216
CLIAEX


CLIMATE REPORT
NATIONAL WEATHER SERVICE LAKE CHARLES, LA
516 PM CDT MON OCT 20 2014


...................................

...THE ALEXANDRIA CLIMATE SUMMARY FOR OCTOBER 20 2014...
VALID TODAY AS OF 0500 PM LOCAL TIME.

CLIMATE NORMAL PERIOD 1981 TO 2010
CLIMATE RECORD PERIOD 1892 TO 2014


WEATHER ITEM   OBSERVED TIME   RECORD YEAR NORMAL DEPARTURE LAST
                VALUE   (LST)  VALUE       VALUE  FROM      YEAR
                                                  NORMAL
..................................................................
TEMPERATURE (F)
 TODAY
  MAXIMUM         80    207 PM  92    1899  79      1       72
  MINIMUM         47    624 AM  30    1989  53     -6       41
  AVERAGE         64                        66     -2       57

PRECIPITATION (IN)
  TODAY            0.00          2.74 1902   0.18  -0.18     0.00
  MONTH TO DATE    4.54                      3.99   0.55     2.57
  SINCE SEP 1      5.41                      6.89  -1.48     7.96
  SINCE JAN 1     36.76                     43.12  -6.36    45.55

SNOWFALL (IN)
  TODAY            0.0           0.0    MM  MM     MM       MM
  MONTH TO DATE    0.0                      MM     MM        0.0
  SINCE SEP 1      0.0                      MM     MM        0.0
  SINCE JUL 1      0.0                      MM     MM        0.0
  SNOW DEPTH       0

DEGREE DAYS
 HEATING
  TODAY            1                         3     -2        8
  MONTH TO DATE    6                        30    -24       21
  SINCE SEP 1      6                        33    -27       21
  SINCE JUL 1      6                        33    -27       21

 COOLING
  TODAY            0                         4     -4        0
  MONTH TO DATE  142                       105     37      141
  SINCE SEP 1    543                       468     75      602
  SINCE JAN 1   2451                      2455     -4     2567
..................................................................


WIND (MPH)
  HIGHEST WIND SPEED    10   HIGHEST WIND DIRECTION     N (340)
  HIGHEST GUST SPEED    13   HIGHEST GUST DIRECTION     N (10)
  AVERAGE WIND SPEED     2.3


SKY COVER
  POSSIBLE SUNSHINE  MM
  AVERAGE SKY COVER 0.0


WEATHER CONDITIONS
 THE FOLLOWING WEATHER WAS RECORDED TODAY.
  FOG


RELATIVE HUMIDITY (PERCENT)
 HIGHEST   100          1200 AM
 LOWEST     35           200 PM
 AVERAGE    68

..........................................................


THE ALEXANDRIA CLIMATE NORMALS FOR TOMORROW
                         NORMAL    RECORD    YEAR
 MAXIMUM TEMPERATURE (F)   78        91      1899
 MINIMUM TEMPERATURE (F)   53        31      1989


SUNRISE AND SUNSET
OCTOBER 20 2014.......SUNRISE   717 AM CDT   SUNSET   633 PM CDT
OCTOBER 21 2014.......SUNRISE   717 AM CDT   SUNSET   632 PM CDT


-  INDICATES NEGATIVE NUMBERS.
R  INDICATES RECORD WAS SET OR TIED.
MM INDICATES DATA IS MISSING.
T  INDICATES TRACE AMOUNT.




$$
