000
CDUS44 KLCH 242219
CLIAEX


CLIMATE REPORT
NATIONAL WEATHER SERVICE LAKE CHARLES, LA
419 PM CST MON NOV 24 2014


...................................

...THE ALEXANDRIA CLIMATE SUMMARY FOR NOVEMBER 24 2014...
VALID TODAY AS OF 0400 PM LOCAL TIME.

CLIMATE NORMAL PERIOD 1981 TO 2010
CLIMATE RECORD PERIOD 1892 TO 2014


WEATHER ITEM   OBSERVED TIME   RECORD YEAR NORMAL DEPARTURE LAST
                VALUE   (LST)  VALUE       VALUE  FROM      YEAR
                                                  NORMAL
..................................................................
TEMPERATURE (F)
 TODAY
  MAXIMUM         64    141 PM  86    1900  66     -2       49
  MINIMUM         49    702 AM  24    1970  43      6       34
                                      1898
                                      1893
  AVERAGE         57                        54      3       42

PRECIPITATION (IN)
  TODAY            0.00          2.10 2000   0.23  -0.23      T
  MONTH TO DATE    3.70                      3.99  -0.29     0.74
  SINCE SEP 1      9.12                     12.07  -2.95    11.02
  SINCE JAN 1     40.47                     48.30  -7.83    48.61

SNOWFALL (IN)
  TODAY           MM             T    1950  MM     MM       MM
  MONTH TO DATE    0.0                      MM     MM        0.0
  SINCE SEP 1      0.0                      MM     MM        0.0
  SINCE JUL 1      0.0                      MM     MM        0.0
  SNOW DEPTH       0

DEGREE DAYS
 HEATING
  TODAY            8                        11     -3       23
  MONTH TO DATE  288                       181    107      189
  SINCE SEP 1    323                       254     69      232
  SINCE JUL 1    323                       254     69      232
..................................................................


WIND (MPH)
  HIGHEST WIND SPEED    22   HIGHEST WIND DIRECTION    NW (310)
  HIGHEST GUST SPEED    29   HIGHEST GUST DIRECTION    NW (310)
  AVERAGE WIND SPEED    11.4


SKY COVER
  POSSIBLE SUNSHINE  MM
  AVERAGE SKY COVER 0.0


WEATHER CONDITIONS
 THE FOLLOWING WEATHER WAS RECORDED TODAY.
  NO SIGNIFICANT WEATHER WAS OBSERVED.


RELATIVE HUMIDITY (PERCENT)
 HIGHEST    93           300 AM
 LOWEST     34           200 PM
 AVERAGE    64

..........................................................


THE ALEXANDRIA CLIMATE NORMALS FOR TOMORROW
                         NORMAL    RECORD    YEAR
 MAXIMUM TEMPERATURE (F)   65        85      1910
 MINIMUM TEMPERATURE (F)   43        24      1950


SUNRISE AND SUNSET
NOVEMBER 24 2014......SUNRISE   645 AM CST   SUNSET   508 PM CST
NOVEMBER 25 2014......SUNRISE   646 AM CST   SUNSET   508 PM CST


-  INDICATES NEGATIVE NUMBERS.
R  INDICATES RECORD WAS SET OR TIED.
MM INDICATES DATA IS MISSING.
T  INDICATES TRACE AMOUNT.




$$
