000
CDUS44 KLCH 272152
CLIAEX


CLIMATE REPORT
NATIONAL WEATHER SERVICE LAKE CHARLES, LA
452 PM CDT MON MAR 27 2017


...................................

...THE ALEXANDRIA CLIMATE SUMMARY FOR MARCH 27 2017...
VALID TODAY AS OF 0400 PM LOCAL TIME.

CLIMATE NORMAL PERIOD 1981 TO 2010
CLIMATE RECORD PERIOD 1892 TO 2017


WEATHER ITEM   OBSERVED TIME   RECORD YEAR NORMAL DEPARTURE LAST
                VALUE   (LST)  VALUE       VALUE  FROM      YEAR
                                                  NORMAL
..................................................................
TEMPERATURE (F)
 TODAY
  MAXIMUM         81    200 PM  91    1907  74      7       79
  MINIMUM         66        MM  29    2013  50     16       60
  AVERAGE         74                        62     12       70

PRECIPITATION (IN)
  TODAY            T             2.83 1951   0.15  -0.15     0.04
  MONTH TO DATE    2.00                      4.43  -2.43     7.51
  SINCE MAR 1      2.00                      4.43  -2.43     7.51
  SINCE JAN 1      9.71                     14.11  -4.40    13.99

SNOWFALL (IN)
  TODAY            0.0           0.0    MM  MM     MM        0.0
  MONTH TO DATE    0.0                      MM     MM        0.0
  SINCE MAR 1      0.0                      MM     MM        0.0
  SINCE JUL 1      0.5                      MM     MM        0.0
  SNOW DEPTH       0

DEGREE DAYS
 HEATING
  TODAY            0                         5     -5        0
  MONTH TO DATE  129                       195    -66       97
  SINCE MAR 1    129                       195    -66       97
  SINCE JUL 1   1105                      1860   -755     1297

 COOLING
  TODAY            9                         2      7        5
  MONTH TO DATE   82                        30     52       43
  SINCE MAR 1     82                        30     52       43
  SINCE JAN 1    164                        47    117       51
..................................................................


WIND (MPH)
  HIGHEST WIND SPEED    16   HIGHEST WIND DIRECTION     S (200)
  HIGHEST GUST SPEED    21   HIGHEST GUST DIRECTION     S (200)
  AVERAGE WIND SPEED     9.7


SKY COVER
  POSSIBLE SUNSHINE  MM
  AVERAGE SKY COVER 0.8


WEATHER CONDITIONS
 THE FOLLOWING WEATHER WAS RECORDED TODAY.
  LIGHT RAIN
  FOG


RELATIVE HUMIDITY (PERCENT)
 HIGHEST   100           100 AM
 LOWEST     62          1200 PM
 AVERAGE    81

..........................................................


THE ALEXANDRIA CLIMATE NORMALS FOR TOMORROW
                         NORMAL    RECORD    YEAR
 MAXIMUM TEMPERATURE (F)   74        91      1907
 MINIMUM TEMPERATURE (F)   50        34      1942
                                             1931
                                             1894


SUNRISE AND SUNSET
MARCH 27 2017.........SUNRISE   705 AM CDT   SUNSET   727 PM CDT
MARCH 28 2017.........SUNRISE   704 AM CDT   SUNSET   727 PM CDT


-  INDICATES NEGATIVE NUMBERS.
R  INDICATES RECORD WAS SET OR TIED.
MM INDICATES DATA IS MISSING.
T  INDICATES TRACE AMOUNT.




$$
