000
CDUS44 KLCH 312245
CLIAEX


CLIMATE REPORT
NATIONAL WEATHER SERVICE LAKE CHARLES, LA
545 PM CDT MON AUG 31 2015


...................................

...THE ALEXANDRIA CLIMATE SUMMARY FOR AUGUST 31 2015...
VALID TODAY AS OF 0500 PM LOCAL TIME.

CLIMATE NORMAL PERIOD 1981 TO 2010
CLIMATE RECORD PERIOD 1892 TO 2015


WEATHER ITEM   OBSERVED TIME   RECORD YEAR NORMAL DEPARTURE LAST
                VALUE   (LST)  VALUE       VALUE  FROM      YEAR
                                                  NORMAL
..................................................................
TEMPERATURE (F)
 TODAY
  MAXIMUM         94    151 PM 108    2000  93      1       88
  MINIMUM         65    451 AM  59    1893  70     -5       73
  AVERAGE         80                        81     -1       81

PRECIPITATION (IN)
  TODAY            0.00          2.47 1991   0.11  -0.11      T
  MONTH TO DATE    0.97                      3.50  -2.53     5.10
  SINCE JUN 1      9.31                     12.23  -2.92    13.13
  SINCE JAN 1     34.56                     36.23  -1.67    31.35

DEGREE DAYS
 COOLING
  TODAY           15                        16     -1       16
  MONTH TO DATE  560                       541     19      529
  SINCE JUN 1   1653                      1533    120     1497
  SINCE JAN 1   2175                      1987    188     1908
..................................................................


WIND (MPH)
  HIGHEST WIND SPEED    14   HIGHEST WIND DIRECTION     S (160)
  HIGHEST GUST SPEED    19   HIGHEST GUST DIRECTION    SE (150)
  AVERAGE WIND SPEED     3.0


SKY COVER
  POSSIBLE SUNSHINE  MM
  AVERAGE SKY COVER 0.1


WEATHER CONDITIONS
 THE FOLLOWING WEATHER WAS RECORDED TODAY.
  FOG
  HAZE


RELATIVE HUMIDITY (PERCENT)
 HIGHEST   100           700 AM
 LOWEST     39           100 PM
 AVERAGE    70

..........................................................


THE ALEXANDRIA CLIMATE NORMALS FOR TOMORROW
                         NORMAL    RECORD    YEAR
 MAXIMUM TEMPERATURE (F)   92       109      2000
 MINIMUM TEMPERATURE (F)   70        57      1915


SUNRISE AND SUNSET
AUGUST 31 2015........SUNRISE   645 AM CDT   SUNSET   735 PM CDT
SEPTEMBER  1 2015.....SUNRISE   646 AM CDT   SUNSET   734 PM CDT


-  INDICATES NEGATIVE NUMBERS.
R  INDICATES RECORD WAS SET OR TIED.
MM INDICATES DATA IS MISSING.
T  INDICATES TRACE AMOUNT.




$$
