000
CDUS44 KLCH 261245
CLIAEX


CLIMATE REPORT
NATIONAL WEATHER SERVICE LAKE CHARLES, LA
645 AM CST SUN FEB 26 2017


...................................

...THE ALEXANDRIA CLIMATE SUMMARY FOR FEBRUARY 25 2017...

CLIMATE NORMAL PERIOD 1981 TO 2010
CLIMATE RECORD PERIOD 1892 TO 2017


WEATHER ITEM   OBSERVED TIME   RECORD YEAR NORMAL DEPARTURE LAST
                VALUE   (LST)  VALUE       VALUE  FROM      YEAR
                                                  NORMAL
..................................................................
TEMPERATURE (F)
 YESTERDAY
  MAXIMUM         63    412 PM  83    1906  66     -3       64
  MINIMUM         43   1144 PM  22    1914  43      0       35
  AVERAGE         53                        54     -1       50

PRECIPITATION (IN)
  YESTERDAY        0.00          3.20 1997   0.15  -0.15     0.00
  MONTH TO DATE    1.91                      3.99  -2.08     2.70
  SINCE DEC 1     16.73                     15.33   1.40    14.54
  SINCE JAN 1      7.68                      9.21  -1.53     6.48

SNOWFALL (IN)
  YESTERDAY        0.0           T    1965  MM     MM        0.0
  MONTH TO DATE    0.0                      MM     MM        0.0
  SINCE DEC 1      0.5                      MM     MM        0.0
  SINCE JUL 1      0.5                      MM     MM        0.0
  SNOW DEPTH       0

DEGREE DAYS
 HEATING
  YESTERDAY       12                        11      1       15
  MONTH TO DATE  127                       342   -215      255
  SINCE DEC 1    792                      1308   -516     1008
  SINCE JUL 1    967                      1633   -666     1159
..................................................................


WIND (MPH)
  HIGHEST WIND SPEED    21   HIGHEST WIND DIRECTION    NW (330)
  HIGHEST GUST SPEED    27   HIGHEST GUST DIRECTION    NW (320)
  AVERAGE WIND SPEED     7.6


SKY COVER
  POSSIBLE SUNSHINE  MM
  AVERAGE SKY COVER 0.0


WEATHER CONDITIONS
 THE FOLLOWING WEATHER WAS RECORDED YESTERDAY.
  HAZE


RELATIVE HUMIDITY (PERCENT)
 HIGHEST    65           700 AM
 LOWEST     27           300 PM
 AVERAGE    46

..........................................................


THE ALEXANDRIA CLIMATE NORMALS FOR TODAY
                         NORMAL    RECORD    YEAR
 MAXIMUM TEMPERATURE (F)   66        85      1977
                                             1918
 MINIMUM TEMPERATURE (F)   44        24      1914


SUNRISE AND SUNSET
FEBRUARY 26 2017......SUNRISE   640 AM CST   SUNSET   606 PM CST
FEBRUARY 27 2017......SUNRISE   639 AM CST   SUNSET   607 PM CST


-  INDICATES NEGATIVE NUMBERS.
R  INDICATES RECORD WAS SET OR TIED.
MM INDICATES DATA IS MISSING.
T  INDICATES TRACE AMOUNT.




$$
