000
CDUS44 KLCH 300828
CLIAEX


CLIMATE REPORT
NATIONAL WEATHER SERVICE LAKE CHARLES, LA
326 AM CDT MON MAR 30 2015


...................................

...THE ALEXANDRIA CLIMATE SUMMARY FOR MARCH 29 2015...

CLIMATE NORMAL PERIOD 1981 TO 2010
CLIMATE RECORD PERIOD 1892 TO 2015


WEATHER ITEM   OBSERVED TIME   RECORD YEAR NORMAL DEPARTURE LAST
                VALUE   (LST)  VALUE       VALUE  FROM      YEAR
                                                  NORMAL
..................................................................
TEMPERATURE (F)
 YESTERDAY
  MAXIMUM         82    230 PM  92    1907  74      8       73
  MINIMUM         55   1243 AM  30    1955  50      5       51
  AVERAGE         69                        62      7       62

PRECIPITATION (IN)
  YESTERDAY        0.00          4.00 1991   0.15  -0.15     0.00
  MONTH TO DATE    5.80                      4.75   1.05     3.91
  SINCE MAR 1      5.80                      4.75   1.05     3.91
  SINCE JAN 1     10.90                     14.43  -3.53    10.29

SNOWFALL (IN)
  YESTERDAY        0.0           T    1959  MM     MM        0.0
  MONTH TO DATE    0.3                      MM     MM        0.2
  SINCE MAR 1      0.3                      MM     MM        0.2
  SINCE JUL 1      0.3                      MM     MM        5.0
  SNOW DEPTH       0

DEGREE DAYS
 HEATING
  YESTERDAY        0                         5     -5        3
  MONTH TO DATE  181                       205    -24      305
  SINCE MAR 1    181                       205    -24      305
  SINCE JUL 1   2032                      1870    162     2321

 COOLING
  YESTERDAY        4                         2      2        0
  MONTH TO DATE   33                        34     -1       13
  SINCE MAR 1     33                        34     -1       13
  SINCE JAN 1     34                        51    -17       24
..................................................................


WIND (MPH)
  HIGHEST WIND SPEED    24   HIGHEST WIND DIRECTION     S (190)
  HIGHEST GUST SPEED    31   HIGHEST GUST DIRECTION     S (190)
  AVERAGE WIND SPEED    11.5


SKY COVER
  POSSIBLE SUNSHINE  MM
  AVERAGE SKY COVER 0.4


WEATHER CONDITIONS
 THE FOLLOWING WEATHER WAS RECORDED YESTERDAY.
  FOG


RELATIVE HUMIDITY (PERCENT)
 HIGHEST   100          1200 AM
 LOWEST     42           400 PM
 AVERAGE    71

..........................................................


THE ALEXANDRIA CLIMATE NORMALS FOR TODAY
                         NORMAL    RECORD    YEAR
 MAXIMUM TEMPERATURE (F)   74        92      1946
 MINIMUM TEMPERATURE (F)   50        32      1893


SUNRISE AND SUNSET
MARCH 30 2015.........SUNRISE   702 AM CDT   SUNSET   728 PM CDT
MARCH 31 2015.........SUNRISE   700 AM CDT   SUNSET   729 PM CDT


-  INDICATES NEGATIVE NUMBERS.
R  INDICATES RECORD WAS SET OR TIED.
MM INDICATES DATA IS MISSING.
T  INDICATES TRACE AMOUNT.




$$
