000
CDUS44 KLCH 020901
CLIAEX


CLIMATE REPORT
NATIONAL WEATHER SERVICE LAKE CHARLES, LA
300 AM CST MON MAR 2 2015


...................................

...THE ALEXANDRIA CLIMATE SUMMARY FOR MARCH 1 2015...

CLIMATE NORMAL PERIOD 1981 TO 2010
CLIMATE RECORD PERIOD 1892 TO 2015


WEATHER ITEM   OBSERVED TIME   RECORD YEAR NORMAL DEPARTURE LAST
                VALUE   (LST)  VALUE       VALUE  FROM      YEAR
                                                  NORMAL
..................................................................
TEMPERATURE (F)
 YESTERDAY
  MAXIMUM         61    422 PM  85    1907  67     -6       79
                                      1904
  MINIMUM         50   1159 PM  24    1968  44      6       53
  AVERAGE         56                        56      0       66

PRECIPITATION (IN)
  YESTERDAY        2.32          3.50 1965   0.17   2.15     0.00
  MONTH TO DATE    2.32                      0.17   2.15     0.00
  SINCE MAR 1      2.32                      0.17   2.15     0.00
  SINCE JAN 1      7.42                      9.85  -2.43     6.38

SNOWFALL (IN)
  YESTERDAY        0.0           0.0    MM  MM     MM        0.0
  MONTH TO DATE    0.0                      MM     MM        0.0
  SINCE MAR 1      0.0                      MM     MM        0.0
  SINCE JUL 1      0.0                      MM     MM        4.8
  SNOW DEPTH       0

DEGREE DAYS
 HEATING
  YESTERDAY        9                        10     -1        0
  MONTH TO DATE    9                        10     -1        0
  SINCE MAR 1      9                        10     -1        0
  SINCE JUL 1   1860                      1675    185     2016
..................................................................


WIND (MPH)
  HIGHEST WIND SPEED    14   HIGHEST WIND DIRECTION     E (90)
  HIGHEST GUST SPEED    16   HIGHEST GUST DIRECTION     E (70)
  AVERAGE WIND SPEED     5.2


SKY COVER
  POSSIBLE SUNSHINE  MM
  AVERAGE SKY COVER 1.0


WEATHER CONDITIONS
 THE FOLLOWING WEATHER WAS RECORDED YESTERDAY.
  THUNDERSTORM
  HEAVY RAIN
  RAIN
  LIGHT RAIN
  FOG
  FOG W/VISIBILITY <= 1/4 MILE


RELATIVE HUMIDITY (PERCENT)
 HIGHEST   100           200 PM
 LOWEST     63           100 AM
 AVERAGE    82

..........................................................


THE ALEXANDRIA CLIMATE NORMALS FOR TODAY
                         NORMAL    RECORD    YEAR
 MAXIMUM TEMPERATURE (F)   67        84      1955
                                             1940
                                             1904
 MINIMUM TEMPERATURE (F)   45        23      1980


SUNRISE AND SUNSET
MARCH  2 2015.........SUNRISE   636 AM CST   SUNSET   609 PM CST
MARCH  3 2015.........SUNRISE   635 AM CST   SUNSET   610 PM CST


-  INDICATES NEGATIVE NUMBERS.
R  INDICATES RECORD WAS SET OR TIED.
MM INDICATES DATA IS MISSING.
T  INDICATES TRACE AMOUNT.




$$
