000
CDUS42 KCAE 262214
CLIAGS


CLIMATE REPORT
NATIONAL WEATHER SERVICE COLUMBIA SC
514 PM EST MON JAN 26 2015


...................................

...THE AUGUSTA BUSH FIELD GA CLIMATE SUMMARY FOR JANUARY 26 2015...
VALID TODAY AS OF 0500 PM LOCAL TIME.

CLIMATE NORMAL PERIOD 1981 TO 2010
CLIMATE RECORD PERIOD 1873 TO 2015


WEATHER ITEM   OBSERVED TIME   RECORD YEAR NORMAL DEPARTURE LAST
                VALUE   (LST)  VALUE       VALUE  FROM      YEAR
                                                  NORMAL
..................................................................
TEMPERATURE (F)
 TODAY
  MAXIMUM         58    230 PM  80    1950  59     -1       58
  MINIMUM         43   1209 AM  13    1940  33     10       26
  AVERAGE         51                        46      5       42

PRECIPITATION (IN)
  TODAY            0.00          1.57 2004   0.12  -0.12     0.00
  MONTH TO DATE    2.10                      3.25  -1.15     2.22
  SINCE DEC 1      6.31                      6.64  -0.33     9.12
  SINCE JAN 1      2.10                      3.25  -1.15     2.22

SNOWFALL (IN)
  TODAY            0.0           0.2  1966   0.0             0.0
  MONTH TO DATE    0.0                       0.3             0.0
  SINCE DEC 1      0.0                       0.4             0.0
  SINCE JUL 1      0.0                       0.4             0.0

DEGREE DAYS
 HEATING
  TODAY           14                        19     -5       23
  MONTH TO DATE  523                       515      8      641
  SINCE DEC 1    984                      1068    -84     1099
  SINCE JUL 1   1548                      1490     58     1558

 COOLING
  TODAY            0                         0      0        0
  MONTH TO DATE    0                         0      0        0
  SINCE DEC 1      0                         3     -3       11
  SINCE JAN 1      0                         0      0        0
..................................................................


WIND (MPH)
  HIGHEST WIND SPEED    28   HIGHEST WIND DIRECTION     W (290)
  HIGHEST GUST SPEED    34   HIGHEST GUST DIRECTION     W (290)
  AVERAGE WIND SPEED    13.9


SKY COVER
  AVERAGE SKY COVER 0.5


WEATHER CONDITIONS
 THE FOLLOWING WEATHER WAS RECORDED TODAY.
  NO SIGNIFICANT WEATHER WAS OBSERVED.


RELATIVE HUMIDITY (PERCENT)
 HIGHEST    83           500 AM
 LOWEST     46           400 PM
 AVERAGE    65

..........................................................


THE AUGUSTA BUSH FIELD GA CLIMATE NORMALS FOR TOMORROW
                         NORMAL    RECORD    YEAR
 MAXIMUM TEMPERATURE (F)   59        78      1890
 MINIMUM TEMPERATURE (F)   33        12      1940


SUNRISE AND SUNSET
JANUARY 26 2015.......SUNRISE   728 AM EST   SUNSET   554 PM EST
JANUARY 27 2015.......SUNRISE   727 AM EST   SUNSET   554 PM EST


-  INDICATES NEGATIVE NUMBERS.
R  INDICATES RECORD WAS SET OR TIED.
MM INDICATES DATA IS MISSING.
T  INDICATES TRACE AMOUNT.




$$
