000
CDUS42 KCAE 022217
CLIAGS


CLIMATE REPORT
NATIONAL WEATHER SERVICE COLUMBIA SC
515 PM EST MON MAR 2 2015


...................................

...THE AUGUSTA BUSH FIELD GA CLIMATE SUMMARY FOR MARCH 2 2015...
VALID TODAY AS OF 0500 PM LOCAL TIME.

CLIMATE NORMAL PERIOD 1981 TO 2010
CLIMATE RECORD PERIOD 1873 TO 2015


WEATHER ITEM   OBSERVED TIME   RECORD YEAR NORMAL DEPARTURE LAST
                VALUE   (LST)  VALUE       VALUE  FROM      YEAR
                                                  NORMAL
..................................................................
TEMPERATURE (F)
 TODAY
  MAXIMUM         76    355 PM  86    1951  66     10       75
  MINIMUM         43    310 AM  20    1980  39      4       34
  AVERAGE         60                        53      7       55

PRECIPITATION (IN)
  TODAY            0.00          2.20 1971   0.15  -0.15     0.00
  MONTH TO DATE    0.23                      0.29  -0.06     0.00
  SINCE MAR 1      0.23                      0.29  -0.06     0.00
  SINCE JAN 1      7.03                      8.12  -1.09     6.21

SNOWFALL (IN)
  TODAY            0.0           1.1  1980   0.0             0.0
  MONTH TO DATE    0.0                       0.0             0.0
  SINCE MAR 1      0.0                       0.0             0.0
  SINCE JUL 1      T                         0.9             3.3

DEGREE DAYS
 HEATING
  TODAY            5                        13     -8       10
  MONTH TO DATE   30                        26      4       25
  SINCE MAR 1     30                        26      4       25
  SINCE JUL 1   2316                      2058    258     2187

 COOLING
  TODAY            0                         0      0        0
  MONTH TO DATE    0                         0      0        0
  SINCE MAR 1      0                         0      0        0
  SINCE JAN 1      0                         3     -3        2
..................................................................


WIND (MPH)
  HIGHEST WIND SPEED    15   HIGHEST WIND DIRECTION     W (250)
  HIGHEST GUST SPEED    20   HIGHEST GUST DIRECTION     W (260)
  AVERAGE WIND SPEED     5.6


SKY COVER
  AVERAGE SKY COVER 0.7


WEATHER CONDITIONS
 THE FOLLOWING WEATHER WAS RECORDED TODAY.
  FOG


RELATIVE HUMIDITY (PERCENT)
 HIGHEST   100          1200 AM
 LOWEST     50           500 PM
 AVERAGE    75

..........................................................


THE AUGUSTA BUSH FIELD GA CLIMATE NORMALS FOR TOMORROW
                         NORMAL    RECORD    YEAR
 MAXIMUM TEMPERATURE (F)   66        86      1997
 MINIMUM TEMPERATURE (F)   39        12      1980


SUNRISE AND SUNSET
MARCH  2 2015.........SUNRISE   655 AM EST   SUNSET   625 PM EST
MARCH  3 2015.........SUNRISE   654 AM EST   SUNSET   626 PM EST


-  INDICATES NEGATIVE NUMBERS.
R  INDICATES RECORD WAS SET OR TIED.
MM INDICATES DATA IS MISSING.
T  INDICATES TRACE AMOUNT.




$$
