152
CDUS42 KCAE 272232
CLIAGS


CLIMATE REPORT
NATIONAL WEATHER SERVICE COLUMBIA SC
531 PM EST MON FEB 27 2017


...................................

...THE AUGUSTA BUSH FIELD GA CLIMATE SUMMARY FOR FEBRUARY 27 2017...
VALID TODAY AS OF 0500 PM LOCAL TIME.

CLIMATE NORMAL PERIOD 1981 TO 2010
CLIMATE RECORD PERIOD 1873 TO 2017


WEATHER ITEM   OBSERVED TIME   RECORD YEAR NORMAL DEPARTURE LAST
                VALUE   (LST)  VALUE       VALUE  FROM      YEAR
                                                  NORMAL
..................................................................
TEMPERATURE (F)
 TODAY
  MAXIMUM         74    305 PM  84    2011  65      9       61
  MINIMUM         35    457 AM  19    1974  38     -3       27
  AVERAGE         55                        52      3       44

PRECIPITATION (IN)
  TODAY            0.00          2.06 1984   0.15  -0.15     0.00
  MONTH TO DATE    2.05                      3.78  -1.73     3.76
  SINCE DEC 1     16.59                     11.08   5.51    12.34
  SINCE JAN 1     12.18                      7.69   4.49     5.42

SNOWFALL (IN)
  TODAY            0.0          MM      MM   0.0             0.0
  MONTH TO DATE    0.0                       0.4             0.0
  SINCE DEC 1      T                         0.9             0.5
  SINCE JUL 1      T                         0.9             0.5

DEGREE DAYS
 HEATING
  TODAY           10                        13     -3       21
  MONTH TO DATE  198                       433   -235      414
  SINCE DEC 1    864                      1596   -732     1268
  SINCE JUL 1   1135                      2018   -883     1555

 COOLING
  TODAY            0                         0      0        0
  MONTH TO DATE   15                         0     15        3
  SINCE DEC 1     36                         4     32       50
  SINCE JAN 1     29                         1     28        3
..................................................................


WIND (MPH)
  HIGHEST WIND SPEED    14   HIGHEST WIND DIRECTION    SE (120)
  HIGHEST GUST SPEED    18   HIGHEST GUST DIRECTION     E (110)
  AVERAGE WIND SPEED     2.9


SKY COVER
  AVERAGE SKY COVER 0.0


WEATHER CONDITIONS
 THE FOLLOWING WEATHER WAS RECORDED TODAY.
  NO SIGNIFICANT WEATHER WAS OBSERVED.


RELATIVE HUMIDITY (PERCENT)
 HIGHEST    92           500 AM
 LOWEST     40          1100 AM
 AVERAGE    66

..........................................................


THE AUGUSTA BUSH FIELD GA CLIMATE NORMALS FOR TOMORROW
                         NORMAL    RECORD    YEAR
 MAXIMUM TEMPERATURE (F)   66        86      1962
 MINIMUM TEMPERATURE (F)   39        18      2002


SUNRISE AND SUNSET
FEBRUARY 27 2017......SUNRISE   658 AM EST   SUNSET   623 PM EST
FEBRUARY 28 2017......SUNRISE   657 AM EST   SUNSET   624 PM EST


-  INDICATES NEGATIVE NUMBERS.
R  INDICATES RECORD WAS SET OR TIED.
MM INDICATES DATA IS MISSING.
T  INDICATES TRACE AMOUNT.




$$
