000
CDUS42 KCAE 190542
CLIAGS


CLIMATE REPORT
NATIONAL WEATHER SERVICE COLUMBIA SC
142 AM EDT THU OCT 19 2017


...................................

...THE AUGUSTA REGIONAL BUSH FIELD GA CLIMATE SUMMARY FOR OCTOBER 18 2017...

CLIMATE NORMAL PERIOD 1981 TO 2010
CLIMATE RECORD PERIOD 1873 TO 2017


WEATHER ITEM   OBSERVED TIME   RECORD YEAR NORMAL DEPARTURE LAST
                VALUE   (LST)  VALUE       VALUE  FROM      YEAR
                                                  NORMAL
..................................................................
TEMPERATURE (F)
 YESTERDAY
  MAXIMUM         77    246 PM  89    2007  77      0       88
  MINIMUM         40    559 AM  32    2001  50    -10       58
  AVERAGE         59                        64     -5       73

PRECIPITATION (IN)
  YESTERDAY        0.00          0.81 1887   0.11  -0.11     0.00
  MONTH TO DATE    0.63                      2.09  -1.46     2.09
  SINCE SEP 1      4.91                      5.31  -0.40     6.67
  SINCE JAN 1     39.29                     36.18   3.11    33.24

SNOWFALL (IN)
  YESTERDAY        0.0          MM      MM   0.0             0.0
  MONTH TO DATE    0.0                       0.0             0.0
  SINCE SEP 1      0.0                       0.0             0.0
  SINCE JUL 1      0.0                       0.0             0.0

DEGREE DAYS
 HEATING
  YESTERDAY        6                         4      2        0
  MONTH TO DATE   12                        40    -28        8
  SINCE SEP 1     12                        47    -35        8
  SINCE JUL 1     12                        47    -35        8

 COOLING
  YESTERDAY        0                         2     -2        8
  MONTH TO DATE  179                        67    112       87
  SINCE SEP 1    538                       363    175      471
  SINCE JAN 1   2666                      2051    615     2442
..................................................................


WIND (MPH)
  HIGHEST WIND SPEED    14   HIGHEST WIND DIRECTION     E (70)
  HIGHEST GUST SPEED    18   HIGHEST GUST DIRECTION    NE (60)
  AVERAGE WIND SPEED     3.6


SKY COVER
  AVERAGE SKY COVER 0.0


WEATHER CONDITIONS
 THE FOLLOWING WEATHER WAS RECORDED YESTERDAY.
  NO SIGNIFICANT WEATHER WAS OBSERVED.


RELATIVE HUMIDITY (PERCENT)
 HIGHEST    96           600 AM
 LOWEST     23           300 PM
 AVERAGE    60

..........................................................


THE AUGUSTA REGIONAL BUSH FIELD GA CLIMATE NORMALS FOR TODAY
                         NORMAL    RECORD    YEAR
 MAXIMUM TEMPERATURE (F)   77        92      1926
 MINIMUM TEMPERATURE (F)   50        34      2009
                                             1981


SUNRISE AND SUNSET
OCTOBER 19 2017.......SUNRISE   736 AM EDT   SUNSET   649 PM EDT
OCTOBER 20 2017.......SUNRISE   737 AM EDT   SUNSET   648 PM EDT


-  INDICATES NEGATIVE NUMBERS.
R  INDICATES RECORD WAS SET OR TIED.
MM INDICATES DATA IS MISSING.
T  INDICATES TRACE AMOUNT.




$$
