000
CDUS42 KCAE 272214
CLIAGS


CLIMATE REPORT
NATIONAL WEATHER SERVICE COLUMBIA SC
511 PM EST SAT DEC 27 2014


...................................

...THE AUGUSTA BUSH FIELD GA CLIMATE SUMMARY FOR DECEMBER 27 2014...
VALID TODAY AS OF 0500 PM LOCAL TIME.

CLIMATE NORMAL PERIOD 1981 TO 2010
CLIMATE RECORD PERIOD 1873 TO 2014


WEATHER ITEM   OBSERVED TIME   RECORD YEAR NORMAL DEPARTURE LAST
                VALUE   (LST)  VALUE       VALUE  FROM      YEAR
                                                  NORMAL
..................................................................
TEMPERATURE (F)
 TODAY
  MAXIMUM         66    359 PM  76    1971  58      8       56
  MINIMUM         29    723 AM  18    1935  33     -4       29
  AVERAGE         48                        45      3       43

PRECIPITATION (IN)
  TODAY            0.00          1.48 1871   0.11  -0.11     0.00
  MONTH TO DATE    4.09                      2.94   1.15     4.61
  SINCE DEC 1      4.09                      2.94   1.15     4.61
  SINCE JAN 1     38.57                     43.12  -4.55    53.23

SNOWFALL (IN)
  TODAY            0.0          MM      MM   0.0             0.0
  MONTH TO DATE    0.0                       0.1             0.0
  SINCE DEC 1      0.0                       0.1             0.0
  SINCE JUL 1      0.0                       0.1             0.0

DEGREE DAYS
 HEATING
  TODAY           17                        20     -3       22
  MONTH TO DATE  407                       475    -68      385
  SINCE DEC 1    407                       475    -68      385
  SINCE JUL 1    971                       897     74      844

 COOLING
  TODAY            0                         0      0        0
  MONTH TO DATE    0                         0      0       11
  SINCE DEC 1      0                         0      0       11
  SINCE JAN 1   2099                      2086     13     1876
..................................................................


WIND (MPH)
  HIGHEST WIND SPEED     7   HIGHEST WIND DIRECTION     S (170)
  HIGHEST GUST SPEED    11   HIGHEST GUST DIRECTION     S (190)
  AVERAGE WIND SPEED     1.9


SKY COVER
  AVERAGE SKY COVER 0.0


WEATHER CONDITIONS
 THE FOLLOWING WEATHER WAS RECORDED TODAY.
  FOG


RELATIVE HUMIDITY (PERCENT)
 HIGHEST   100           200 AM
 LOWEST     44           200 PM
 AVERAGE    72

..........................................................


THE AUGUSTA BUSH FIELD GA CLIMATE NORMALS FOR TOMORROW
                         NORMAL    RECORD    YEAR
 MAXIMUM TEMPERATURE (F)   58        80      1984
 MINIMUM TEMPERATURE (F)   33        15      1925
                                             1894


SUNRISE AND SUNSET
DECEMBER 27 2014......SUNRISE   730 AM EST   SUNSET   528 PM EST
DECEMBER 28 2014......SUNRISE   731 AM EST   SUNSET   528 PM EST


-  INDICATES NEGATIVE NUMBERS.
R  INDICATES RECORD WAS SET OR TIED.
MM INDICATES DATA IS MISSING.
T  INDICATES TRACE AMOUNT.




$$
