875
CDUS42 KCAE 202116
CLIAGS


CLIMATE REPORT
NATIONAL WEATHER SERVICE COLUMBIA SC
515 PM EDT SUN AUG 20 2017


...................................

...THE AUGUSTA BUSH FIELD GA CLIMATE SUMMARY FOR AUGUST 20 2017...
VALID TODAY AS OF 0500 PM LOCAL TIME.

CLIMATE NORMAL PERIOD 1981 TO 2010
CLIMATE RECORD PERIOD 1873 TO 2017


WEATHER ITEM   OBSERVED TIME   RECORD YEAR NORMAL DEPARTURE LAST
                VALUE   (LST)  VALUE       VALUE  FROM      YEAR
                                                  NORMAL
..................................................................
TEMPERATURE (F)
 TODAY
  MAXIMUM         96    400 PM 105    1983  92      4       94
                                      1925
  MINIMUM         70        MM  62    1889  69      1       74
  AVERAGE         83                        80      3       84

PRECIPITATION (IN)
  TODAY            0.00          3.01 1961   0.14  -0.14     0.47
  MONTH TO DATE    5.57                      2.88   2.69     2.55
  SINCE JUN 1     14.13                     11.93   2.20     6.73
  SINCE JAN 1     34.08                     29.43   4.65    25.46

SNOWFALL (IN)
  TODAY            0.0          MM      MM   0.0             0.0
  MONTH TO DATE    0.0                       0.0             0.0
  SINCE JUN 1      0.0                       0.0             0.0
  SINCE JUL 1      0.0                       0.0             0.0

DEGREE DAYS
 HEATING
  TODAY            0                         0      0        0
  MONTH TO DATE    0                         0      0        0
  SINCE JUN 1      0                         0      0        0
  SINCE JUL 1      0                         0      0        0

 COOLING
  TODAY           18                        15      3       19
  MONTH TO DATE  361                       322     39      380
  SINCE JUN 1   1405                      1245    160     1466
  SINCE JAN 1   1946                      1528    418     1781
..................................................................


WIND (MPH)
  HIGHEST WIND SPEED     6   HIGHEST WIND DIRECTION    SE (140)
  HIGHEST GUST SPEED    MM   HIGHEST GUST DIRECTION    MM
  AVERAGE WIND SPEED     1.8


SKY COVER
  AVERAGE SKY COVER 0.1


WEATHER CONDITIONS
 THE FOLLOWING WEATHER WAS RECORDED TODAY.
  FOG
  HAZE


RELATIVE HUMIDITY (PERCENT)
 HIGHEST    94          1200 AM
 LOWEST     42          1200 PM
 AVERAGE    68

..........................................................


THE AUGUSTA BUSH FIELD GA CLIMATE NORMALS FOR TOMORROW
                         NORMAL    RECORD    YEAR
 MAXIMUM TEMPERATURE (F)   91       108      1983
 MINIMUM TEMPERATURE (F)   69        56      1998


SUNRISE AND SUNSET
AUGUST 20 2017........SUNRISE   654 AM EDT   SUNSET   808 PM EDT
AUGUST 21 2017........SUNRISE   655 AM EDT   SUNSET   807 PM EDT


-  INDICATES NEGATIVE NUMBERS.
R  INDICATES RECORD WAS SET OR TIED.
MM INDICATES DATA IS MISSING.
T  INDICATES TRACE AMOUNT.




$$
