000
CDUS42 KCAE 010548
CLIAGS


CLIMATE REPORT
NATIONAL WEATHER SERVICE COLUMBIA SC
148 AM EDT MON MAY 1 2017


...................................

...THE AUGUSTA REGIONAL BUSH FIELD GA CLIMATE SUMMARY FOR APRIL 30 2017...

CLIMATE NORMAL PERIOD 1981 TO 2010
CLIMATE RECORD PERIOD 1873 TO 2017


WEATHER ITEM   OBSERVED TIME   RECORD YEAR NORMAL DEPARTURE LAST
                VALUE   (LST)  VALUE       VALUE  FROM      YEAR
                                                  NORMAL
..................................................................
TEMPERATURE (F)
 YESTERDAY
  MAXIMUM         88    426 PM  93    1987  81      7       90
  MINIMUM         70    215 AM  37    2008  52     18       60
  AVERAGE         79                        66     13       75

PRECIPITATION (IN)
  YESTERDAY        0.02          1.96 1953   0.08  -0.06     0.00
  MONTH TO DATE    2.60                      2.84  -0.24     4.42
  SINCE MAR 1      4.37                      7.02  -2.65     7.60
  SINCE JAN 1     16.61                     14.85   1.76    13.02

SNOWFALL (IN)
  YESTERDAY        0.0          MM      MM   0.0             0.0
  MONTH TO DATE    0.0                       0.0             0.0
  SINCE MAR 1      0.0                       0.0             0.0
  SINCE JUL 1      T                         0.9             0.5

DEGREE DAYS
 HEATING
  YESTERDAY        0                         2     -2        0
  MONTH TO DATE   31                       123    -92       93
  SINCE MAR 1    269                       420   -151      266
  SINCE JUL 1   1404                      2452  -1048     1843

 COOLING
  YESTERDAY       14                         3     11       10
  MONTH TO DATE  167                        55    112       64
  SINCE MAR 1    220                        70    150      115
  SINCE JAN 1    250                        73    177      118
..................................................................


WIND (MPH)
  HIGHEST WIND SPEED    18   HIGHEST WIND DIRECTION     S (170)
  HIGHEST GUST SPEED    25   HIGHEST GUST DIRECTION    SE (140)
  AVERAGE WIND SPEED     9.2


SKY COVER
  AVERAGE SKY COVER 0.5


WEATHER CONDITIONS
 THE FOLLOWING WEATHER WAS RECORDED YESTERDAY.
  LIGHT RAIN
  FOG
  HAZE


RELATIVE HUMIDITY (PERCENT)
 HIGHEST    97           200 AM
 LOWEST     55          1200 PM
 AVERAGE    76

..........................................................


THE AUGUSTA REGIONAL BUSH FIELD GA CLIMATE NORMALS FOR TODAY
                         NORMAL    RECORD    YEAR
 MAXIMUM TEMPERATURE (F)   81        94      1986
 MINIMUM TEMPERATURE (F)   52        38      1996


SUNRISE AND SUNSET
MAY  1 2017...........SUNRISE   640 AM EDT   SUNSET   811 PM EDT
MAY  2 2017...........SUNRISE   639 AM EDT   SUNSET   812 PM EDT


-  INDICATES NEGATIVE NUMBERS.
R  INDICATES RECORD WAS SET OR TIED.
MM INDICATES DATA IS MISSING.
T  INDICATES TRACE AMOUNT.




$$
