000
CDUS42 KCAE 042142
CLIAGS


CLIMATE REPORT
NATIONAL WEATHER SERVICE COLUMBIA SC
540 PM EDT TUE AUG 4 2015


...................................

...THE AUGUSTA BUSH FIELD GA CLIMATE SUMMARY FOR AUGUST 4 2015...
VALID TODAY AS OF 0500 PM LOCAL TIME.

CLIMATE NORMAL PERIOD 1981 TO 2010
CLIMATE RECORD PERIOD 1873 TO 2015


WEATHER ITEM   OBSERVED TIME   RECORD YEAR NORMAL DEPARTURE LAST
                VALUE   (LST)  VALUE       VALUE  FROM      YEAR
                                                  NORMAL
..................................................................
TEMPERATURE (F)
 TODAY
  MAXIMUM         99    401 PM 104    2011  93      6       88
  MINIMUM         70    435 AM  60    1985  70      0       69
  AVERAGE         85                        82      3       79

PRECIPITATION (IN)
  TODAY            0.00          3.63 1915   0.15  -0.15     0.00
  MONTH TO DATE    T                         0.59  -0.59     0.63
  SINCE JUN 1      7.02                      9.64  -2.62     8.43
  SINCE JAN 1     22.65                     27.14  -4.49    27.29

SNOWFALL (IN)
  TODAY            0.0          MM      MM   0.0             0.0
  MONTH TO DATE    0.0                       0.0             0.0
  SINCE JUN 1      0.0                       0.0             0.0
  SINCE JUL 1      0.0                       0.0             0.0

DEGREE DAYS
 HEATING
  TODAY            0                         0      0        0
  MONTH TO DATE    0                         0      0        0
  SINCE JUN 1      0                         0      0        0
  SINCE JUL 1      0                         0      0        0

 COOLING
  TODAY           20                        17      3       14
  MONTH TO DATE   74                        68      6       49
  SINCE JUN 1   1135                       991    144      953
  SINCE JAN 1   1496                      1274    222     1237
..................................................................


WIND (MPH)
  HIGHEST WIND SPEED    10   HIGHEST WIND DIRECTION     W (280)
  HIGHEST GUST SPEED    16   HIGHEST GUST DIRECTION    NW (320)
  AVERAGE WIND SPEED     2.8


SKY COVER
  AVERAGE SKY COVER 0.2


WEATHER CONDITIONS
 THE FOLLOWING WEATHER WAS RECORDED TODAY.
  FOG


RELATIVE HUMIDITY (PERCENT)
 HIGHEST   100           300 AM
 LOWEST     31           400 PM
 AVERAGE    66

..........................................................


THE AUGUSTA BUSH FIELD GA CLIMATE NORMALS FOR TOMORROW
                         NORMAL    RECORD    YEAR
 MAXIMUM TEMPERATURE (F)   93       102      1980
                                             1954
 MINIMUM TEMPERATURE (F)   70        57      1998


SUNRISE AND SUNSET
AUGUST  4 2015........SUNRISE   642 AM EDT   SUNSET   825 PM EDT
AUGUST  5 2015........SUNRISE   643 AM EDT   SUNSET   824 PM EDT


-  INDICATES NEGATIVE NUMBERS.
R  INDICATES RECORD WAS SET OR TIED.
MM INDICATES DATA IS MISSING.
T  INDICATES TRACE AMOUNT.




$$
