000
CDUS42 KFFC 230918
CLIAHN


CLIMATE REPORT
NATIONAL WEATHER SERVICE PEACHTREE CITY GA
418 AM EST THU NOV 23 2017


...................................

...THE ATHENS CLIMATE SUMMARY FOR NOVEMBER 22 2017...

CLIMATE NORMAL PERIOD 1981 TO 2010
CLIMATE RECORD PERIOD 1898 TO 2017


WEATHER ITEM   OBSERVED TIME   RECORD YEAR NORMAL DEPARTURE LAST
                VALUE   (LST)  VALUE       VALUE  FROM      YEAR
                                                  NORMAL
..................................................................
TEMPERATURE (F)
 YESTERDAY
  MAXIMUM         67    326 PM  79    2011  63      4       65
                                      1983
  MINIMUM         45   1108 PM  16    2008  41      4       29
                                      1937
  AVERAGE         56                        52      4       47

PRECIPITATION (IN)
  YESTERDAY        T             2.31 2004   0.14  -0.14     0.00
  MONTH TO DATE    1.20                      2.74  -1.54     0.33
  SINCE SEP 1     11.10                     10.23   0.87     1.58
  SINCE JAN 1     53.09                     41.52  11.57    32.55

SNOWFALL (IN)
  YESTERDAY        0.0           0.0  2001   0.0    0.0      0.0
  MONTH TO DATE    0.0                       0.0    0.0      0.0
  SINCE SEP 1      0.0                       0.0    0.0      0.0
  SINCE JUL 1      0.0                       0.0    0.0      0.0
  SNOW DEPTH       0

DEGREE DAYS
 HEATING
  YESTERDAY        9                        13     -4       18
  MONTH TO DATE  217                       226     -9      194
  SINCE SEP 1    351                       361    -10      225
  SINCE JUL 1    351                       361    -10      225
..................................................................


WIND (MPH)
  RESULTANT WIND SPEED   1   RESULTANT WIND DIRECTION  NW (330)
  HIGHEST WIND SPEED     8   HIGHEST WIND DIRECTION    NW (310)
  HIGHEST GUST SPEED    11   HIGHEST GUST DIRECTION    NW (310)
  AVERAGE WIND SPEED     2.3


SKY COVER
  POSSIBLE SUNSHINE  MM
  AVERAGE SKY COVER 0.1


WEATHER CONDITIONS
 THE FOLLOWING WEATHER WAS RECORDED YESTERDAY.
  LIGHT RAIN
  FOG


RELATIVE HUMIDITY (PERCENT)
 HIGHEST   100          1200 AM
 LOWEST     37           300 PM
 AVERAGE    69

..........................................................


THE ATHENS CLIMATE NORMALS FOR TODAY
                         NORMAL    RECORD    YEAR
 MAXIMUM TEMPERATURE (F)   63        78      1982
                                             1921
 MINIMUM TEMPERATURE (F)   40        20      1970
                                             1937


SUNRISE AND SUNSET
NOVEMBER 23 2017......SUNRISE   713 AM EST   SUNSET   526 PM EST
NOVEMBER 24 2017......SUNRISE   714 AM EST   SUNSET   526 PM EST


-  INDICATES NEGATIVE NUMBERS.
R  INDICATES RECORD WAS SET OR TIED.
MM INDICATES DATA IS MISSING.
T  INDICATES TRACE AMOUNT.




$$
