000
CDUS42 KFFC 280020
CLIAHN


CLIMATE REPORT
NATIONAL WEATHER SERVICE PEACHTREE CITY GA
820 PM EDT SAT AUG 27 2016


...................................

...THE ATHENS CLIMATE SUMMARY FOR AUGUST 27 2016...
VALID AS OF 0800 PM LOCAL TIME.

CLIMATE NORMAL PERIOD 1981 TO 2010
CLIMATE RECORD PERIOD 1898 TO 2016


WEATHER ITEM   OBSERVED TIME   RECORD YEAR NORMAL DEPARTURE LAST
                VALUE   (LST)  VALUE       VALUE  FROM      YEAR
                                                  NORMAL
..................................................................
TEMPERATURE (F)
 TODAY
  MAXIMUM         92    414 PM 100    1954  89      3       85
                                      1924
  MINIMUM         71    445 AM  56    1942  68      3       67
                                      1919
  AVERAGE         82                        79      3       76

PRECIPITATION (IN)
  TODAY            0.00          1.71 1975   0.10  -0.10     0.00
  MONTH TO DATE   10.10                      3.12   6.98     6.21
  SINCE JUN 1     15.79                     11.77   4.02    14.05
  SINCE JAN 1     30.97                     30.88   0.09    34.45

SNOWFALL (IN)
  TODAY            0.0           0.0  2002   0.0    0.0      0.0
                                      2001
  MONTH TO DATE    0.0                       0.0    0.0      0.0
  SINCE JUN 1      0.0                       0.0    0.0      0.0
  SINCE JUL 1      0.0                       0.0    0.0      0.0
  SNOW DEPTH       0

DEGREE DAYS
 HEATING
  TODAY            0                         0      0        0
  MONTH TO DATE    0                         0      0        0
  SINCE JUN 1      0                         1     -1        0
  SINCE JUL 1      0                         0      0        0

 COOLING
  TODAY           17                        14      3       11
  MONTH TO DATE  473                       399     74      426
  SINCE JUN 1   1549                      1261    288     1432
  SINCE JAN 1   1850                      1501    349     1757
..................................................................


WIND (MPH)
  HIGHEST WIND SPEED    13   HIGHEST WIND DIRECTION    NE (60)
  HIGHEST GUST SPEED    17   HIGHEST GUST DIRECTION     E (70)
  AVERAGE WIND SPEED     3.5


SKY COVER
  AVERAGE SKY COVER 0.1


WEATHER CONDITIONS
 THE FOLLOWING WEATHER WAS RECORDED TODAY.
  FOG


RELATIVE HUMIDITY (PERCENT)
 HIGHEST   100           100 AM
 LOWEST     56           200 PM

..........................................................


THE ATHENS CLIMATE NORMALS FOR TOMORROW
                         NORMAL    RECORD    YEAR
 MAXIMUM TEMPERATURE (F)   89       104      1924
 MINIMUM TEMPERATURE (F)   68        56      1922
                                             1904


SUNRISE AND SUNSET
AUGUST 27 2016........SUNRISE   704 AM EDT   SUNSET   805 PM EDT
AUGUST 28 2016........SUNRISE   704 AM EDT   SUNSET   804 PM EDT


-  INDICATES NEGATIVE NUMBERS.
R  INDICATES RECORD WAS SET OR TIED.
MM INDICATES DATA IS MISSING.
T  INDICATES TRACE AMOUNT.




$$
