562
CDUS42 KFFC 060932
CLIAHN


CLIMATE REPORT
NATIONAL WEATHER SERVICE PEACHTREE CITY GA
432 AM EST SAT FEB 6 2016


...................................

...THE ATHENS CLIMATE SUMMARY FOR FEBRUARY 5 2016...

CLIMATE NORMAL PERIOD 1981 TO 2010
CLIMATE RECORD PERIOD 1898 TO 2016


WEATHER ITEM   OBSERVED TIME   RECORD YEAR NORMAL DEPARTURE LAST
                VALUE   (LST)  VALUE       VALUE  FROM      YEAR
                                                  NORMAL
..................................................................
TEMPERATURE (F)
 YESTERDAY
  MAXIMUM         52    353 PM  78    1927  56     -4       58
  MINIMUM         30   1130 PM   5    1917  35     -5       28
  AVERAGE         41                        45     -4       43

PRECIPITATION (IN)
  YESTERDAY        0.00          2.65 2010   0.15  -0.15     0.00
  MONTH TO DATE    1.83                      0.78   1.05     0.67
  SINCE DEC 1     17.88                      8.56   9.32     8.34
  SINCE JAN 1      5.51                      4.83   0.68     3.65

SNOWFALL (IN)
  YESTERDAY       MM             0.0  2002   0.1   MM        0.0
  MONTH TO DATE    0.0                       0.2   -0.2      0.0
  SINCE DEC 1      0.1                       1.7   -1.6      0.0
  SINCE JUL 1      0.1                       1.7   -1.6      0.0
  SNOW DEPTH       0

DEGREE DAYS
 HEATING
  YESTERDAY       24                        20      4       22
  MONTH TO DATE   50                       100    -50      116
  SINCE DEC 1   1035                      1377   -342     1326
  SINCE JUL 1   1395                      1857   -462     1939
..................................................................


WIND (MPH)
  RESULTANT WIND SPEED   3   RESULTANT WIND DIRECTION  NW (330)
  HIGHEST WIND SPEED    18   HIGHEST WIND DIRECTION    NW (300)
  HIGHEST GUST SPEED    29   HIGHEST GUST DIRECTION    NW (300)
  AVERAGE WIND SPEED     6.5


SKY COVER
  POSSIBLE SUNSHINE  MM
  AVERAGE SKY COVER 0.0


WEATHER CONDITIONS
 THE FOLLOWING WEATHER WAS RECORDED YESTERDAY.
  NO SIGNIFICANT WEATHER WAS OBSERVED.


RELATIVE HUMIDITY (PERCENT)
 HIGHEST    69          1000 PM
 LOWEST     21           200 PM
 AVERAGE    45

..........................................................


THE ATHENS CLIMATE NORMALS FOR TODAY
                         NORMAL    RECORD    YEAR
 MAXIMUM TEMPERATURE (F)   56        78      1927
 MINIMUM TEMPERATURE (F)   35        12      1917


SUNRISE AND SUNSET
FEBRUARY  6 2016......SUNRISE   727 AM EST   SUNSET   608 PM EST
FEBRUARY  7 2016......SUNRISE   726 AM EST   SUNSET   609 PM EST


-  INDICATES NEGATIVE NUMBERS.
R  INDICATES RECORD WAS SET OR TIED.
MM INDICATES DATA IS MISSING.
T  INDICATES TRACE AMOUNT.




$$
