000
CDUS42 KFFC 250818
CLIAHN


CLIMATE REPORT
NATIONAL WEATHER SERVICE PEACHTREE CITY GA
417 AM EDT SAT OCT 25 2014


...................................

...THE ATHENS CLIMATE SUMMARY FOR OCTOBER 24 2014...

CLIMATE NORMAL PERIOD 1981 TO 2010
CLIMATE RECORD PERIOD 1898 TO 2014


WEATHER ITEM   OBSERVED TIME   RECORD YEAR NORMAL DEPARTURE LAST
                VALUE   (LST)  VALUE       VALUE  FROM      YEAR
                                                  NORMAL
..................................................................
TEMPERATURE (F)
 YESTERDAY
  MAXIMUM         73    328 PM  90    1927  72      1       66
  MINIMUM         43    626 AM  29    1917  49     -6       37
  AVERAGE         58                        60     -2       52

PRECIPITATION (IN)
  YESTERDAY        0.00          2.53 1913   0.11  -0.11     0.00
  MONTH TO DATE    3.41                      2.85   0.56     1.25
  SINCE SEP 1      8.23                      6.79   1.44     3.67
  SINCE JAN 1     37.72                     38.08  -0.36    49.83

SNOWFALL (IN)
  YESTERDAY        0.0           0.0  2002   0.0    0.0      0.0
                                      2001
                                      2000
  MONTH TO DATE    0.0                       0.0    0.0      0.0
  SINCE SEP 1      0.0                       0.0    0.0      0.0
  SINCE JUL 1      0.0                       0.0    0.0      0.0
  SNOW DEPTH       0

DEGREE DAYS
 HEATING
  YESTERDAY        7                         6      1       13
  MONTH TO DATE   79                        80     -1       52
  SINCE SEP 1     81                        90     -9       54
  SINCE JUL 1     81                        90     -9       57

 COOLING
  YESTERDAY        0                         1     -1        0
  MONTH TO DATE   79                        55     24       61
  SINCE SEP 1    389                       315     74      316
  SINCE JAN 1   1974                      1870    104     1643
..................................................................


WIND (MPH)
  RESULTANT WIND SPEED   0   RESULTANT WIND DIRECTION  SE (150)
  HIGHEST WIND SPEED     6   HIGHEST WIND DIRECTION    NW (300)
  HIGHEST GUST SPEED    10   HIGHEST GUST DIRECTION    SE (120)
  AVERAGE WIND SPEED     0.5


SKY COVER
  POSSIBLE SUNSHINE  MM
  AVERAGE SKY COVER 0.0


WEATHER CONDITIONS
 THE FOLLOWING WEATHER WAS RECORDED YESTERDAY.
  NO SIGNIFICANT WEATHER WAS OBSERVED.


RELATIVE HUMIDITY (PERCENT)
 HIGHEST    93           100 AM
 LOWEST     34           200 PM
 AVERAGE    64

..........................................................


THE ATHENS CLIMATE NORMALS FOR TODAY
                         NORMAL    RECORD    YEAR
 MAXIMUM TEMPERATURE (F)   72        92      1931
 MINIMUM TEMPERATURE (F)   49        30      1965


SUNRISE AND SUNSET
OCTOBER 25 2014.......SUNRISE   747 AM EDT   SUNSET   648 PM EDT
OCTOBER 26 2014.......SUNRISE   747 AM EDT   SUNSET   647 PM EDT


-  INDICATES NEGATIVE NUMBERS.
R  INDICATES RECORD WAS SET OR TIED.
MM INDICATES DATA IS MISSING.
T  INDICATES TRACE AMOUNT.




$$
