000
CDUS42 KFFC 270023
CLIAHN


CLIMATE REPORT
NATIONAL WEATHER SERVICE PEACHTREE CITY GA
822 PM EDT THU MAR 26 2015


...................................

...THE ATHENS CLIMATE SUMMARY FOR MARCH 26 2015...
VALID AS OF 0800 PM LOCAL TIME.

CLIMATE NORMAL PERIOD 1981 TO 2010
CLIMATE RECORD PERIOD 1898 TO 2015


WEATHER ITEM   OBSERVED TIME   RECORD YEAR NORMAL DEPARTURE LAST
                VALUE   (LST)  VALUE       VALUE  FROM      YEAR
                                                  NORMAL
..................................................................
TEMPERATURE (F)
 TODAY
  MAXIMUM         75    330 PM  86    1929  69      6       57
  MINIMUM         59    756 AM  22    1955  45     14       28
  AVERAGE         67                        57     10       43

PRECIPITATION (IN)
  TODAY            0.00          2.95 1891   0.15  -0.15     0.00
  MONTH TO DATE    2.65                      3.76  -1.11     3.02
  SINCE MAR 1      2.65                      3.76  -1.11     3.02
  SINCE JAN 1      9.62                     12.29  -2.67    11.66

SNOWFALL (IN)
  TODAY            0.0           0.0  2002   0.0    0.0      0.0
                                      2001
                                      2000
  MONTH TO DATE    0.0                       0.7   -0.7      0.0
  SINCE MAR 1      0.0                       0.7   -0.7      0.0
  SINCE JUL 1      T                         2.8   -2.8      2.8
  SNOW DEPTH       0

DEGREE DAYS
 HEATING
  TODAY            0                         9     -9       22
  MONTH TO DATE  189                       300   -111      362
  SINCE MAR 1    189                       300   -111      362
  SINCE JUL 1   2695                      2555    140     2824

 COOLING
  TODAY            2                         0      2        0
  MONTH TO DATE    7                         0      7        0
  SINCE MAR 1      7                         0      7        0
  SINCE JAN 1      7                         1      6        1
..................................................................


WIND (MPH)
  HIGHEST WIND SPEED    14   HIGHEST WIND DIRECTION    SW (230)
  HIGHEST GUST SPEED    22   HIGHEST GUST DIRECTION    SW (220)
  AVERAGE WIND SPEED     5.0


SKY COVER
  AVERAGE SKY COVER 0.6


WEATHER CONDITIONS
 THE FOLLOWING WEATHER WAS RECORDED TODAY.
  FOG
  FOG W/VISIBILITY <= 1/4 MILE


RELATIVE HUMIDITY (PERCENT)
 HIGHEST   100          1200 AM
 LOWEST     41           300 PM

..........................................................


THE ATHENS CLIMATE NORMALS FOR TOMORROW
                         NORMAL    RECORD    YEAR
 MAXIMUM TEMPERATURE (F)   69        87      1921
 MINIMUM TEMPERATURE (F)   45        18      1955


SUNRISE AND SUNSET
MARCH 26 2015.........SUNRISE   729 AM EDT   SUNSET   749 PM EDT
MARCH 27 2015.........SUNRISE   728 AM EDT   SUNSET   750 PM EDT


-  INDICATES NEGATIVE NUMBERS.
R  INDICATES RECORD WAS SET OR TIED.
MM INDICATES DATA IS MISSING.
T  INDICATES TRACE AMOUNT.




$$
