000
CDUS42 KFFC 250817
CLIAHN


CLIMATE REPORT
NATIONAL WEATHER SERVICE PEACHTREE CITY GA
417 AM EDT FRI APR 25 2014


...................................

...THE ATHENS CLIMATE SUMMARY FOR APRIL 24 2014...

CLIMATE NORMAL PERIOD 1981 TO 2010
CLIMATE RECORD PERIOD 1898 TO 2014


WEATHER ITEM   OBSERVED TIME   RECORD YEAR NORMAL DEPARTURE LAST
                VALUE   (LST)  VALUE       VALUE  FROM      YEAR
                                                  NORMAL
..................................................................
TEMPERATURE (F)
 YESTERDAY
  MAXIMUM         80    410 PM  97    1925  76      4       78
  MINIMUM         50    619 AM  36    2005  52     -2       50
                                      1986
  AVERAGE         65                        64      1       64

PRECIPITATION (IN)
  YESTERDAY        0.00          3.15 1945   0.10  -0.10     0.03
  MONTH TO DATE    3.99                      2.54   1.45     2.31
  SINCE MAR 1      7.36                      6.97   0.39     6.66
  SINCE JAN 1     16.00                     15.50   0.50    17.99

SNOWFALL (IN)
  YESTERDAY        0.0           0.0  2002   0.0    0.0      0.0
                                      2001
                                      2000
  MONTH TO DATE    0.0                       0.1   -0.1      0.0
  SINCE MAR 1      0.0                       0.9   -0.9      0.0
  SINCE JUL 1      2.8                       3.0   -0.2      0.0
  SNOW DEPTH       0

DEGREE DAYS
 HEATING
  YESTERDAY        0                         3     -3        1
  MONTH TO DATE  123                       130     -7      122
  SINCE MAR 1    532                       470     62      614
  SINCE JUL 1   2994                      2725    269     2629

 COOLING
  YESTERDAY        0                         2     -2        0
  MONTH TO DATE   25                        32     -7       37
  SINCE MAR 1     25                        42    -17       39
  SINCE JAN 1     26                        43    -17       42
..................................................................


WIND (MPH)
  RESULTANT WIND SPEED   5   RESULTANT WIND DIRECTION   E (90)
  HIGHEST WIND SPEED    13   HIGHEST WIND DIRECTION     E (90)
  HIGHEST GUST SPEED    20   HIGHEST GUST DIRECTION     E (80)
  AVERAGE WIND SPEED     5.7


SKY COVER
  POSSIBLE SUNSHINE  MM
  AVERAGE SKY COVER 0.1


WEATHER CONDITIONS
 THE FOLLOWING WEATHER WAS RECORDED YESTERDAY.
  HAZE


RELATIVE HUMIDITY (PERCENT)
 HIGHEST    72          1000 PM
 LOWEST     27           300 PM
 AVERAGE    50

..........................................................


THE ATHENS CLIMATE NORMALS FOR TODAY
                         NORMAL    RECORD    YEAR
 MAXIMUM TEMPERATURE (F)   76        92      1925
 MINIMUM TEMPERATURE (F)   52        36      2005
                                             1974


SUNRISE AND SUNSET
APRIL 25 2014.........SUNRISE   651 AM EDT   SUNSET   812 PM EDT
APRIL 26 2014.........SUNRISE   650 AM EDT   SUNSET   813 PM EDT


-  INDICATES NEGATIVE NUMBERS.
R  INDICATES RECORD WAS SET OR TIED.
MM INDICATES DATA IS MISSING.
T  INDICATES TRACE AMOUNT.




$$
