000
CDUS42 KFFC 172138
CLIAHN


CLIMATE REPORT
NATIONAL WEATHER SERVICE PEACHTREE CITY GA
437 PM EST SAT FEB 17 2018


...................................

...THE ATHENS CLIMATE SUMMARY FOR FEBRUARY 17 2018...
VALID TODAY AS OF 0400 PM LOCAL TIME.

CLIMATE NORMAL PERIOD 1981 TO 2010
CLIMATE RECORD PERIOD 1898 TO 2018


WEATHER ITEM   OBSERVED TIME   RECORD YEAR NORMAL DEPARTURE LAST
                VALUE   (LST)  VALUE       VALUE  FROM      YEAR
                                                  NORMAL
..................................................................
TEMPERATURE (F)
 TODAY
  MAXIMUM         64    229 PM  75    1976  59      5       73
  MINIMUM         54    954 AM   5    1958  37     17       33
  AVERAGE         59                        48     11       53

PRECIPITATION (IN)
  TODAY            0.01          1.95 1944   0.17  -0.16     0.00
  MONTH TO DATE    4.76                      2.71   2.05     1.11
  SINCE DEC 1     12.14                     10.49   1.65    10.04
  SINCE JAN 1      9.39                      6.76   2.63     7.62

SNOWFALL (IN)
  TODAY            0.0           0.0  2002   0.1   -0.1      0.0
                                      2001
  MONTH TO DATE    0.0                       0.4   -0.4      0.0
  SINCE DEC 1      1.1                       1.9   -0.8      0.0
  SINCE JUL 1      1.1                       1.9   -0.8      0.0
  SNOW DEPTH       0

DEGREE DAYS
 HEATING
  TODAY            6                        17    -11       12
  MONTH TO DATE  200                       322   -122      203
  SINCE DEC 1   1508                      1599    -91     1164
  SINCE JUL 1   1966                      2079   -113     1450

 COOLING
  TODAY            0                         0      0        0
  MONTH TO DATE    7                         0      7        4
  SINCE DEC 1      7                         1      6        9
  SINCE JAN 1      7                         0      7        9
..................................................................


WIND (MPH)
  HIGHEST WIND SPEED     9   HIGHEST WIND DIRECTION    NE (40)
  HIGHEST GUST SPEED    12   HIGHEST GUST DIRECTION    NE (40)
  AVERAGE WIND SPEED     4.2


SKY COVER
  AVERAGE SKY COVER 0.9


WEATHER CONDITIONS
 THE FOLLOWING WEATHER WAS RECORDED TODAY.
  FOG


RELATIVE HUMIDITY (PERCENT)
 HIGHEST    93           500 AM
 LOWEST     72           200 PM
 AVERAGE    83

..........................................................


THE ATHENS CLIMATE NORMALS FOR TOMORROW
                         NORMAL    RECORD    YEAR
 MAXIMUM TEMPERATURE (F)   59        75      1939
                                             1911
 MINIMUM TEMPERATURE (F)   37         8      1958


SUNRISE AND SUNSET
FEBRUARY 17 2018......SUNRISE   716 AM EST   SUNSET   619 PM EST
FEBRUARY 18 2018......SUNRISE   715 AM EST   SUNSET   620 PM EST


-  INDICATES NEGATIVE NUMBERS.
R  INDICATES RECORD WAS SET OR TIED.
MM INDICATES DATA IS MISSING.
T  INDICATES TRACE AMOUNT.




$$
