000
CDUS42 KFFC 310824
CLIAHN


CLIMATE REPORT
NATIONAL WEATHER SERVICE PEACHTREE CITY GA
423 AM EDT SUN AUG 31 2014


...................................

...THE ATHENS CLIMATE SUMMARY FOR AUGUST 30 2014...

CLIMATE NORMAL PERIOD 1981 TO 2010
CLIMATE RECORD PERIOD 1898 TO 2014


WEATHER ITEM   OBSERVED TIME   RECORD YEAR NORMAL DEPARTURE LAST
                VALUE   (LST)  VALUE       VALUE  FROM      YEAR
                                                  NORMAL
..................................................................
TEMPERATURE (F)
 YESTERDAY
  MAXIMUM         93    417 PM 100    1932  88      5       85
  MINIMUM         67    613 AM  56    1986  68     -1       73
                                      1968
  AVERAGE         80                        78      2       79

PRECIPITATION (IN)
  YESTERDAY        T             3.42 1885   0.10  -0.10     0.00
  MONTH TO DATE    1.42                      3.43  -2.01     4.52
  SINCE JUN 1      9.38                     12.08  -2.70    21.92
  SINCE JAN 1     29.02                     31.19  -2.17    45.00

DEGREE DAYS
 COOLING
  YESTERDAY       15                        13      2       14
  MONTH TO DATE  430                       438     -8      362
  SINCE JUN 1   1297                      1300     -3     1132
  SINCE JAN 1   1567                      1540     27     1311
..................................................................


WIND (MPH)
  RESULTANT WIND SPEED   2   RESULTANT WIND DIRECTION   E (100)
  HIGHEST WIND SPEED    12   HIGHEST WIND DIRECTION     E (110)
  HIGHEST GUST SPEED    16   HIGHEST GUST DIRECTION    SE (120)
  AVERAGE WIND SPEED     2.7


SKY COVER
  POSSIBLE SUNSHINE  MM
  AVERAGE SKY COVER 0.3


WEATHER CONDITIONS
 THE FOLLOWING WEATHER WAS RECORDED YESTERDAY.
  THUNDERSTORM
  LIGHT RAIN


RELATIVE HUMIDITY (PERCENT)
 HIGHEST    87           600 AM
 LOWEST     44           500 PM
 AVERAGE    66

..........................................................


THE ATHENS CLIMATE NORMALS FOR TODAY
                         NORMAL    RECORD    YEAR
 MAXIMUM TEMPERATURE (F)   88        99      1912
 MINIMUM TEMPERATURE (F)   68        58      1999
                                             1946


SUNRISE AND SUNSET
AUGUST 31 2014........SUNRISE   706 AM EDT   SUNSET   800 PM EDT
SEPTEMBER  1 2014.....SUNRISE   707 AM EDT   SUNSET   759 PM EDT


-  INDICATES NEGATIVE NUMBERS.
R  INDICATES RECORD WAS SET OR TIED.
MM INDICATES DATA IS MISSING.
T  INDICATES TRACE AMOUNT.




$$
