000
CDUS42 KFFC 300820
CLIAHN


CLIMATE REPORT
NATIONAL WEATHER SERVICE PEACHTREE CITY GA
420 AM EDT SUN AUG 30 2015


...................................

...THE ATHENS CLIMATE SUMMARY FOR AUGUST 29 2015...

CLIMATE NORMAL PERIOD 1981 TO 2010
CLIMATE RECORD PERIOD 1898 TO 2015


WEATHER ITEM   OBSERVED TIME   RECORD YEAR NORMAL DEPARTURE LAST
                VALUE   (LST)  VALUE       VALUE  FROM      YEAR
                                                  NORMAL
..................................................................
TEMPERATURE (F)
 YESTERDAY
  MAXIMUM         85    236 PM 101    1924  89     -4       97
  MINIMUM         67    641 AM  53    1927  68     -1       65
  AVERAGE         76                        78     -2       81

PRECIPITATION (IN)
  YESTERDAY        0.00          1.20 1964   0.10  -0.10     0.00
  MONTH TO DATE    6.21                      3.33   2.88     1.42
  SINCE JUN 1     14.05                     11.98   2.07     9.38
  SINCE JAN 1     34.45                     31.09   3.36    29.02

DEGREE DAYS
 COOLING
  YESTERDAY       11                        13     -2       16
  MONTH TO DATE  449                       425     24      415
  SINCE JUN 1   1455                      1287    168     1282
  SINCE JAN 1   1780                      1527    253     1552
..................................................................


WIND (MPH)
  RESULTANT WIND SPEED   4   RESULTANT WIND DIRECTION   E (80)
  HIGHEST WIND SPEED    10   HIGHEST WIND DIRECTION     E (80)
  HIGHEST GUST SPEED    16   HIGHEST GUST DIRECTION     E (70)
  AVERAGE WIND SPEED     4.2


SKY COVER
  POSSIBLE SUNSHINE  MM
  AVERAGE SKY COVER 0.3


WEATHER CONDITIONS
 THE FOLLOWING WEATHER WAS RECORDED YESTERDAY.
  FOG


RELATIVE HUMIDITY (PERCENT)
 HIGHEST   100           500 AM
 LOWEST     51           300 PM
 AVERAGE    76

..........................................................


THE ATHENS CLIMATE NORMALS FOR TODAY
                         NORMAL    RECORD    YEAR
 MAXIMUM TEMPERATURE (F)   88       100      1932
 MINIMUM TEMPERATURE (F)   68        56      1986
                                             1968


SUNRISE AND SUNSET
AUGUST 30 2015........SUNRISE   705 AM EDT   SUNSET   802 PM EDT
AUGUST 31 2015........SUNRISE   706 AM EDT   SUNSET   801 PM EDT


-  INDICATES NEGATIVE NUMBERS.
R  INDICATES RECORD WAS SET OR TIED.
MM INDICATES DATA IS MISSING.
T  INDICATES TRACE AMOUNT.




$$
