000
CDUS42 KFFC 272143
CLIAHN


CLIMATE REPORT
NATIONAL WEATHER SERVICE PEACHTREE CITY GA
443 PM EST TUE JAN 27 2015


...................................

...THE ATHENS CLIMATE SUMMARY FOR JANUARY 27 2015...
VALID TODAY AS OF 0400 PM LOCAL TIME.

CLIMATE NORMAL PERIOD 1981 TO 2010
CLIMATE RECORD PERIOD 1898 TO 2015


WEATHER ITEM   OBSERVED TIME   RECORD YEAR NORMAL DEPARTURE LAST
                VALUE   (LST)  VALUE       VALUE  FROM      YEAR
                                                  NORMAL
..................................................................
TEMPERATURE (F)
 TODAY
  MAXIMUM         52    315 PM  75    1950  55     -3       63
  MINIMUM         29    305 AM   4    1940  34     -5       38
  AVERAGE         41                        44     -3       51

PRECIPITATION (IN)
  TODAY            0.00          2.80 1889   0.14  -0.14     0.00
  MONTH TO DATE    2.98                      3.47  -0.49     4.56
  SINCE DEC 1      7.67                      7.20   0.47    12.18
  SINCE JAN 1      2.98                      3.47  -0.49     4.56

SNOWFALL (IN)
  TODAY            0.0           0.0  2002   0.0    0.0      0.0
  MONTH TO DATE    0.0                       1.2   -1.2      0.0
  SINCE DEC 1      0.0                       1.3   -1.3      0.0
  SINCE JUL 1      0.0                       1.3   -1.3      0.0
  SNOW DEPTH       0

DEGREE DAYS
 HEATING
  TODAY           24                        21      3       14
  MONTH TO DATE  614                       586     28      726
  SINCE DEC 1   1117                      1196    -79     1265
  SINCE JUL 1   1730                      1676     54     1827

 COOLING
  TODAY            0                         0      0        0
  MONTH TO DATE    0                         0      0        0
  SINCE DEC 1      0                         1     -1        6
  SINCE JAN 1      0                         0      0        0
..................................................................


WIND (MPH)
  HIGHEST WIND SPEED    20   HIGHEST WIND DIRECTION    NW (310)
  HIGHEST GUST SPEED    28   HIGHEST GUST DIRECTION    NW (330)
  AVERAGE WIND SPEED     7.0


SKY COVER
  AVERAGE SKY COVER 0.4


WEATHER CONDITIONS
 THE FOLLOWING WEATHER WAS RECORDED TODAY.
  NO SIGNIFICANT WEATHER WAS OBSERVED.


RELATIVE HUMIDITY (PERCENT)
 HIGHEST    85           600 AM
 LOWEST     35           300 PM
 AVERAGE    60

..........................................................


THE ATHENS CLIMATE NORMALS FOR TOMORROW
                         NORMAL    RECORD    YEAR
 MAXIMUM TEMPERATURE (F)   55        77      1911
 MINIMUM TEMPERATURE (F)   34         4      1940


SUNRISE AND SUNSET
JANUARY 27 2015.......SUNRISE   734 AM EST   SUNSET   559 PM EST
JANUARY 28 2015.......SUNRISE   733 AM EST   SUNSET   600 PM EST


-  INDICATES NEGATIVE NUMBERS.
R  INDICATES RECORD WAS SET OR TIED.
MM INDICATES DATA IS MISSING.
T  INDICATES TRACE AMOUNT.




$$
