000
CDUS42 KFFC 270817
CLIAHN


CLIMATE REPORT
NATIONAL WEATHER SERVICE PEACHTREE CITY GA
417 AM EDT THU APR 27 2017


...................................

...THE ATHENS CLIMATE SUMMARY FOR APRIL 26 2017...

CLIMATE NORMAL PERIOD 1981 TO 2010
CLIMATE RECORD PERIOD 1898 TO 2017


WEATHER ITEM   OBSERVED TIME   RECORD YEAR NORMAL DEPARTURE LAST
                VALUE   (LST)  VALUE       VALUE  FROM      YEAR
                                                  NORMAL
..................................................................
TEMPERATURE (F)
 YESTERDAY
  MAXIMUM         85    342 PM  91    1942  77      8       86
  MINIMUM         52    611 AM  33    1919  52      0       60
  AVERAGE         69                        64      5       73

PRECIPITATION (IN)
  YESTERDAY        0.00          2.81 1967   0.11  -0.11     0.00
  MONTH TO DATE    6.86                      2.75   4.11     1.98
  SINCE MAR 1     11.17                      7.18   3.99     3.93
  SINCE JAN 1     18.87                     15.71   3.16    12.10

SNOWFALL (IN)
  YESTERDAY        0.0           0.0  2002   0.0    0.0      0.0
                                      2001
                                      2000
  MONTH TO DATE    0.0                       0.1   -0.1      0.0
  SINCE MAR 1      0.0                       0.9   -0.9      0.0
  SINCE JUL 1      0.0                       3.0   -3.0      0.1
  SNOW DEPTH       0

DEGREE DAYS
 HEATING
  YESTERDAY        0                         3     -3        0
  MONTH TO DATE   60                       136    -76      110
  SINCE MAR 1    341                       476   -135      297
  SINCE JUL 1   1865                      2731   -866     2140

 COOLING
  YESTERDAY        4                         2      2        8
  MONTH TO DATE   83                        36     47       33
  SINCE MAR 1    121                        46     75       70
  SINCE JAN 1    130                        47     83       70
..................................................................


WIND (MPH)
  RESULTANT WIND SPEED   2   RESULTANT WIND DIRECTION  SW (210)
  HIGHEST WIND SPEED     9   HIGHEST WIND DIRECTION     S (180)
  HIGHEST GUST SPEED    16   HIGHEST GUST DIRECTION     S (180)
  AVERAGE WIND SPEED     2.8


SKY COVER
  POSSIBLE SUNSHINE  MM
  AVERAGE SKY COVER 0.1


WEATHER CONDITIONS
 THE FOLLOWING WEATHER WAS RECORDED YESTERDAY.
  NO SIGNIFICANT WEATHER WAS OBSERVED.


RELATIVE HUMIDITY (PERCENT)
 HIGHEST   100          1200 AM
 LOWEST     43           200 PM
 AVERAGE    72

..........................................................


THE ATHENS CLIMATE NORMALS FOR TODAY
                         NORMAL    RECORD    YEAR
 MAXIMUM TEMPERATURE (F)   77        93      1986
                                             1942
 MINIMUM TEMPERATURE (F)   52        34      1919


SUNRISE AND SUNSET
APRIL 27 2017.........SUNRISE   648 AM EDT   SUNSET   814 PM EDT
APRIL 28 2017.........SUNRISE   647 AM EDT   SUNSET   815 PM EDT


-  INDICATES NEGATIVE NUMBERS.
R  INDICATES RECORD WAS SET OR TIED.
MM INDICATES DATA IS MISSING.
T  INDICATES TRACE AMOUNT.




$$
