949
CDUS45 KCYS 300735
CLIAIA


CLIMATE REPORT
NATIONAL WEATHER SERVICE CHEYENNE WY
135 AM MDT TUE AUG 30 2016


...................................

...THE ALLIANCE NE AIRPORT CLIMATE SUMMARY FOR AUGUST 29 2016...

CLIMATE NORMAL PERIOD 1981 TO 2010
CLIMATE RECORD PERIOD 1896 TO 2016


WEATHER ITEM   OBSERVED TIME   RECORD YEAR NORMAL DEPARTURE LAST
                VALUE   (LST)  VALUE       VALUE  FROM      YEAR
                                                  NORMAL
..................................................................
TEMPERATURE (F)
 YESTERDAY
  MAXIMUM         87    145 PM 103    2012  83      4       93
  MINIMUM         46    523 AM  38    2004  51     -5       46
  AVERAGE         67                        67      0       70

PRECIPITATION (IN)
  YESTERDAY        0.03          2.22 1963   0.05  -0.02     0.00
  MONTH TO DATE    1.70                      1.59   0.11     0.83
  SINCE JAN 1     13.83                     12.30   1.53    18.57

DEGREE DAYS
 HEATING
  YESTERDAY        0                         2     -2        0
  MONTH TO DATE   35                        20     15       37
  SINCE JUN 1     61                       125    -64       61
  SINCE JUL 1     38                        32      6       52

 COOLING
  YESTERDAY        2                         4     -2        5
  MONTH TO DATE  143                       183    -40      179
  SINCE JUN 1    550                       505     45      457
  SINCE JAN 1    550                       515     35      457
..................................................................


WIND (MPH)
  HIGHEST WIND SPEED    30   HIGHEST WIND DIRECTION     E (110)
  HIGHEST GUST SPEED    40   HIGHEST GUST DIRECTION     E (110)
  AVERAGE WIND SPEED     4.6


SKY COVER
  AVERAGE SKY COVER 0.0


WEATHER CONDITIONS
 THE FOLLOWING WEATHER WAS RECORDED YESTERDAY.
  THUNDERSTORM
  LIGHT RAIN


RELATIVE HUMIDITY (PERCENT)
 HIGHEST    93           100 AM
 LOWEST     34           100 PM
 AVERAGE    64

..........................................................


THE ALLIANCE NE AIRPORT CLIMATE NORMALS FOR TODAY
                         NORMAL    RECORD    YEAR
 MAXIMUM TEMPERATURE (F)   83       100      2000
                                             1948
 MINIMUM TEMPERATURE (F)   50        37      1992
                                             1964


SUNRISE AND SUNSET
AUGUST 30 2016........SUNRISE   615 AM MDT   SUNSET   727 PM MDT
AUGUST 31 2016........SUNRISE   616 AM MDT   SUNSET   726 PM MDT


-  INDICATES NEGATIVE NUMBERS.
R  INDICATES RECORD WAS SET OR TIED.
MM INDICATES DATA IS MISSING.
T  INDICATES TRACE AMOUNT.




$$
