000
CDUS45 KCYS 260739
CLIAIA


CLIMATE REPORT
NATIONAL WEATHER SERVICE CHEYENNE WY
139 AM MDT MON SEP 26 2016


...................................

...THE ALLIANCE NE AIRPORT CLIMATE SUMMARY FOR SEPTEMBER 25 2016...

CLIMATE NORMAL PERIOD 1981 TO 2010
CLIMATE RECORD PERIOD 1896 TO 2016


WEATHER ITEM   OBSERVED TIME   RECORD YEAR NORMAL DEPARTURE LAST
                VALUE   (LST)  VALUE       VALUE  FROM      YEAR
                                                  NORMAL
..................................................................
TEMPERATURE (F)
 YESTERDAY
  MAXIMUM         65    307 PM  90    2014  72     -7       78
                                      1949
  MINIMUM         32   1143 PM  15    1926  38     -6       45
  AVERAGE         49                        55     -6       62

PRECIPITATION (IN)
  YESTERDAY        0.00          0.82 1955   0.04  -0.04     0.00
  MONTH TO DATE    1.44                      1.18   0.26     1.15
  SINCE JAN 1     15.27                     13.59   1.68    19.72

DEGREE DAYS
 HEATING
  YESTERDAY       16                        11      5        3
  MONTH TO DATE  103                       150    -47       63
  SINCE SEP 1    103                       150    -47       63
  SINCE JUL 1    141                       187    -46      115

 COOLING
  YESTERDAY        0                         0      0        0
  MONTH TO DATE   34                        38     -4       84
  SINCE SEP 1     34                        38     -4       84
  SINCE JAN 1    587                       561     26      562
..................................................................


WIND (MPH)
  HIGHEST WIND SPEED    30   HIGHEST WIND DIRECTION    NW (300)
  HIGHEST GUST SPEED    39   HIGHEST GUST DIRECTION    NW (300)
  AVERAGE WIND SPEED    13.5


SKY COVER
  AVERAGE SKY COVER 0.0


WEATHER CONDITIONS
 THE FOLLOWING WEATHER WAS RECORDED YESTERDAY.
  NO SIGNIFICANT WEATHER WAS OBSERVED.


RELATIVE HUMIDITY (PERCENT)
 HIGHEST    89           100 AM
 LOWEST     29           500 PM
 AVERAGE    59

..........................................................


THE ALLIANCE NE AIRPORT CLIMATE NORMALS FOR TODAY
                         NORMAL    RECORD    YEAR
 MAXIMUM TEMPERATURE (F)   71        90      2014
                                             1956
 MINIMUM TEMPERATURE (F)   38        15      1926


SUNRISE AND SUNSET
SEPTEMBER 26 2016.....SUNRISE   643 AM MDT   SUNSET   640 PM MDT
SEPTEMBER 27 2016.....SUNRISE   644 AM MDT   SUNSET   639 PM MDT


-  INDICATES NEGATIVE NUMBERS.
R  INDICATES RECORD WAS SET OR TIED.
MM INDICATES DATA IS MISSING.
T  INDICATES TRACE AMOUNT.




$$
