000
CDUS45 KCYS 250436
CLIAIA


CLIMATE REPORT
NATIONAL WEATHER SERVICE CHEYENNE WY
935 PM MST SAT JAN 24 2015


...................................

...THE ALLIANCE NE AIRPORT CLIMATE SUMMARY FOR JANUARY 24 2015...
VALID TODAY AS OF 0900 PM LOCAL TIME.

CLIMATE NORMAL PERIOD 1981 TO 2010
CLIMATE RECORD PERIOD 1896 TO 2015


WEATHER ITEM   OBSERVED TIME   RECORD YEAR NORMAL DEPARTURE LAST
                VALUE   (LST)  VALUE       VALUE  FROM      YEAR
                                                  NORMAL
..................................................................
TEMPERATURE (F)
 TODAY
  MAXIMUM         46    242 PM  65    2005  38      8       54
  MINIMUM         25    112 AM -14    1949  11     14       14
                                      1897
  AVERAGE         36                        25     11       34

PRECIPITATION (IN)
  TODAY            0.00          1.00 1898   0.01  -0.01     0.00
  MONTH TO DATE    0.02                      0.13  -0.11     0.13
  SINCE JAN 1      0.02                      0.13  -0.11     0.13

DEGREE DAYS
 HEATING
  TODAY           29                        40    -11       31
  MONTH TO DATE 1068                       982     86      845
  SINCE DEC 1   2327                      2265     62     2204
  SINCE JUL 1   4035                      4064    -29     3934

 COOLING
  TODAY            0                         0      0        0
  MONTH TO DATE    0                         0      0        0
  SINCE DEC 1      0                         0      0        0
  SINCE JAN 1      0                         0      0        0
..................................................................


WIND (MPH)
  HIGHEST WIND SPEED    36   HIGHEST WIND DIRECTION    NW (310)
  HIGHEST GUST SPEED    45   HIGHEST GUST DIRECTION    NW (310)
  AVERAGE WIND SPEED    16.7


SKY COVER
  AVERAGE SKY COVER 0.3


WEATHER CONDITIONS
 THE FOLLOWING WEATHER WAS RECORDED TODAY.
  NO SIGNIFICANT WEATHER WAS OBSERVED.


RELATIVE HUMIDITY (PERCENT)
 HIGHEST    84           100 AM
 LOWEST     59          1000 AM
 AVERAGE    72

..........................................................


THE ALLIANCE NE AIRPORT CLIMATE NORMALS FOR TOMORROW
                         NORMAL    RECORD    YEAR
 MAXIMUM TEMPERATURE (F)   38        63      2006
 MINIMUM TEMPERATURE (F)   11       -24      1950


SUNRISE AND SUNSET
JANUARY 24 2015.......SUNRISE   711 AM MST   SUNSET   456 PM MST
JANUARY 25 2015.......SUNRISE   711 AM MST   SUNSET   457 PM MST


-  INDICATES NEGATIVE NUMBERS.
R  INDICATES RECORD WAS SET OR TIED.
MM INDICATES DATA IS MISSING.
T  INDICATES TRACE AMOUNT.




$$
