940
CDUS45 KCYS 120730
CLIAIA


CLIMATE REPORT
NATIONAL WEATHER SERVICE CHEYENNE WY
1229 AM MST FRI FEB 12 2016


...................................

...THE ALLIANCE NE AIRPORT CLIMATE SUMMARY FOR FEBRUARY 11 2016...

CLIMATE NORMAL PERIOD 1981 TO 2010
CLIMATE RECORD PERIOD 1896 TO 2016


WEATHER ITEM   OBSERVED TIME   RECORD YEAR NORMAL DEPARTURE LAST
                VALUE   (LST)  VALUE       VALUE  FROM      YEAR
                                                  NORMAL
..................................................................
TEMPERATURE (F)
 YESTERDAY
  MAXIMUM         51    324 PM  77    1962  40     11       51
  MINIMUM         21    231 AM -40    1899  12      9       22
                                      2006
  AVERAGE         36                        26     10       37

PRECIPITATION (IN)
  YESTERDAY        0.00          0.24 1993   0.02  -0.02     0.00
  MONTH TO DATE    0.05                      0.14  -0.09     0.40
  SINCE JAN 1      0.07                      0.32  -0.25     0.85

DEGREE DAYS
 HEATING
  YESTERDAY       29                        39    -10       28
  MONTH TO DATE  434                       436     -2      347
  SINCE DEC 1   3098                      2982    116     2858
  SINCE JUL 1   4585                      4781   -196     4566

 COOLING
  YESTERDAY        0                         0      0        0
  MONTH TO DATE    0                         0      0        0
  SINCE DEC 1      0                         0      0        0
  SINCE JAN 1      0                         0      0        0
..................................................................


WIND (MPH)
  HIGHEST WIND SPEED    18   HIGHEST WIND DIRECTION    NE (30)
  HIGHEST GUST SPEED    24   HIGHEST GUST DIRECTION     N (20)
  AVERAGE WIND SPEED     8.9


SKY COVER
  AVERAGE SKY COVER 0.1


WEATHER CONDITIONS
 THE FOLLOWING WEATHER WAS RECORDED YESTERDAY.
  NO SIGNIFICANT WEATHER WAS OBSERVED.


RELATIVE HUMIDITY (PERCENT)
 HIGHEST    92           300 AM
 LOWEST     50           300 PM
 AVERAGE    71

..........................................................


THE ALLIANCE NE AIRPORT CLIMATE NORMALS FOR TODAY
                         NORMAL    RECORD    YEAR
 MAXIMUM TEMPERATURE (F)   40        73      1962
 MINIMUM TEMPERATURE (F)   12       -36      1899


SUNRISE AND SUNSET
FEBRUARY 12 2016......SUNRISE   652 AM MST   SUNSET   520 PM MST
FEBRUARY 13 2016......SUNRISE   650 AM MST   SUNSET   521 PM MST


-  INDICATES NEGATIVE NUMBERS.
R  INDICATES RECORD WAS SET OR TIED.
MM INDICATES DATA IS MISSING.
T  INDICATES TRACE AMOUNT.




$$
