000
CDAK48 PAKN 041215
CLIAKN

CLIMATE REPORT
NATIONAL WEATHER SERVICE KING SALMON, AK
315 AM AKST WED MAR 4 2015

...................................
...THE KING SALMON AP CLIMATE SUMMARY FOR MARCH 3 2015...

CLIMATE NORMAL PERIOD  1981 TO  2010
CLIMATE RECORD PERIOD  1917 TO  2015

WEATHER ITEM   OBSERVED TIME    RECORD YEAR NORMAL DEPARTURE LAST
               VALUE    (LST)   VALUE       VALUE  FROM      YEAR
                                                   NORMAL
...................................................................
TEMPERATURE
YESTERDAY
 MAXIMUM            42  0527 PM    47  1945     30      12     40
 MINIMUM            33  1044 PM   -28  1971     13      20     11
 AVERAGE            38                          22      16     26

PRECIPITATION
(INCHES)
 YESTERDAY        0.16           0.46  1975   0.02    0.14   0.00
 MONTH TO DATE    0.25                        0.07    0.18   0.00
 SINCE MAR 1      0.25                        0.07    0.18   0.00
 SINCE JAN 1      1.04                        1.85   -0.81   1.81

SNOWFALL
(INCHES)
 YESTERDAY         0.0            4.5  1975    0.2    -0.2    0.0
 MONTH TO DATE     0.0                         0.7    -0.7    0.0
 SINCE MAR 1       0.0                         0.7    -0.7    0.0
 SINCE JUL 1      13.7                        36.2   -22.5   26.7
 SNOW DEPTH (IN)     0                                          0

DEGREE DAYS
 HEATING
  YESTERDAY         27                          43     -16     39
  MONTH TO DATE     85                         131     -46    103
  SINCE MAR 1       85                         131     -46    103
  SINCE JUL 1     6282                        7749   -1467   6463

 COOLING
  YESTERDAY          0                           0       0      0
  MONTH TO DATE      0                           0       0      0
  SINCE MAR 1        0                           0       0      0
  SINCE JAN 1        0                           0       0      0
...................................................................

WIND (MPH)
 HIGHEST WIND SPEED    13     HIGHEST WIND DIRECTION    180
 HIGHEST GUST SPEED    18     HIGHEST GUST DIRECTION    180
 AVERAGE WIND SPEED   5.4

SKY COVER
  POSSIBLE SUNSHINE    MM          AVERAGE SKY COVER     MM

WEATHER CONDITIONS
 THE FOLLOWING WEATHER WAS RECORDED YESTERDAY.
  RAIN


RELATIVE HUMIDITY
 HIGHEST RH     MM PERCENT       MM
 LOWEST  RH     MM PERCENT       MM
 AVERAGE RH     MM PERCENT       MM
...................................................................

THE KING SALMON CLIMATE NORMALS FOR TODAY
                           NORMAL    RECORD   YEAR
 MAXIMUM TEMPERATURE (F)     30        52     1943
 MINIMUM TEMPERATURE (F)     13       -27     2012

SUNRISE AND SUNSET
 MAR 4 2015..........SUNRISE  8:15 AM      SUNSET  7:04 PM
 MAR 5 2015..........SUNRISE  8:12 AM      SUNSET  7:07 PM

-  INDICATES NEGATIVE NUMBERS.
R  INDICATES RECORD HAS BEEN SET OR TIED.
MM INDICATES DATA IS MISSING.
T  INDICATES TRACE OF PRECIPITATION.

&&
-------------------------------------------------------------------

AMOUNT OF DAYLIGHT TODAY  (HOUR:MIN)........10 HOURS 49 MINUTES
GAIN SINCE YESTERDAY (HOUR:MIN:SEC).........+0:05:10

$$
AM MAR 15
