000
CDAK48 PAKN 231200
CLIAKN

CLIMATE REPORT
NATIONAL WEATHER SERVICE KING SALMON, AK
318 AM AKDT TUE SEP 23 2014

...................................
...THE KING SALMON AP CLIMATE SUMMARY FOR SEPTEMBER 22 2014...

CLIMATE NORMAL PERIOD  1981 TO  2010
CLIMATE RECORD PERIOD  1917 TO  2013

WEATHER ITEM   OBSERVED TIME    RECORD YEAR NORMAL DEPARTURE LAST
               VALUE    (LST)   VALUE       VALUE  FROM      YEAR
                                                   NORMAL
...................................................................
TEMPERATURE
YESTERDAY
 MAXIMUM            53  0521 PM    70  1934     53       0     49
 MINIMUM            29  1158 PM    15  2003     37      -8     29
 AVERAGE            41                          45      -4     39

PRECIPITATION
(INCHES)
 YESTERDAY        0.00           0.73  1953   0.10   -0.10   0.00
 MONTH TO DATE    3.37                        2.38    0.99   1.02
 SINCE SEP 1      3.37                        2.38    0.99   1.02
 SINCE JAN 1     17.64                       13.98    3.66  15.11

SNOWFALL
(INCHES)
 YESTERDAY         0.0            0.0  2014    0.0     0.0    0.0
 MONTH TO DATE     0.0                         0.0     0.0    0.0
 SINCE SEP 1       0.0                         0.0     0.0    0.0
 SINCE JUL 1       0.0                         0.0     0.0    0.0
 SNOW DEPTH (IN)     0                                          0

DEGREE DAYS
 HEATING
  YESTERDAY         24                          20       4     26
  MONTH TO DATE    237                         347    -110    346
  SINCE SEP 1      237                         347    -110    346
  SINCE JUL 1      711                         959    -248    849

 COOLING
  YESTERDAY          0                           0       0      0
  MONTH TO DATE      0                           0       0      0
  SINCE SEP 1        0                           0       0      0
  SINCE JAN 1        0                           0       0      4
...................................................................

WIND (MPH)
 HIGHEST WIND SPEED    22     HIGHEST WIND DIRECTION    350
 HIGHEST GUST SPEED    29     HIGHEST GUST DIRECTION    350
 AVERAGE WIND SPEED   0.0

SKY COVER
  POSSIBLE SUNSHINE    MM          AVERAGE SKY COVER     MM

WEATHER CONDITIONS
 THE FOLLOWING WEATHER WAS RECORDED YESTERDAY.
  NONE.

RELATIVE HUMIDITY
 HIGHEST RH     MM PERCENT       MM
 LOWEST  RH     MM PERCENT       MM
 AVERAGE RH     MM PERCENT       MM
...................................................................

THE KING SALMON CLIMATE NORMALS FOR TODAY
                           NORMAL    RECORD   YEAR
 MAXIMUM TEMPERATURE (F)     53        67     1934
 MINIMUM TEMPERATURE (F)     37        17     1956

SUNRISE AND SUNSET
 SEP 23 2014..........SUNRISE  8:14 AM      SUNSET  8:23 PM
 SEP 24 2014..........SUNRISE  8:17 AM      SUNSET  8:20 PM

-  INDICATES NEGATIVE NUMBERS.
R  INDICATES RECORD HAS BEEN SET OR TIED.
MM INDICATES DATA IS MISSING.
T  INDICATES TRACE OF PRECIPITATION.

&&
-------------------------------------------------------------------

AMOUNT OF DAYLIGHT TODAY  (HOUR:MIN)........12 HOURS 9 MINUTES
LOSS SINCE YESTERDAY (HOUR:MIN:SEC).........-0:05:06

$$

DT SEP 14
