245
CDAK48 PAFC 271309
CLIAKN

CLIMATE REPORT
NATIONAL WEATHER SERVICE ANCHORAGE, AK
403 AM AKST MON FEB 27 2017


...................................

...THE KING SALMON CLIMATE SUMMARY FOR FEBRUARY 26 2017...

CLIMATE NORMAL PERIOD 1981 TO 2010
CLIMATE RECORD PERIOD 1917 TO 2017


WEATHER ITEM   OBSERVED TIME   RECORD YEAR NORMAL DEPARTURE LAST
                VALUE   (LST)  VALUE       VALUE  FROM      YEAR
                                                  NORMAL
..................................................................
TEMPERATURE (F)
 YESTERDAY
  MAXIMUM         35    438 PM  48    1991  29      6       46
  MINIMUM         33   1153 PM -36    1954  13     20       36
  AVERAGE         34                        21     13       41

PRECIPITATION (IN)
  YESTERDAY        0.13          0.62 1943   0.02   0.11     0.00
  MONTH TO DATE    1.05                      0.71   0.34     0.94
  SINCE DEC 1      2.29                      2.96  -0.67     2.92
  SINCE JAN 1      1.20                      1.73  -0.53     1.42

SNOWFALL (IN)
  YESTERDAY        0.4          MM      MM   0.2    0.2      0.0
  MONTH TO DATE    9.2                       5.6    3.6      0.0
  SINCE DEC 1     17.7                      25.3   -7.6      0.0
  SINCE JUL 1     22.3                      35.1  -12.8     13.1
  SNOW DEPTH       T

DEGREE DAYS
 HEATING
  YESTERDAY       31                        44    -13       24
  MONTH TO DATE 1280                      1204     76      786
  SINCE DEC 1   4318                      4155    163     3014
  SINCE JUL 1   7044                      7532   -488     5611

 COOLING
  YESTERDAY        0                         0      0        0
  MONTH TO DATE    0                         0      0        0
  SINCE DEC 1      0                         0      0        0
  SINCE JAN 1      0                         0      0        0
..................................................................


WIND (MPH)
  RESULTANT WIND SPEED  12   RESULTANT WIND DIRECTION  SW (230)
  HIGHEST WIND SPEED    17   HIGHEST WIND DIRECTION    SW (240)
  HIGHEST GUST SPEED    23   HIGHEST GUST DIRECTION    SW (240)
  AVERAGE WIND SPEED    12.0



WEATHER CONDITIONS
 THE FOLLOWING WEATHER WAS RECORDED YESTERDAY.
  LIGHT SNOW
  FOG


RELATIVE HUMIDITY (PERCENT)
 HIGHEST   100
 LOWEST     96
 AVERAGE    98

..........................................................


THE KING SALMON CLIMATE NORMALS FOR TODAY
                         NORMAL    RECORD    YEAR
 MAXIMUM TEMPERATURE (F)   29        57      1991
 MINIMUM TEMPERATURE (F)   13       -40      1954


SUNRISE AND SUNSET
FEBRUARY 27 2017......SUNRISE   827 AM AKST  SUNSET   653 PM AKST
FEBRUARY 28 2017......SUNRISE   824 AM AKST  SUNSET   655 PM AKST

CIVIL TWILIGHT
FEBRUARY 27 2017        START    747 AM GMT     END    734 PM GMT
FEBRUARY 28 2017        START    744 AM GMT     END    736 PM GMT



-  INDICATES NEGATIVE NUMBERS.
R  INDICATES RECORD WAS SET OR TIED.
MM INDICATES DATA IS MISSING.
T  INDICATES TRACE AMOUNT.




$$
&&
------------------------------------------------------
AMOUNT OF DAYLIGHT TODAY  (HOUR:MIN)........10:26
GAIN/LOSS SINCE YESTERDAY (HOUR:MIN:SEC)....+0:05:09

$$
