000
CDAK48 PAKN 281023
CLIAKN

CLIMATE REPORT
NATIONAL WEATHER SERVICE KING SALMON, AK
124 AM AKST SUN DEC 28 2014

...................................
...THE KING SALMON AP CLIMATE SUMMARY FOR DECEMBER 27 2014...

CLIMATE NORMAL PERIOD  1981 TO  2010
CLIMATE RECORD PERIOD  1917 TO  2014

WEATHER ITEM   OBSERVED TIME    RECORD YEAR NORMAL DEPARTURE LAST
               VALUE    (LST)   VALUE       VALUE  FROM      YEAR
                                                   NORMAL
...................................................................
TEMPERATURE
YESTERDAY
 MAXIMUM            42  0907 PM    46  1990     25      17     34
 MINIMUM            23  0640 AM   -31  1954     10      13     12
 AVERAGE            33                          17      16     23

PRECIPITATION
(INCHES)
 YESTERDAY        0.00           0.38  1929   0.03   -0.03   0.04
 MONTH TO DATE    1.16                        1.10    0.06   1.07
 SINCE DEC 1      1.16                        1.10    0.06   1.07
 SINCE JAN 1     21.61                       19.36    2.25  24.48

SNOWFALL
(INCHES)
 YESTERDAY         0.0            5.3  1989    0.2    -0.2    0.4
 MONTH TO DATE     5.5                         8.5    -3.0    3.2
 SINCE DEC 1       5.5                         8.5    -3.0    3.2
 SINCE JUL 1       9.0                        18.3    -9.3   14.8
 SNOW DEPTH (IN)     4                                          T

DEGREE DAYS
 HEATING
  YESTERDAY         32                          48     -16     42
  MONTH TO DATE    931                        1246    -315   1217
  SINCE DEC 1      931                        1246    -315   1214
  SINCE JUL 1     3682                        4621    -939   4118

 COOLING
  YESTERDAY          0                           0       0      0
  MONTH TO DATE      0                           0       0      0
  SINCE DEC 1        0                           0       0      0
  SINCE JAN 1        0                           0       0      4
...................................................................

WIND (MPH)
 HIGHEST WIND SPEED    21     HIGHEST WIND DIRECTION    130
 HIGHEST GUST SPEED    24     HIGHEST GUST DIRECTION    120
 AVERAGE WIND SPEED   5.8

SKY COVER
  POSSIBLE SUNSHINE    MM          AVERAGE SKY COVER     MM

WEATHER CONDITIONS
 THE FOLLOWING WEATHER WAS RECORDED YESTERDAY.
  NO SIGNIFICANT WEATHER WAS OBSERVED.

RELATIVE HUMIDITY
 HIGHEST RH     MM PERCENT       MM
 LOWEST  RH     MM PERCENT       MM
 AVERAGE RH     MM PERCENT       MM
...................................................................

THE KING SALMON CLIMATE NORMALS FOR TODAY
                           NORMAL    RECORD   YEAR
 MAXIMUM TEMPERATURE (F)     25        47     1990
 MINIMUM TEMPERATURE (F)     10       -35     1979

SUNRISE AND SUNSET
 DEC 28 2014..........SUNRISE 10:19 AM      SUNSET  4:39 PM
 DEC 29 2014..........SUNRISE 10:19 AM      SUNSET  4:40 PM

-  INDICATES NEGATIVE NUMBERS.
R  INDICATES RECORD HAS BEEN SET OR TIED.
MM INDICATES DATA IS MISSING.
T  INDICATES TRACE OF PRECIPITATION.

&&
-------------------------------------------------------------------

AMOUNT OF DAYLIGHT TODAY  (HOUR:MIN)........6 HOURS 20 MINUTES
GAIN/LOSS SINCE YESTERDAY (HOUR:MIN:SEC)....+0:01:03

$$
FS DEC 14
