000
CDAK48 PAKN 052357
CLIAKN

CLIMATE REPORT
NATIONAL WEATHER SERVICE KING SALMON, AK
357 PM AKDT THU MAY 5 2016

...................................
...THE KING SALMON AP CLIMATE SUMMARY FOR MAY 5 2016...
VALID TODAY AS OF 2:00 PM LOCAL TIME

CLIMATE NORMAL PERIOD  1981 TO  2016
CLIMATE RECORD PERIOD  1917 TO  2016

WEATHER ITEM   OBSERVED TIME    RECORD YEAR NORMAL DEPARTURE LAST
               VALUE    (LST)   VALUE       VALUE  FROM      YEAR
                                                   NORMAL
...................................................................
TEMPERATURE
TODAY
 MAXIMUM            54  0243 PM    68  2004     50       4     52
 MINIMUM            34  0352 AM    14  1992     32       2     39
 AVERAGE            44                          41       3     46

PRECIPITATION
(INCHES)
 TODAY            0.00           0.24  1983   0.04   -0.04   0.08
 MONTH TO DATE    0.71                        0.17    0.54   0.84
 SINCE MAR 1      3.51                        1.84    1.67   3.97
 SINCE JAN 1      4.95                        3.62    1.33   4.76

SNOWFALL
(INCHES)
 TODAY             0.0            2.6  2001    0.0     0.0    0.0
 MONTH TO DATE     0.0                         0.2    -0.2    0.0
 SINCE MAR 1       4.2                        10.5    -6.3   12.4
 SINCE JUL 1      38.8                        46.0    -7.2   26.1
 SNOW DEPTH (IN)     0                                          0

DEGREE DAYS
 HEATING
  TODAY             21                          24      -3     19
  MONTH TO DATE    100                         123     -23    108
  SINCE MAR 1     1732                        2328    -596   2033
  SINCE JUL 1     7666                        9946   -2280   8231

 COOLING
  TODAY              0                           0       0      0
  MONTH TO DATE      0                           0       0      0
  SINCE MAR 1        0                           0       0      0
  SINCE JAN 1        0                           0       0      0
...................................................................

WIND (MPH)
 HIGHEST WIND SPEED    20     HIGHEST WIND DIRECTION    110
 HIGHEST GUST SPEED    29     HIGHEST GUST DIRECTION     80
 AVERAGE WIND SPEED    MM

SKY COVER
  POSSIBLE SUNSHINE  MM            AVERAGE SKY COVER MM

WEATHER CONDITIONS
 THE FOLLOWING WEATHER WAS RECORDED TODAY.
 NONE.

RELATIVE HUMIDITY
 HIGHEST RH     MM PERCENT       MM
 LOWEST  RH     MM PERCENT       MM
 AVERAGE RH     MM PERCENT       MM
...................................................................

THE KING SALMON CLIMATE NORMALS FOR TOMORROW
                        NORMAL    RECORD   YEAR
 MAXIMUM TEMPERATURE      51        68     2004
 MINIMUM TEMPERATURE      32        21     1949

SUNRISE AND SUNSET
 MAY 5 2016..........SUNRISE  6:20 AM      SUNSET 10:29 PM
 MAY 6 2016..........SUNRISE  6:17 AM      SUNSET 10:32 PM

-  INDICATES NEGATIVE NUMBERS.
R  INDICATES RECORD HAS BEEN SET OR TIED.
MM INDICATES DATA IS MISSING.
T  INDICATES TRACE OF PRECIPITATION.

&&
-------------------------------------------------------------------

AMOUNT OF DAYLIGHT TODAY  (HOUR:MIN)........16 HOURS 9 MINUTES
GAIN SINCE YESTERDAY (HOUR:MIN:SEC).........+0:04:43

$$

DT MAY 16
