000
CDAK48 PAKN 011203
CLIAKN

CLIMATE REPORT
NATIONAL WEATHER SERVICE KING SALMON, AK
303 AM AKST SUN FEB 1 2015

...................................
...THE KING SALMON AP CLIMATE SUMMARY FOR JANUARY 31 2015...

CLIMATE NORMAL PERIOD  1981 TO  2010
CLIMATE RECORD PERIOD  1917 TO  2015

WEATHER ITEM   OBSERVED TIME    RECORD YEAR NORMAL DEPARTURE LAST
               VALUE    (LST)   VALUE       VALUE  FROM      YEAR
                                                   NORMAL
...................................................................
TEMPERATURE
YESTERDAY
 MAXIMUM            30  0442 PM    50  1994     24       6     43
 MINIMUM             9  0117 AM   -36  1993      9       0     36
 AVERAGE            20                          17       3     40

PRECIPITATION
(INCHES)
 YESTERDAY        0.00           0.48  1974   0.03   -0.03   0.02
 MONTH TO DATE    0.52                        1.02   -0.50   1.75
 SINCE DEC 1      2.48                        2.25    0.23   2.88
 SINCE JAN 1      0.52                        1.02   -0.50   1.75

SNOWFALL
(INCHES)
 YESTERDAY         0.0            9.4  1974    0.3    -0.3    0.0
 MONTH TO DATE     0.7                        10.2    -9.5   10.6
 SINCE DEC 1       8.2                        19.7   -11.5   13.8
 SINCE JUL 1      11.7                        29.5   -17.8   25.4
 SNOW DEPTH (IN)     T                                          0

DEGREE DAYS
 HEATING
  YESTERDAY         45                          48      -3     25
  MONTH TO DATE   1356                        1513    -157    927
  SINCE DEC 1     2383                        2951    -568   2269
  SINCE JUL 1     5134                        6326   -1192   5173

 COOLING
  YESTERDAY          0                           0       0      0
  MONTH TO DATE      0                           0       0      0
  SINCE DEC 1        0                           0       0      0
  SINCE JAN 1        0                           0       0      0
...................................................................

WIND (MPH)
 HIGHEST WIND SPEED    23     HIGHEST WIND DIRECTION     20
 HIGHEST GUST SPEED    28     HIGHEST GUST DIRECTION     20
 AVERAGE WIND SPEED  16.7

SKY COVER
  POSSIBLE SUNSHINE    MM          AVERAGE SKY COVER     MM

WEATHER CONDITIONS
 THE FOLLOWING WEATHER WAS RECORDED YESTERDAY.
  NO SIGNIFICANT WEATHER WAS OBSERVED.

RELATIVE HUMIDITY
 HIGHEST RH     MM PERCENT       MM
 LOWEST  RH     MM PERCENT       MM
 AVERAGE RH     MM PERCENT       MM
...................................................................

THE KING SALMON CLIMATE NORMALS FOR TODAY
                           NORMAL    RECORD   YEAR
 MAXIMUM TEMPERATURE (F)     24        50     1982
 MINIMUM TEMPERATURE (F)      9       -43     2006

SUNRISE AND SUNSET
 FEB 1 2015..........SUNRISE  9:34 AM      SUNSET  5:48 PM
 FEB 2 2015..........SUNRISE  9:32 AM      SUNSET  5:51 PM

-  INDICATES NEGATIVE NUMBERS.
R  INDICATES RECORD HAS BEEN SET OR TIED.
MM INDICATES DATA IS MISSING.
T  INDICATES TRACE OF PRECIPITATION.

&&
-------------------------------------------------------------------

AMOUNT OF DAYLIGHT TODAY  (HOUR:MIN)........8 HOURS 14 MINUTES
GAIN SINCE YESTERDAY (HOUR:MIN:SEC).........+0:04:37

$$
AM FEB 15
