000
CDAK48 PAKN 011018
CLIAKN

CLIMATE REPORT
NATIONAL WEATHER SERVICE KING SALMON, AK
218 AM AKDT FRI AUG 1 2014

...................................
...THE KING SALMON AP CLIMATE SUMMARY FOR JULY 31 2014...

CLIMATE NORMAL PERIOD  1981 TO  2010
CLIMATE RECORD PERIOD  1917 TO  2013

WEATHER ITEM   OBSERVED TIME    RECORD YEAR NORMAL DEPARTURE LAST
               VALUE    (LST)   VALUE       VALUE  FROM      YEAR
                                                   NORMAL
...................................................................
TEMPERATURE
YESTERDAY
 MAXIMUM            73  0320 PM    80  2002     64       9     72
 MINIMUM            44  0556 AM    38  1982     48      -4     55
 AVERAGE            59                          56       3     64

PRECIPITATION
(INCHES)
 YESTERDAY        0.00           0.78  1954   0.09   -0.09      T
 MONTH TO DATE    2.38                        2.30    0.08   1.30
 SINCE JUN 1      5.63                        3.95    1.68   2.35
 SINCE JAN 1     10.76                        8.65    2.11   8.71

SNOWFALL
(INCHES)
 YESTERDAY         0.0            0.0  2014    0.0     0.0    0.0
 MONTH TO DATE     0.0                         0.0     0.0    0.0
 SINCE JUN 1       0.0                         0.0     0.0    0.0
 SINCE JUL 1       0.0                         0.0     0.0    0.0
 SNOW DEPTH (IN)     0                                          0

DEGREE DAYS
 HEATING
  YESTERDAY          6                           9      -3      1
  MONTH TO DATE    238                         290     -52    222
  SINCE JUN 1      669                         697     -28    504
  SINCE JUL 1      238                         290     -52    222

 COOLING
  YESTERDAY          0                           0       0      0
  MONTH TO DATE      0                           0       0      4
  SINCE JUN 1        0                           0       0      4
  SINCE JAN 1        0                           0       0      4
...................................................................

WIND (MPH)
 HIGHEST WIND SPEED    10     HIGHEST WIND DIRECTION    230
 HIGHEST GUST SPEED    13     HIGHEST GUST DIRECTION    310
 AVERAGE WIND SPEED   4.2

SKY COVER
  POSSIBLE SUNSHINE    MM          AVERAGE SKY COVER     MM

WEATHER CONDITIONS
 THE FOLLOWING WEATHER WAS RECORDED YESTERDAY.
  FOG


RELATIVE HUMIDITY
 HIGHEST RH     MM PERCENT       MM
 LOWEST  RH     MM PERCENT       MM
 AVERAGE RH     MM PERCENT       MM
...................................................................

THE KING SALMON CLIMATE NORMALS FOR TODAY
                           NORMAL    RECORD   YEAR
 MAXIMUM TEMPERATURE (F)     64        75     2004
 MINIMUM TEMPERATURE (F)     48        40     1992

SUNRISE AND SUNSET
 AUG 1 2014..........SUNRISE  6:17 AM      SUNSET 10:48 PM
 AUG 2 2014..........SUNRISE  6:19 AM      SUNSET 10:46 PM

-  INDICATES NEGATIVE NUMBERS.
R  INDICATES RECORD HAS BEEN SET OR TIED.
MM INDICATES DATA IS MISSING.
T  INDICATES TRACE OF PRECIPITATION.

&&
-------------------------------------------------------------------

AMOUNT OF DAYLIGHT TODAY  (HOUR:MIN)........16 HOURS 31 MINUTES
GAIN/LOSS SINCE YESTERDAY (HOUR:MIN:SEC)....-0:04:27

$$
FONTENOT
