570
CDUS45 KBOU 300725
CLIAKO


CLIMATE REPORT
NATIONAL WEATHER SERVICE DENVER/BOULDER CO
125 AM MDT THU MAR 30 2017


...................................

...THE AKRON CO CLIMATE SUMMARY FOR MARCH 29 2017...

CLIMATE NORMAL PERIOD 1981 TO 2010
CLIMATE RECORD PERIOD 9999 TO 9999


WEATHER ITEM   OBSERVED TIME   RECORD YEAR NORMAL DEPARTURE LAST
                VALUE   (LST)  VALUE       VALUE  FROM      YEAR
                                                  NORMAL
..................................................................
TEMPERATURE (F)
 YESTERDAY
  MAXIMUM         51    350 PM  83    1943  56     -5
  MINIMUM         32   1041 PM   0    1975  29      3
  AVERAGE         42                        42      0

PRECIPITATION (IN)
  YESTERDAY        0.07          0.55 1981   0.03   0.04     0.03
  MONTH TO DATE    1.46                      0.79   0.67     0.25
  SINCE MAR 1      1.46                      0.79   0.67     0.25
  SINCE JAN 1      1.57                      1.53   0.04     0.36

DEGREE DAYS
 HEATING
  YESTERDAY       23
  MONTH TO DATE  526

 COOLING
  YESTERDAY        0
  MONTH TO DATE    0
..................................................................


WIND (MPH)
  HIGHEST WIND SPEED    26   HIGHEST WIND DIRECTION     N (10)
  HIGHEST GUST SPEED    31   HIGHEST GUST DIRECTION     N (10)




RELATIVE HUMIDITY (PERCENT)
 HIGHEST    96
 LOWEST     52
 AVERAGE    74

..........................................................


THE AKRON CO CLIMATE NORMALS FOR TODAY
                         NORMAL    RECORD    YEAR
 MAXIMUM TEMPERATURE (F)   56        84      2010
 MINIMUM TEMPERATURE (F)   29         6      1987


SUNRISE AND SUNSET
MARCH 30 2017.........SUNRISE   640 AM MDT   SUNSET   716 PM MDT
MARCH 31 2017.........SUNRISE   638 AM MDT   SUNSET   717 PM MDT


-  INDICATES NEGATIVE NUMBERS.
R  INDICATES RECORD WAS SET OR TIED.
MM INDICATES DATA IS MISSING.
T  INDICATES TRACE AMOUNT.




$$
