719
CDUS45 KBOU 220725
CLIAKO


CLIMATE REPORT
NATIONAL WEATHER SERVICE DENVER/BOULDER CO
1225 AM MST SUN JAN 22 2017


...................................

...THE AKRON CO CLIMATE SUMMARY FOR JANUARY 21 2017...

CLIMATE NORMAL PERIOD 1981 TO 2010
CLIMATE RECORD PERIOD 9999 TO 9999


WEATHER ITEM   OBSERVED TIME   RECORD YEAR NORMAL DEPARTURE LAST
                VALUE   (LST)  VALUE       VALUE  FROM      YEAR
                                                  NORMAL
..................................................................
TEMPERATURE (F)
 YESTERDAY
  MAXIMUM         43    244 PM  67    1950  40      3
  MINIMUM         24   1233 AM -14    1966  17      7
  AVERAGE         34                        29      5

PRECIPITATION (IN)
  YESTERDAY        0.00          0.12 1988   0.01  -0.01      T
  MONTH TO DATE    0.11                      0.18  -0.07     0.09
  SINCE DEC 1      0.25                      0.58  -0.33     0.11
  SINCE JAN 1      0.11                      0.18  -0.07     0.09

DEGREE DAYS
 HEATING
  YESTERDAY       31
  MONTH TO DATE  853

 COOLING
  YESTERDAY        0
  MONTH TO DATE    0
..................................................................


WIND (MPH)
  HIGHEST WIND SPEED    20   HIGHEST WIND DIRECTION    SE (140)
  HIGHEST GUST SPEED    23   HIGHEST GUST DIRECTION    SE (130)




RELATIVE HUMIDITY (PERCENT)
 HIGHEST    81
 LOWEST     45
 AVERAGE    63

..........................................................


THE AKRON CO CLIMATE NORMALS FOR TODAY
                         NORMAL    RECORD    YEAR
 MAXIMUM TEMPERATURE (F)   40        70      1950
 MINIMUM TEMPERATURE (F)   17       -11      1962


SUNRISE AND SUNSET
JANUARY 22 2017.......SUNRISE   709 AM MST   SUNSET   500 PM MST
JANUARY 23 2017.......SUNRISE   709 AM MST   SUNSET   501 PM MST


-  INDICATES NEGATIVE NUMBERS.
R  INDICATES RECORD WAS SET OR TIED.
MM INDICATES DATA IS MISSING.
T  INDICATES TRACE AMOUNT.




$$
