000
CDUS45 KBOU 220725
CLIAKO


CLIMATE REPORT
NATIONAL WEATHER SERVICE BOULDER, CO
1225 AM MST SAT NOV 22 2014


...................................

...THE AKRON CO CLIMATE SUMMARY FOR NOVEMBER 21 2014...

CLIMATE NORMAL PERIOD 1981 TO 2010
CLIMATE RECORD PERIOD 9999 TO 9999


WEATHER ITEM   OBSERVED TIME   RECORD YEAR NORMAL DEPARTURE LAST
                VALUE   (LST)  VALUE       VALUE  FROM      YEAR
                                                  NORMAL
..................................................................
TEMPERATURE (F)
 YESTERDAY
  MAXIMUM         58    211 PM  70    1974  47     11
  MINIMUM         26    550 AM   1    1953  23      3
  AVERAGE         42                        35      7

PRECIPITATION (IN)
  YESTERDAY        0.00          0.74 1979   0.02  -0.02     0.02
  MONTH TO DATE    0.21                      0.42  -0.21     0.16
  SINCE SEP 1      2.37                      2.69  -0.32     5.54
  SINCE JAN 1     17.97                     16.18   1.79    16.96

DEGREE DAYS
 HEATING
  YESTERDAY       23
  MONTH TO DATE  673

 COOLING
  YESTERDAY        0
  MONTH TO DATE    0
..................................................................


WIND (MPH)
  HIGHEST WIND SPEED    16   HIGHEST WIND DIRECTION    SW (220)
  HIGHEST GUST SPEED    21   HIGHEST GUST DIRECTION     N (20)




RELATIVE HUMIDITY (PERCENT)
 HIGHEST    75
 LOWEST     21
 AVERAGE    48

..........................................................


THE AKRON CO CLIMATE NORMALS FOR TODAY
                         NORMAL    RECORD    YEAR
 MAXIMUM TEMPERATURE (F)   46        66      1954
 MINIMUM TEMPERATURE (F)   23        -4      1941


SUNRISE AND SUNSET
NOVEMBER 22 2014......SUNRISE   646 AM MST   SUNSET   431 PM MST
NOVEMBER 23 2014......SUNRISE   647 AM MST   SUNSET   431 PM MST


-  INDICATES NEGATIVE NUMBERS.
R  INDICATES RECORD WAS SET OR TIED.
MM INDICATES DATA IS MISSING.
T  INDICATES TRACE AMOUNT.




$$
