380
CDUS45 KBOU 260725
CLIAKO


CLIMATE REPORT
NATIONAL WEATHER SERVICE DENVER/BOULDER CO
125 AM MDT THU MAY 26 2016


...................................

...THE AKRON CO CLIMATE SUMMARY FOR MAY 25 2016...

CLIMATE NORMAL PERIOD 1981 TO 2010
CLIMATE RECORD PERIOD 9999 TO 9999


WEATHER ITEM   OBSERVED TIME   RECORD YEAR NORMAL DEPARTURE LAST
                VALUE   (LST)  VALUE       VALUE  FROM      YEAR
                                                  NORMAL
..................................................................
TEMPERATURE (F)
 YESTERDAY
  MAXIMUM         74    406 PM  93    1964  73      1
  MINIMUM         51    858 PM  32    1992  47      4
  AVERAGE         63                        60      3

PRECIPITATION (IN)
  YESTERDAY        T             1.70 1955   0.10  -0.10      T
  MONTH TO DATE    1.35                      2.29  -0.94     5.53
  SINCE MAR 1      4.63                      4.81  -0.18     7.24
  SINCE JAN 1      4.74                      5.55  -0.81     7.52

DEGREE DAYS
 HEATING
  YESTERDAY        2
  MONTH TO DATE  284

 COOLING
  YESTERDAY        0
  MONTH TO DATE    5
..................................................................


WIND (MPH)
  HIGHEST WIND SPEED    25   HIGHEST WIND DIRECTION     N (20)
  HIGHEST GUST SPEED    29   HIGHEST GUST DIRECTION     N (20)




RELATIVE HUMIDITY (PERCENT)
 HIGHEST    93
 LOWEST     33
 AVERAGE    63

..........................................................


THE AKRON CO CLIMATE NORMALS FOR TODAY
                         NORMAL    RECORD    YEAR
 MAXIMUM TEMPERATURE (F)   74        97      1942
 MINIMUM TEMPERATURE (F)   47        31      1992


SUNRISE AND SUNSET
MAY 26 2016...........SUNRISE   528 AM MDT   SUNSET   812 PM MDT
MAY 27 2016...........SUNRISE   528 AM MDT   SUNSET   813 PM MDT


-  INDICATES NEGATIVE NUMBERS.
R  INDICATES RECORD WAS SET OR TIED.
MM INDICATES DATA IS MISSING.
T  INDICATES TRACE AMOUNT.




$$
