000
CDUS45 KBOU 230725
CLIAKO


CLIMATE REPORT
NATIONAL WEATHER SERVICE BOULDER, CO
125 AM MDT TUE SEP 23 2014


...................................

...THE AKRON CO CLIMATE SUMMARY FOR SEPTEMBER 22 2014...

CLIMATE NORMAL PERIOD 1981 TO 2010
CLIMATE RECORD PERIOD 9999 TO 9999


WEATHER ITEM   OBSERVED TIME   RECORD YEAR NORMAL DEPARTURE LAST
                VALUE   (LST)  VALUE       VALUE  FROM      YEAR
                                                  NORMAL
..................................................................
TEMPERATURE (F)
 YESTERDAY
  MAXIMUM         79    226 PM  93    1953  74      5
  MINIMUM         57    838 AM  30    1995  46     11
  AVERAGE         68                        60      8

PRECIPITATION (IN)
  YESTERDAY        0.51          1.92 1941   0.04   0.47     0.03
  MONTH TO DATE    0.83                      0.87  -0.04     2.26
  SINCE SEP 1      0.83                      0.87  -0.04     2.26
  SINCE JAN 1     16.43                     14.36   2.07    13.68

DEGREE DAYS
 HEATING
  YESTERDAY        0
  MONTH TO DATE   90

 COOLING
  YESTERDAY        3
  MONTH TO DATE   60
..................................................................


WIND (MPH)
  HIGHEST WIND SPEED    29   HIGHEST WIND DIRECTION     S (180)
  HIGHEST GUST SPEED    37   HIGHEST GUST DIRECTION     S (190)




RELATIVE HUMIDITY (PERCENT)
 HIGHEST    93
 LOWEST     46
 AVERAGE    70

..........................................................


THE AKRON CO CLIMATE NORMALS FOR TODAY
                         NORMAL    RECORD    YEAR
 MAXIMUM TEMPERATURE (F)   74        92      1958
 MINIMUM TEMPERATURE (F)   46        30      1946


SUNRISE AND SUNSET
SEPTEMBER 23 2014.....SUNRISE   641 AM MDT   SUNSET   648 PM MDT
SEPTEMBER 24 2014.....SUNRISE   642 AM MDT   SUNSET   647 PM MDT


-  INDICATES NEGATIVE NUMBERS.
R  INDICATES RECORD WAS SET OR TIED.
MM INDICATES DATA IS MISSING.
T  INDICATES TRACE AMOUNT.




$$
