000
CDUS45 KBOU 040725
CLIAKO


CLIMATE REPORT
NATIONAL WEATHER SERVICE DENVER/BOULDER CO
1225 AM MST SUN DEC 4 2016


...................................

...THE AKRON CO CLIMATE SUMMARY FOR DECEMBER 3 2016...

CLIMATE NORMAL PERIOD 1981 TO 2010
CLIMATE RECORD PERIOD 9999 TO 9999


WEATHER ITEM   OBSERVED TIME   RECORD YEAR NORMAL DEPARTURE LAST
                VALUE   (LST)  VALUE       VALUE  FROM      YEAR
                                                  NORMAL
..................................................................
TEMPERATURE (F)
 YESTERDAY
  MAXIMUM         43    203 PM  80    1941  42      1
  MINIMUM         20    923 PM  -1    1955  19      1
  AVERAGE         32                        30      2

PRECIPITATION (IN)
  YESTERDAY        0.00          0.37 1953   0.02  -0.02     0.00
  MONTH TO DATE    0.00                      0.06  -0.06     0.00
  SINCE DEC 1      0.00                      0.06  -0.06     0.00
  SINCE JAN 1     16.65                     16.40   0.25    13.29

DEGREE DAYS
 HEATING
  YESTERDAY       33
  MONTH TO DATE  107

 COOLING
  YESTERDAY        0
  MONTH TO DATE    0
..................................................................


WIND (MPH)
  HIGHEST WIND SPEED    17   HIGHEST WIND DIRECTION     S (180)
  HIGHEST GUST SPEED    23   HIGHEST GUST DIRECTION     S (190)




RELATIVE HUMIDITY (PERCENT)
 HIGHEST    84
 LOWEST     36
 AVERAGE    60

..........................................................


THE AKRON CO CLIMATE NORMALS FOR TODAY
                         NORMAL    RECORD    YEAR
 MAXIMUM TEMPERATURE (F)   41        71      1980
 MINIMUM TEMPERATURE (F)   18        -8      2013


SUNRISE AND SUNSET
DECEMBER  4 2016......SUNRISE   659 AM MST   SUNSET   427 PM MST
DECEMBER  5 2016......SUNRISE   700 AM MST   SUNSET   427 PM MST


-  INDICATES NEGATIVE NUMBERS.
R  INDICATES RECORD WAS SET OR TIED.
MM INDICATES DATA IS MISSING.
T  INDICATES TRACE AMOUNT.




$$
