000
CDUS45 KBOU 230725
CLIAKO


CLIMATE REPORT
NATIONAL WEATHER SERVICE BOULDER, CO
125 AM MDT SAT MAY 23 2015


...................................

...THE AKRON CO CLIMATE SUMMARY FOR MAY 22 2015...

CLIMATE NORMAL PERIOD 1981 TO 2010
CLIMATE RECORD PERIOD 9999 TO 9999


WEATHER ITEM   OBSERVED TIME   RECORD YEAR NORMAL DEPARTURE LAST
                VALUE   (LST)  VALUE       VALUE  FROM      YEAR
                                                  NORMAL
..................................................................
TEMPERATURE (F)
 YESTERDAY
  MAXIMUM         57    318 PM  95    1939  72    -15
  MINIMUM         45    834 AM  32    1963  46     -1
  AVERAGE         51                        59     -8

PRECIPITATION (IN)
  YESTERDAY        0.52          1.06 1965   0.10   0.42     0.26
  MONTH TO DATE    5.28                      1.98   3.30     2.83
  SINCE MAR 1      6.99                      4.50   2.49     4.02
  SINCE JAN 1      7.27                      5.24   2.03     4.45

DEGREE DAYS
 HEATING
  YESTERDAY       14
  MONTH TO DATE  309

 COOLING
  YESTERDAY        0
  MONTH TO DATE    0
..................................................................


WIND (MPH)
  HIGHEST WIND SPEED    21   HIGHEST WIND DIRECTION    SE (120)
  HIGHEST GUST SPEED    27   HIGHEST GUST DIRECTION    SE (140)




RELATIVE HUMIDITY (PERCENT)
 HIGHEST   100
 LOWEST     83
 AVERAGE    92

..........................................................


THE AKRON CO CLIMATE NORMALS FOR TODAY
                         NORMAL    RECORD    YEAR
 MAXIMUM TEMPERATURE (F)   73        94      1989
 MINIMUM TEMPERATURE (F)   46        35      1971


SUNRISE AND SUNSET
MAY 23 2015...........SUNRISE   531 AM MDT   SUNSET   809 PM MDT
MAY 24 2015...........SUNRISE   530 AM MDT   SUNSET   810 PM MDT


-  INDICATES NEGATIVE NUMBERS.
R  INDICATES RECORD WAS SET OR TIED.
MM INDICATES DATA IS MISSING.
T  INDICATES TRACE AMOUNT.




$$
