000
CDUS45 KBOU 231059
CLIAKO

CLIMATE REPORT
NATIONAL WEATHER SERVICE BOULDER, CO
125 AM MDT WED JUL 23 2014


...................................

...THE AKRON CO CLIMATE SUMMARY FOR JULY 22 2014...

CLIMATE NORMAL PERIOD 1981 TO 2010

WEATHER ITEM   OBSERVED TIME   RECORD YEAR NORMAL DEPARTURE LAST
                VALUE   (LST)  VALUE       VALUE  FROM      YEAR
                                                  NORMAL
..................................................................
TEMPERATURE (F)
 YESTERDAY
  MAXIMUM         92    353 PM 104    2005  89      3
  MINIMUM         68    417 AM  46    1990  60      8
  AVERAGE         80                        75      5

PRECIPITATION (IN)
  YESTERDAY        0.00          1.19   MM   0.09  -0.09     0.00
  MONTH TO DATE    1.12                      1.74  -0.62     3.01
  SINCE JUN 1      4.94                      4.20   0.74     4.21
  SINCE JAN 1      9.64                     10.38  -0.74     8.10

DEGREE DAYS
 HEATING
  YESTERDAY        0
  MONTH TO DATE   10

 COOLING
  YESTERDAY       15
  MONTH TO DATE  191
..................................................................


WIND (MPH)
  HIGHEST WIND SPEED    25   HIGHEST WIND DIRECTION     N (20)
  HIGHEST GUST SPEED    30   HIGHEST GUST DIRECTION    NE (30)




RELATIVE HUMIDITY (PERCENT)
 HIGHEST    73
 LOWEST     30
 AVERAGE    52

..........................................................


THE AKRON CO CLIMATE NORMALS FOR TODAY
                         NORMAL    RECORD    YEAR
 MAXIMUM TEMPERATURE (F)   89       103      2005
 MINIMUM TEMPERATURE (F)   60        48      1950


SUNRISE AND SUNSET
JULY 23 2014..........SUNRISE   543 AM MDT   SUNSET   815 PM MDT
JULY 24 2014..........SUNRISE   544 AM MDT   SUNSET   815 PM MDT


-  INDICATES NEGATIVE NUMBERS.
R  INDICATES RECORD WAS SET OR TIED.
MM INDICATES DATA IS MISSING.
T  INDICATES TRACE AMOUNT.




$$
