000
CDUS41 KALY 130625
CLIALB


CLIMATE REPORT
NATIONAL WEATHER SERVICE ALBANY NY
124 AM EST SAT FEB 13 2016


...................................

...THE ALBANY NY CLIMATE SUMMARY FOR FEBRUARY 12 2016...

CLIMATE NORMAL PERIOD 1981 TO 2010
CLIMATE RECORD PERIOD 1874 TO 2016


WEATHER ITEM   OBSERVED TIME   RECORD YEAR NORMAL DEPARTURE LAST
                VALUE   (LST)  VALUE       VALUE  FROM      YEAR
                                                  NORMAL
..................................................................
TEMPERATURE (F)
 YESTERDAY
  MAXIMUM         24    556 PM  55    1932  34    -10       33
  MINIMUM          3    642 AM -16    1979  17    -14        8
  AVERAGE         14                        25    -11       21

PRECIPITATION (IN)
  YESTERDAY        T             1.29 1988   0.07  -0.07     0.01
  MONTH TO DATE    0.51                      0.92  -0.41     1.81
  SINCE DEC 1      5.42                      6.44  -1.02     9.35
  SINCE JAN 1      1.75                      3.51  -1.76     3.98

SNOWFALL (IN)
  YESTERDAY        T            13.5  1988   0.4   -0.4      0.1
  MONTH TO DATE    3.0                       5.5   -2.5     23.0
  SINCE DEC 1      8.5                      37.1  -28.6     50.7
  SINCE JUL 1      8.5                      40.2  -31.7     63.0
  SNOW DEPTH       0

DEGREE DAYS
 HEATING
  YESTERDAY       51                        40     11       44
  MONTH TO DATE  386                       490   -104      591
  SINCE DEC 1   2244                      2937   -693     2987
  SINCE JUL 1   3327                      4341  -1014     4262

 COOLING
  YESTERDAY        0                         0      0        0
  MONTH TO DATE    0                         0      0        0
  SINCE DEC 1      0                         0      0        0
  SINCE JAN 1      0                         0      0        0
..................................................................


WIND (MPH)
  HIGHEST WIND SPEED    16   HIGHEST WIND DIRECTION     S (170)
  HIGHEST GUST SPEED    21   HIGHEST GUST DIRECTION    SE (140)
  AVERAGE WIND SPEED     7.1


SKY COVER
  AVERAGE SKY COVER 0.5



RELATIVE HUMIDITY (PERCENT)
 HIGHEST    79
 LOWEST     36
 AVERAGE    58

..........................................................


THE ALBANY NY CLIMATE NORMALS FOR TODAY
                         NORMAL    RECORD    YEAR
 MAXIMUM TEMPERATURE (F)   34        58      1900
 MINIMUM TEMPERATURE (F)   17       -18      1875


SUNRISE AND SUNSET
FEBRUARY 13 2016......SUNRISE   656 AM EST   SUNSET   524 PM EST
FEBRUARY 14 2016......SUNRISE   654 AM EST   SUNSET   525 PM EST


-  INDICATES NEGATIVE NUMBERS.
R  INDICATES RECORD WAS SET OR TIED.
MM INDICATES DATA IS MISSING.
T  INDICATES TRACE AMOUNT.




$$
