000
CDUS41 KALY 260623
CLIALB


CLIMATE REPORT
NATIONAL WEATHER SERVICE ALBANY NY
223 AM EDT FRI AUG 26 2016


...................................

...THE ALBANY NY CLIMATE SUMMARY FOR AUGUST 25 2016...

CLIMATE NORMAL PERIOD 1981 TO 2010
CLIMATE RECORD PERIOD 1874 TO 2016


WEATHER ITEM   OBSERVED TIME   RECORD YEAR NORMAL DEPARTURE LAST
                VALUE   (LST)  VALUE       VALUE  FROM      YEAR
                                                  NORMAL
..................................................................
TEMPERATURE (F)
 YESTERDAY
  MAXIMUM         80   1136 AM  99    1947  79      1       84
  MINIMUM         67    533 AM  35    1940  59      8       65
  AVERAGE         74                        69      5       75

PRECIPITATION (IN)
  YESTERDAY        0.26          1.74 1892   0.10   0.16     0.45
  MONTH TO DATE    3.88                      2.87   1.01     4.30
  SINCE JUN 1     12.63                     10.78   1.85    14.42
  SINCE JAN 1     23.39                     25.56  -2.17    23.14

DEGREE DAYS
 HEATING
  YESTERDAY        0                         1     -1        0
  MONTH TO DATE    1                         8     -7        0
  SINCE JUN 1     39                        65    -26       52
  SINCE JUL 1      1                        13    -12        1

 COOLING
  YESTERDAY        9                         5      4       10
  MONTH TO DATE  237                       153     84      230
  SINCE JUN 1    665                       489    176      596
  SINCE JAN 1    740                       519    221      719
..................................................................


WIND (MPH)
  HIGHEST WIND SPEED    17   HIGHEST WIND DIRECTION     S (170)
  HIGHEST GUST SPEED    22   HIGHEST GUST DIRECTION     S (180)
  AVERAGE WIND SPEED     8.1


SKY COVER
  AVERAGE SKY COVER 0.7



RELATIVE HUMIDITY (PERCENT)
 HIGHEST    94
 LOWEST     67
 AVERAGE    81

..........................................................


THE ALBANY NY CLIMATE NORMALS FOR TODAY
                         NORMAL    RECORD    YEAR
 MAXIMUM TEMPERATURE (F)   79        98      1948
 MINIMUM TEMPERATURE (F)   59        40      1942


SUNRISE AND SUNSET
AUGUST 26 2016........SUNRISE   614 AM EDT   SUNSET   739 PM EDT
AUGUST 27 2016........SUNRISE   615 AM EDT   SUNSET   737 PM EDT


-  INDICATES NEGATIVE NUMBERS.
R  INDICATES RECORD WAS SET OR TIED.
MM INDICATES DATA IS MISSING.
T  INDICATES TRACE AMOUNT.




$$
