000
CDUS41 KALY 230624
CLIALB


CLIMATE REPORT
NATIONAL WEATHER SERVICE ALBANY NY
222 AM EDT SUN APR 23 2017


...................................

...THE ALBANY NY CLIMATE SUMMARY FOR APRIL 22 2017...

CLIMATE NORMAL PERIOD 1981 TO 2010
CLIMATE RECORD PERIOD 1874 TO 2017


WEATHER ITEM   OBSERVED TIME   RECORD YEAR NORMAL DEPARTURE LAST
                VALUE   (LST)  VALUE       VALUE  FROM      YEAR
                                                  NORMAL
..................................................................
TEMPERATURE (F)
 YESTERDAY
  MAXIMUM         55    157 PM  86    1985  61     -6       76
  MINIMUM         43   1136 PM  20    1947  40      3       58
  AVERAGE         49                        50     -1       67

PRECIPITATION (IN)
  YESTERDAY        0.01          1.68 1993   0.11  -0.10     0.03
  MONTH TO DATE    2.62                      2.34   0.28     1.33
  SINCE MAR 1      6.69                      5.55   1.14     2.51
  SINCE JAN 1     12.67                     10.34   2.33     7.82

SNOWFALL (IN)
  YESTERDAY        0.0           1.0  1928   0.1   -0.1      0.0
  MONTH TO DATE    0.2                       2.1   -1.9      6.4
  SINCE MAR 1     19.6                      13.1    6.5      6.6
  SINCE JUL 1     60.8                      60.0    0.8     16.9
  SNOW DEPTH       0

DEGREE DAYS
 HEATING
  YESTERDAY       16                        15      1        0
  MONTH TO DATE  317                       415    -98      440
  SINCE MAR 1   1342                      1344     -2     1122
  SINCE JUL 1   5505                      6288   -783     5051

 COOLING
  YESTERDAY        0                         0      0        2
  MONTH TO DATE   16                         0     16        2
  SINCE MAR 1     16                         0     16        2
  SINCE JAN 1     16                         0     16        2
..................................................................


WIND (MPH)
  HIGHEST WIND SPEED    20   HIGHEST WIND DIRECTION     W (290)
  HIGHEST GUST SPEED    24   HIGHEST GUST DIRECTION    NW (330)
  AVERAGE WIND SPEED     8.8


SKY COVER
  AVERAGE SKY COVER 0.8



RELATIVE HUMIDITY (PERCENT)
 HIGHEST    93
 LOWEST     54
 AVERAGE    74

..........................................................


THE ALBANY NY CLIMATE NORMALS FOR TODAY
                         NORMAL    RECORD    YEAR
 MAXIMUM TEMPERATURE (F)   62        87      2007
                                             1902
 MINIMUM TEMPERATURE (F)   40        26      1975


SUNRISE AND SUNSET
APRIL 23 2017.........SUNRISE   601 AM EDT   SUNSET   747 PM EDT
APRIL 24 2017.........SUNRISE   559 AM EDT   SUNSET   748 PM EDT


-  INDICATES NEGATIVE NUMBERS.
R  INDICATES RECORD WAS SET OR TIED.
MM INDICATES DATA IS MISSING.
T  INDICATES TRACE AMOUNT.




$$
