000
CDUS41 KALY 160625
CLIALB


CLIMATE REPORT
NATIONAL WEATHER SERVICE ALBANY NY
122 AM EST TUE JAN 16 2018


...................................

...THE ALBANY NY CLIMATE SUMMARY FOR JANUARY 15 2018...

CLIMATE NORMAL PERIOD 1981 TO 2010
CLIMATE RECORD PERIOD 1874 TO 2018


WEATHER ITEM   OBSERVED TIME   RECORD YEAR NORMAL DEPARTURE LAST
                VALUE   (LST)  VALUE       VALUE  FROM      YEAR
                                                  NORMAL
..................................................................
TEMPERATURE (F)
 YESTERDAY
  MAXIMUM         21    334 PM  65    1995  30     -9       36
  MINIMUM          5    809 AM -20    1957  14     -9       14
  AVERAGE         13                        22     -9       25

PRECIPITATION (IN)
  YESTERDAY        0.00          0.88 1936   0.08  -0.08     0.00
  MONTH TO DATE    1.30                      1.24   0.06     0.95
  SINCE DEC 1      3.23                      4.17  -0.94     2.70
  SINCE JAN 1      1.30                      1.24   0.06     0.95

SNOWFALL (IN)
  YESTERDAY        0.0          13.4  1983   0.6   -0.6      0.0
  MONTH TO DATE    5.9                       8.7   -2.8      0.9
  SINCE DEC 1     18.0                      22.4   -4.4     13.0
  SINCE JUL 1     18.0                      25.5   -7.5     15.3
  SNOW DEPTH       0

DEGREE DAYS
 HEATING
  YESTERDAY       52                        43      9       40
  MONTH TO DATE  698                       636     62      565
  SINCE DEC 1   1937                      1767    170     1632
  SINCE JUL 1   3051                      3171   -120     2788

 COOLING
  YESTERDAY        0                         0      0        0
  MONTH TO DATE    0                         0      0        0
  SINCE DEC 1      0                         0      0        0
  SINCE JAN 1      0                         0      0        0
..................................................................


WIND (MPH)
  HIGHEST WIND SPEED    12   HIGHEST WIND DIRECTION     N (20)
  HIGHEST GUST SPEED    15   HIGHEST GUST DIRECTION    NE (30)
  AVERAGE WIND SPEED     4.3


SKY COVER
  AVERAGE SKY COVER 0.6



RELATIVE HUMIDITY (PERCENT)
 HIGHEST    76
 LOWEST     45
 AVERAGE    61

..........................................................


THE ALBANY NY CLIMATE NORMALS FOR TODAY
                         NORMAL    RECORD    YEAR
 MAXIMUM TEMPERATURE (F)   30        62      1995
 MINIMUM TEMPERATURE (F)   14       -16      1971


SUNRISE AND SUNSET
JANUARY 16 2018.......SUNRISE   722 AM EST   SUNSET   448 PM EST
JANUARY 17 2018.......SUNRISE   722 AM EST   SUNSET   449 PM EST


-  INDICATES NEGATIVE NUMBERS.
R  INDICATES RECORD WAS SET OR TIED.
MM INDICATES DATA IS MISSING.
T  INDICATES TRACE AMOUNT.




$$
