438
CDUS43 KDMX 300629 RRA
CLIALO

CLIMATE REPORT
NATIONAL WEATHER SERVICE DES MOINES IA
128 AM CDT MON MAY 30 2016


...................................

...THE WATERLOO IA CLIMATE SUMMARY FOR MAY 29 2016...

CLIMATE NORMAL PERIOD 1981 TO 2010
CLIMATE RECORD PERIOD 1895 TO 2016


WEATHER ITEM   OBSERVED TIME   RECORD YEAR NORMAL DEPARTURE LAST
                VALUE   (LST)  VALUE       VALUE  FROM      YEAR
                                                  NORMAL
..................................................................
TEMPERATURE (F)
 YESTERDAY
  MAXIMUM         82    312 PM 101    1934  76      6       81
  MINIMUM         62   1159 PM  29    1965  54      8       62
  AVERAGE         72                        65      7       72

PRECIPITATION (IN)
  YESTERDAY        0.00          3.41 1980   0.15  -0.15     0.29
  MONTH TO DATE    1.86                      4.21  -2.35     4.85
  SINCE MAR 1      7.34                      9.98  -2.64     8.81
  SINCE JAN 1      9.06                     11.80  -2.74    10.84

SNOWFALL (IN)
  YESTERDAY        0.0           2.0  1947   0.0    0.0      0.0
  MONTH TO DATE    0.0                       0.0    0.0      0.0
  SINCE MAR 1      2.9                       6.4   -3.5      0.7
  SINCE JUL 1     46.0                      35.3   10.7     29.2
  SNOW DEPTH       0

DEGREE DAYS
 HEATING
  YESTERDAY        0                         3     -3        0
  MONTH TO DATE  210                       182     28      152
  SINCE MAR 1   1429                      1579   -150     1515
  SINCE JUL 1   6128                      6998   -870     7276

 COOLING
  YESTERDAY        7                         3      4        7
  MONTH TO DATE   50                        44      6       47
  SINCE MAR 1     53                        52      1       47
  SINCE JAN 1     53                        52      1       47
..................................................................


WIND (MPH)
  HIGHEST WIND SPEED    21   HIGHEST WIND DIRECTION     W (260)
  HIGHEST GUST SPEED    26   HIGHEST GUST DIRECTION     W (270)
  AVERAGE WIND SPEED     8.5


SKY COVER
  POSSIBLE SUNSHINE  MM
  AVERAGE SKY COVER 0.5


WEATHER CONDITIONS
 THE FOLLOWING WEATHER WAS RECORDED YESTERDAY.
  THUNDERSTORM


RELATIVE HUMIDITY (PERCENT)
 HIGHEST    93           400 AM
 LOWEST     42           300 PM
 AVERAGE    68

..........................................................


THE WATERLOO IA CLIMATE NORMALS FOR TODAY
                         NORMAL    RECORD    YEAR
 MAXIMUM TEMPERATURE (F)   77       100      1934
 MINIMUM TEMPERATURE (F)   54        35      1930


SUNRISE AND SUNSET
MAY 30 2016...........SUNRISE   535 AM CDT   SUNSET   839 PM CDT
MAY 31 2016...........SUNRISE   535 AM CDT   SUNSET   840 PM CDT


-  INDICATES NEGATIVE NUMBERS.
R  INDICATES RECORD WAS SET OR TIED.
MM INDICATES DATA IS MISSING.
T  INDICATES TRACE AMOUNT.




$$
