000
CDUS43 KDMX 300635 RRB
CLIALO

CLIMATE REPORT
NATIONAL WEATHER SERVICE DES MOINES IA
1235 AM CST FRI JAN 30 2015

...................................

...THE WATERLOO IA CLIMATE SUMMARY FOR JANUARY 29 2015...

CLIMATE NORMAL PERIOD 1981 TO 2010
CLIMATE RECORD PERIOD 1895 TO 2015


WEATHER ITEM   OBSERVED TIME   RECORD YEAR NORMAL DEPARTURE LAST
                VALUE   (LST)  VALUE       VALUE  FROM      YEAR
                                                  NORMAL
..................................................................
TEMPERATURE (F)
 YESTERDAY
  MAXIMUM         34    754 AM  54    1919  28      6       31
  MINIMUM         21   1150 PM -26    1966  10     11       -9
  AVERAGE         28                        19      9       11

PRECIPITATION (IN)
  YESTERDAY        T             0.68 2001   0.03  -0.03     0.00
  MONTH TO DATE    0.64                      0.77  -0.13     0.60
  SINCE DEC 1      2.28                      1.97   0.31     1.54
  SINCE JAN 1      0.64                      0.77  -0.13     0.60

SNOWFALL (IN)
  YESTERDAY        0.0           6.1  1984   0.3   -0.3      0.0
  MONTH TO DATE    8.7                       7.6    1.1      5.7
  SINCE DEC 1      9.2                      17.5   -8.3     23.6
  SINCE JUL 1     14.6                      20.9   -6.3     29.5
  SNOW DEPTH       0

DEGREE DAYS
 HEATING
  YESTERDAY       37                        46     -9       54
  MONTH TO DATE 1286                      1354    -68     1590
  SINCE DEC 1   2426                      2682   -256     3138
  SINCE JUL 1   4175                      4165     10     4744

 COOLING
  YESTERDAY        0                         0      0        0
  MONTH TO DATE    0                         0      0        0
  SINCE DEC 1      0                         0      0        0
  SINCE JAN 1      0                         0      0        0
..................................................................


WIND (MPH)
  HIGHEST WIND SPEED    32   HIGHEST WIND DIRECTION     N (340)
  HIGHEST GUST SPEED    39   HIGHEST GUST DIRECTION     N (340)
  AVERAGE WIND SPEED    20.5


SKY COVER
  POSSIBLE SUNSHINE  MM
  AVERAGE SKY COVER 1.0


WEATHER CONDITIONS
 THE FOLLOWING WEATHER WAS RECORDED YESTERDAY.
  LIGHT RAIN
  FOG


RELATIVE HUMIDITY (PERCENT)
 HIGHEST   100           200 AM
 LOWEST     64           400 PM
 AVERAGE    82

..........................................................


THE WATERLOO IA CLIMATE NORMALS FOR TODAY
                         NORMAL    RECORD    YEAR
 MAXIMUM TEMPERATURE (F)   28        55      1924
 MINIMUM TEMPERATURE (F)   10       -24      1951


SUNRISE AND SUNSET
JANUARY 30 2015.......SUNRISE   726 AM CST   SUNSET   520 PM CST
JANUARY 31 2015.......SUNRISE   725 AM CST   SUNSET   522 PM CST


-  INDICATES NEGATIVE NUMBERS.
R  INDICATES RECORD WAS SET OR TIED.
MM INDICATES DATA IS MISSING.
T  INDICATES TRACE AMOUNT.

$$

SMALL
