000
CDUS43 KDMX 250637
CLIALO

CLIMATE REPORT
NATIONAL WEATHER SERVICE DES MOINES IA
133 AM CDT SAT MAR 25 2017


...................................

...THE WATERLOO IA CLIMATE SUMMARY FOR MARCH 24 2017...

CLIMATE NORMAL PERIOD 1981 TO 2010
CLIMATE RECORD PERIOD 1895 TO 2017


WEATHER ITEM   OBSERVED TIME   RECORD YEAR NORMAL DEPARTURE LAST
                VALUE   (LST)  VALUE       VALUE  FROM      YEAR
                                                  NORMAL
..................................................................
TEMPERATURE (F)
 YESTERDAY
  MAXIMUM         56    808 AM  86    1910  50      6       37
  MINIMUM         39    544 AM  -5    1974  29     10       26
  AVERAGE         48                        39      9       32

PRECIPITATION (IN)
  YESTERDAY        0.07          0.75 1987   0.08  -0.01     0.01
  MONTH TO DATE    1.28                      1.49  -0.21     2.33
  SINCE MAR 1      1.28                      1.49  -0.21     2.33
  SINCE JAN 1      5.21                      3.31   1.90     4.10

SNOWFALL (IN)
  YESTERDAY        0.0           2.0  1903   0.1   -0.1       T
                                      1969
  MONTH TO DATE   10.6                       3.8    6.8      2.9
  SINCE MAR 1     10.6                       3.8    6.8      2.9
  SINCE JUL 1     26.2                      32.7   -6.5     46.0
  SNOW DEPTH       0

DEGREE DAYS
 HEATING
  YESTERDAY       17                        26     -9       33
  MONTH TO DATE  760                       738     22      597
  SINCE MAR 1    760                       738     22      597
  SINCE JUL 1   5222                      6157   -935     5297

 COOLING
  YESTERDAY        0                         0      0        0
  MONTH TO DATE    0                         0      0        0
  SINCE MAR 1      0                         0      0        0
  SINCE JAN 1      0                         0      0        0
..................................................................


WIND (MPH)
  HIGHEST WIND SPEED    20   HIGHEST WIND DIRECTION    NE (40)
  HIGHEST GUST SPEED    24   HIGHEST GUST DIRECTION    NE (50)
  AVERAGE WIND SPEED     9.7


SKY COVER
  POSSIBLE SUNSHINE  MM
  AVERAGE SKY COVER 0.7


WEATHER CONDITIONS
 THE FOLLOWING WEATHER WAS RECORDED YESTERDAY.
  LIGHT RAIN
  FOG
  HAZE


RELATIVE HUMIDITY (PERCENT)
 HIGHEST    92           500 AM
 LOWEST     77           800 AM
 AVERAGE    85

..........................................................


THE WATERLOO IA CLIMATE NORMALS FOR TODAY
                         NORMAL    RECORD    YEAR
 MAXIMUM TEMPERATURE (F)   50        82      2007
 MINIMUM TEMPERATURE (F)   29         3      1960


SUNRISE AND SUNSET
MARCH 25 2017.........SUNRISE   704 AM CDT   SUNSET   728 PM CDT
MARCH 26 2017.........SUNRISE   702 AM CDT   SUNSET   729 PM CDT


-  INDICATES NEGATIVE NUMBERS.
R  INDICATES RECORD WAS SET OR TIED.
MM INDICATES DATA IS MISSING.
T  INDICATES TRACE AMOUNT.




$$
