000
CDUS45 KPUB 221148
CLIALS


CLIMATE REPORT
NATIONAL WEATHER SERVICE PUEBLO
447 AM MST THU FEB 22 2018


...................................

...THE ALAMOSA CO CLIMATE SUMMARY FOR FEBRUARY 21 2018...

CLIMATE NORMAL PERIOD 1981 TO 2010
CLIMATE RECORD PERIOD 1932 TO 2018


WEATHER ITEM   OBSERVED TIME   RECORD YEAR NORMAL DEPARTURE LAST
                VALUE   (LST)  VALUE       VALUE  FROM      YEAR
                                                  NORMAL
..................................................................
TEMPERATURE (F)
 YESTERDAY
  MAXIMUM         39    345 PM  59    1935  42     -3       58
  MINIMUM         -2    630 AM -20    1939   8    -10       22
  AVERAGE         19                        25     -6       40

PRECIPITATION (IN)
  YESTERDAY        0.00          0.15 1997   0.01  -0.01     0.00
  MONTH TO DATE    0.23                      0.19   0.04     0.27
  SINCE DEC 1      0.45                      0.80  -0.35     2.71
  SINCE JAN 1      0.31                      0.45  -0.14     1.63

SNOWFALL (IN)
  YESTERDAY        0.0           5.0  1997   0.1   -0.1      0.0
  MONTH TO DATE    3.5                       2.9    0.6      2.1
  SINCE DEC 1      6.3                      11.4   -5.1     34.2
  SINCE JUL 1      6.7                      17.2  -10.5     35.2
  SNOW DEPTH       0

DEGREE DAYS
 HEATING
  YESTERDAY       46                        40      6       25
  MONTH TO DATE  731                       914   -183      733
  SINCE DEC 1   3226                      3886   -660     3670
  SINCE JUL 1   4992                      6061  -1069     5534

 COOLING
  YESTERDAY        0                         0      0        0
  MONTH TO DATE    0                         0      0        0
  SINCE DEC 1      0                         0      0        0
  SINCE JAN 1      0                         0      0        0
..................................................................


WIND (MPH)
  HIGHEST WIND SPEED    24   HIGHEST WIND DIRECTION    SW (240)
  HIGHEST GUST SPEED    30   HIGHEST GUST DIRECTION     S (180)
  AVERAGE WIND SPEED     7.9


SKY COVER
  POSSIBLE SUNSHINE  MM
  AVERAGE SKY COVER 0.2


WEATHER CONDITIONS
 THE FOLLOWING WEATHER WAS RECORDED YESTERDAY.
  NO SIGNIFICANT WEATHER WAS OBSERVED.


RELATIVE HUMIDITY (PERCENT)
 HIGHEST    87           400 AM
 LOWEST     32           300 PM
 AVERAGE    60

..........................................................


THE ALAMOSA CO CLIMATE NORMALS FOR TODAY
                         NORMAL    RECORD    YEAR
 MAXIMUM TEMPERATURE (F)   42        60      1982
                                             1958
 MINIMUM TEMPERATURE (F)    9       -20      1939


SUNRISE AND SUNSET
FEBRUARY 22 2018......SUNRISE   644 AM MST   SUNSET   550 PM MST
FEBRUARY 23 2018......SUNRISE   643 AM MST   SUNSET   551 PM MST


-  INDICATES NEGATIVE NUMBERS.
R  INDICATES RECORD WAS SET OR TIED.
MM INDICATES DATA IS MISSING.
T  INDICATES TRACE AMOUNT.




$$
