000
CDUS45 KPUB 251026
CLIALS


CLIMATE REPORT
NATIONAL WEATHER SERVICE PUEBLO
425 AM MDT MON JUL 25 2016


...................................

...THE ALAMOSA CO CLIMATE SUMMARY FOR JULY 24 2016...

CLIMATE NORMAL PERIOD 1981 TO 2010
CLIMATE RECORD PERIOD 1932 TO 2016


WEATHER ITEM   OBSERVED TIME   RECORD YEAR NORMAL DEPARTURE LAST
                VALUE   (LST)  VALUE       VALUE  FROM      YEAR
                                                  NORMAL
..................................................................
TEMPERATURE (F)
 YESTERDAY
  MAXIMUM         89   1251 PM  90    2011  82      7       86
                                      2003
  MINIMUM         55    515 AM  39    1995  48      7       46
                                      1973
  AVERAGE         72                        65      7       66

PRECIPITATION (IN)
  YESTERDAY        0.00          0.39 1933   0.03  -0.03     0.03
  MONTH TO DATE    0.31                      0.72  -0.41     1.17
  SINCE JUN 1      0.82                      1.21  -0.39     2.36
  SINCE JAN 1      5.19                      3.43   1.76     6.30

SNOWFALL (IN)
  YESTERDAY        0.0           0.0  2002   0.0    0.0      0.0
                                      2001
  MONTH TO DATE    0.0                       0.0    0.0      0.0
  SINCE JUN 1      0.0                       0.0    0.0      0.0
  SINCE JUL 1      0.0                       0.0    0.0      0.0
  SNOW DEPTH       0

DEGREE DAYS
 HEATING
  YESTERDAY        0                         1     -1        0
  MONTH TO DATE   13                        33    -20       44
  SINCE JUN 1     69                       201   -132      120
  SINCE JUL 1     13                        33    -20       44

 COOLING
  YESTERDAY        7                         1      6        1
  MONTH TO DATE   45                        24     21       15
  SINCE JUN 1     74                        30     44       39
  SINCE JAN 1     74                        30     44       39
..................................................................


WIND (MPH)
  HIGHEST WIND SPEED    37   HIGHEST WIND DIRECTION    NW (300)
  HIGHEST GUST SPEED    45   HIGHEST GUST DIRECTION     W (290)
  AVERAGE WIND SPEED     8.9


SKY COVER
  POSSIBLE SUNSHINE  MM
  AVERAGE SKY COVER 0.1


WEATHER CONDITIONS
 THE FOLLOWING WEATHER WAS RECORDED YESTERDAY.
  HAZE


RELATIVE HUMIDITY (PERCENT)
 HIGHEST    77           500 AM
 LOWEST     15           300 PM
 AVERAGE    46

..........................................................


THE ALAMOSA CO CLIMATE NORMALS FOR TODAY
                         NORMAL    RECORD    YEAR
 MAXIMUM TEMPERATURE (F)   82        92      2003
 MINIMUM TEMPERATURE (F)   48        39      1993
                                             1944


SUNRISE AND SUNSET
JULY 25 2016..........SUNRISE   602 AM MDT   SUNSET   817 PM MDT
JULY 26 2016..........SUNRISE   603 AM MDT   SUNSET   816 PM MDT


-  INDICATES NEGATIVE NUMBERS.
R  INDICATES RECORD WAS SET OR TIED.
MM INDICATES DATA IS MISSING.
T  INDICATES TRACE AMOUNT.




$$
