000
CDUS45 KPUB 180028
CLIALS


CLIMATE REPORT
NATIONAL WEATHER SERVICE PUEBLO
628 PM MDT TUE OCT 17 2017


...................................

...THE ALAMOSA CO CLIMATE SUMMARY FOR OCTOBER 17 2017...
VALID TODAY AS OF 0500 PM LOCAL TIME.

CLIMATE NORMAL PERIOD 1981 TO 2010
CLIMATE RECORD PERIOD 1932 TO 2017


WEATHER ITEM   OBSERVED TIME   RECORD YEAR NORMAL DEPARTURE LAST
                VALUE   (LST)  VALUE       VALUE  FROM      YEAR
                                                  NORMAL
..................................................................
TEMPERATURE (F)
 TODAY
  MAXIMUM         68    410 PM  76    2016  62      6       76
  MINIMUM         18    625 AM   8    1999  24     -6       43
  AVERAGE         43                        43      0       60

PRECIPITATION (IN)
  TODAY            0.00          0.73 1965   0.02  -0.02     0.00
  MONTH TO DATE    0.05                      0.37  -0.32     0.02
  SINCE SEP 1      1.80                      1.28   0.52     0.30
  SINCE JAN 1     10.49                      6.23   4.26     7.65

SNOWFALL (IN)
  TODAY            0.0           2.8  1966   0.1   -0.1      0.0
  MONTH TO DATE    T                         0.7   -0.7      0.0
  SINCE SEP 1      T                         0.7   -0.7      0.0
  SINCE JUL 1      T                         0.7   -0.7      0.0
  SNOW DEPTH       0

DEGREE DAYS
 HEATING
  TODAY           22                        22      0        5
  MONTH TO DATE  308                       325    -17      273
  SINCE SEP 1    553                       627    -74      524
  SINCE JUL 1    652                       756   -104      668

 COOLING
  TODAY            0                         0      0        0
  MONTH TO DATE    0                         0      0        0
  SINCE SEP 1      0                         0      0        0
  SINCE JAN 1     76                        51     25      115
..................................................................


WIND (MPH)
  HIGHEST WIND SPEED     9   HIGHEST WIND DIRECTION     S (190)
  HIGHEST GUST SPEED    13   HIGHEST GUST DIRECTION     S (190)
  AVERAGE WIND SPEED     3.2


SKY COVER
  POSSIBLE SUNSHINE  MM
  AVERAGE SKY COVER 0.0


WEATHER CONDITIONS
 THE FOLLOWING WEATHER WAS RECORDED TODAY.
  NO SIGNIFICANT WEATHER WAS OBSERVED.


RELATIVE HUMIDITY (PERCENT)
 HIGHEST    77           300 AM
 LOWEST      9           300 PM
 AVERAGE    43

..........................................................


THE ALAMOSA CO CLIMATE NORMALS FOR TOMORROW
                         NORMAL    RECORD    YEAR
 MAXIMUM TEMPERATURE (F)   61        75      2003
 MINIMUM TEMPERATURE (F)   24         7      1968


SUNRISE AND SUNSET
OCTOBER 17 2017.......SUNRISE   714 AM MDT   SUNSET   623 PM MDT
OCTOBER 18 2017.......SUNRISE   715 AM MDT   SUNSET   622 PM MDT


-  INDICATES NEGATIVE NUMBERS.
R  INDICATES RECORD WAS SET OR TIED.
MM INDICATES DATA IS MISSING.
T  INDICATES TRACE AMOUNT.




$$
