000
CDUS45 KPUB 281125
CLIALS


CLIMATE REPORT
NATIONAL WEATHER SERVICE PUEBLO
425 AM MST TUE FEB 28 2017


...................................

...THE ALAMOSA CO CLIMATE SUMMARY FOR FEBRUARY 27 2017...

CLIMATE NORMAL PERIOD 1981 TO 2010
CLIMATE RECORD PERIOD 1932 TO 2017


WEATHER ITEM   OBSERVED TIME   RECORD YEAR NORMAL DEPARTURE LAST
                VALUE   (LST)  VALUE       VALUE  FROM      YEAR
                                                  NORMAL
..................................................................
TEMPERATURE (F)
 YESTERDAY
  MAXIMUM         42   1217 PM  60    2006  44     -2       56
  MINIMUM         18   1258 AM -17    1984  11      7       18
  AVERAGE         30                        28      2       37

PRECIPITATION (IN)
  YESTERDAY        0.00          0.23 1968   0.01  -0.01     0.00
  MONTH TO DATE    0.27                      0.25   0.02     0.40
  SINCE DEC 1      2.71                      0.86   1.85     1.23
  SINCE JAN 1      1.63                      0.51   1.12     0.98

SNOWFALL (IN)
  YESTERDAY        0.0           2.8  1968   0.2   -0.2      0.0
  MONTH TO DATE    2.1                       3.7   -1.6      4.1
  SINCE DEC 1     34.2                      12.2   22.0     14.5
  SINCE JUL 1     35.2                      18.0   17.2     18.8
  SNOW DEPTH       0

DEGREE DAYS
 HEATING
  YESTERDAY       35                        37     -2       28
  MONTH TO DATE  956                      1144   -188      998
  SINCE DEC 1   3893                      4116   -223     3934
  SINCE JUL 1   5757                      6291   -534     5712

 COOLING
  YESTERDAY        0                         0      0        0
  MONTH TO DATE    0                         0      0        0
  SINCE DEC 1      0                         0      0        0
  SINCE JAN 1      0                         0      0        0
..................................................................


WIND (MPH)
  HIGHEST WIND SPEED    37   HIGHEST WIND DIRECTION    SW (240)
  HIGHEST GUST SPEED    46   HIGHEST GUST DIRECTION    SW (240)
  AVERAGE WIND SPEED    15.4


SKY COVER
  POSSIBLE SUNSHINE  MM
  AVERAGE SKY COVER 0.1


WEATHER CONDITIONS
 THE FOLLOWING WEATHER WAS RECORDED YESTERDAY.
  NO SIGNIFICANT WEATHER WAS OBSERVED.


RELATIVE HUMIDITY (PERCENT)
 HIGHEST    92          1100 PM
 LOWEST     33          1200 PM
 AVERAGE    63

..........................................................


THE ALAMOSA CO CLIMATE NORMALS FOR TODAY
                         NORMAL    RECORD    YEAR
 MAXIMUM TEMPERATURE (F)   45        64      2006
 MINIMUM TEMPERATURE (F)   12       -17      1984


SUNRISE AND SUNSET
FEBRUARY 28 2017......SUNRISE   636 AM MST   SUNSET   557 PM MST
MARCH  1 2017.........SUNRISE   634 AM MST   SUNSET   558 PM MST


-  INDICATES NEGATIVE NUMBERS.
R  INDICATES RECORD WAS SET OR TIED.
MM INDICATES DATA IS MISSING.
T  INDICATES TRACE AMOUNT.




$$
