000
CDUS45 KPUB 191035
CLIALS


CLIMATE REPORT
NATIONAL WEATHER SERVICE PUEBLO
435 AM MDT SAT AUG 19 2017


...................................

...THE ALAMOSA CO CLIMATE SUMMARY FOR AUGUST 18 2017...

CLIMATE NORMAL PERIOD 1981 TO 2010
CLIMATE RECORD PERIOD 1932 TO 2017


WEATHER ITEM   OBSERVED TIME   RECORD YEAR NORMAL DEPARTURE LAST
                VALUE   (LST)  VALUE       VALUE  FROM      YEAR
                                                  NORMAL
..................................................................
TEMPERATURE (F)
 YESTERDAY
  MAXIMUM         81    409 PM  90    2002  79      2       75
  MINIMUM         39    519 AM  35    1960  46     -7       47
  AVERAGE         60                        63     -3       61

PRECIPITATION (IN)
  YESTERDAY        0.00          0.75 1999   0.05  -0.05      T
  MONTH TO DATE    0.54                      0.74  -0.20     1.89
  SINCE JUN 1      4.25                      2.20   2.05     2.71
  SINCE JAN 1      8.50                      4.42   4.08     7.08

SNOWFALL (IN)
  YESTERDAY        0.0           0.0  2002   0.0    0.0      0.0
  MONTH TO DATE    0.0                       0.0    0.0      0.0
  SINCE JUN 1      T                         0.0    0.0      0.0
  SINCE JUL 1      T                         0.0    0.0      0.0
  SNOW DEPTH       0

DEGREE DAYS
 HEATING
  YESTERDAY        5                         3      2        4
  MONTH TO DATE   63                        35     28       29
  SINCE JUN 1    163                       248    -85       98
  SINCE JUL 1     72                        80     -8       42

 COOLING
  YESTERDAY        0                         0      0        0
  MONTH TO DATE    0                        12    -12        9
  SINCE JUN 1     76                        50     26      115
  SINCE JAN 1     76                        50     26      115
..................................................................


WIND (MPH)
  HIGHEST WIND SPEED    15   HIGHEST WIND DIRECTION    SW (210)
  HIGHEST GUST SPEED    19   HIGHEST GUST DIRECTION    SW (210)
  AVERAGE WIND SPEED     3.5


SKY COVER
  POSSIBLE SUNSHINE  MM
  AVERAGE SKY COVER 0.0


WEATHER CONDITIONS
 THE FOLLOWING WEATHER WAS RECORDED YESTERDAY.
  NO SIGNIFICANT WEATHER WAS OBSERVED.


RELATIVE HUMIDITY (PERCENT)
 HIGHEST    85           500 AM
 LOWEST     16           200 PM
 AVERAGE    51

..........................................................


THE ALAMOSA CO CLIMATE NORMALS FOR TODAY
                         NORMAL    RECORD    YEAR
 MAXIMUM TEMPERATURE (F)   79        88      1945
 MINIMUM TEMPERATURE (F)   46        33      1978
                                             1954


SUNRISE AND SUNSET
AUGUST 19 2017........SUNRISE   623 AM MDT   SUNSET   750 PM MDT
AUGUST 20 2017........SUNRISE   624 AM MDT   SUNSET   749 PM MDT


-  INDICATES NEGATIVE NUMBERS.
R  INDICATES RECORD WAS SET OR TIED.
MM INDICATES DATA IS MISSING.
T  INDICATES TRACE AMOUNT.




$$
