000
CDUS45 KPUB 221028
CLIALS


CLIMATE REPORT
NATIONAL WEATHER SERVICE PUEBLO
427 AM MDT WED OCT 22 2014


...................................

...THE ALAMOSA CO CLIMATE SUMMARY FOR OCTOBER 21 2014...

CLIMATE NORMAL PERIOD 1981 TO 2010
CLIMATE RECORD PERIOD 1932 TO 2014


WEATHER ITEM   OBSERVED TIME   RECORD YEAR NORMAL DEPARTURE LAST
                VALUE   (LST)  VALUE       VALUE  FROM      YEAR
                                                  NORMAL
..................................................................
TEMPERATURE (F)
 YESTERDAY
  MAXIMUM         62   1144 AM  76    2003  60      2       55
  MINIMUM         29    638 AM   3    1996  23      6       22
  AVERAGE         46                        41      5       39

PRECIPITATION (IN)
  YESTERDAY        0.01          0.63 2009   0.02  -0.01     0.00
  MONTH TO DATE    0.70                      0.47   0.23     0.46
  SINCE SEP 1      1.11                      1.38  -0.27     3.44
  SINCE JAN 1      4.99                      6.33  -1.34     8.31

SNOWFALL (IN)
  YESTERDAY        0.0           4.2  2009   0.1   -0.1      0.0
  MONTH TO DATE    T                         1.0   -1.0      3.5
  SINCE SEP 1      T                         1.0   -1.0      3.5
  SINCE JUL 1      T                         1.0   -1.0      3.5
  SNOW DEPTH       0

DEGREE DAYS
 HEATING
  YESTERDAY       19                        24     -5       26
  MONTH TO DATE  358                       418    -60      460
  SINCE SEP 1    537                       720   -183      682
  SINCE JUL 1    658                       849   -191      757

 COOLING
  YESTERDAY        0                         0      0        0
  MONTH TO DATE    0                         0      0        0
  SINCE SEP 1      0                         0      0       14
  SINCE JAN 1     60                        51      9      113
..................................................................


WIND (MPH)
  HIGHEST WIND SPEED    18   HIGHEST WIND DIRECTION     S (190)
  HIGHEST GUST SPEED    21   HIGHEST GUST DIRECTION     S (190)
  AVERAGE WIND SPEED     6.0


SKY COVER
  POSSIBLE SUNSHINE  MM
  AVERAGE SKY COVER 0.3


WEATHER CONDITIONS
 THE FOLLOWING WEATHER WAS RECORDED YESTERDAY.
  LIGHT RAIN


RELATIVE HUMIDITY (PERCENT)
 HIGHEST    92           600 AM
 LOWEST     40          1200 PM
 AVERAGE    66

..........................................................


THE ALAMOSA CO CLIMATE NORMALS FOR TODAY
                         NORMAL    RECORD    YEAR
 MAXIMUM TEMPERATURE (F)   59        76      2003
 MINIMUM TEMPERATURE (F)   22        -7      1996


SUNRISE AND SUNSET
OCTOBER 22 2014.......SUNRISE   718 AM MDT   SUNSET   617 PM MDT
OCTOBER 23 2014.......SUNRISE   719 AM MDT   SUNSET   616 PM MDT


-  INDICATES NEGATIVE NUMBERS.
R  INDICATES RECORD WAS SET OR TIED.
MM INDICATES DATA IS MISSING.
T  INDICATES TRACE AMOUNT.




$$
