000
CDUS45 KPUB 291037
CLIALS


CLIMATE REPORT
NATIONAL WEATHER SERVICE PUEBLO
437 AM MDT TUE JUL 29 2014


...................................

...THE ALAMOSA CO CLIMATE SUMMARY FOR JULY 28 2014...

CLIMATE NORMAL PERIOD 1981 TO 2010
CLIMATE RECORD PERIOD 1932 TO 2014


WEATHER ITEM   OBSERVED TIME   RECORD YEAR NORMAL DEPARTURE LAST
                VALUE   (LST)  VALUE       VALUE  FROM      YEAR
                                                  NORMAL
..................................................................
TEMPERATURE (F)
 YESTERDAY
  MAXIMUM         77    344 PM  89    2011  82     -5       74
                                      1995
                                      1951
  MINIMUM         55   1159 PM  35    1986  48      7       52
  AVERAGE         66                        65      1       63

PRECIPITATION (IN)
  YESTERDAY        0.29          1.55 1939   0.04   0.25     0.27
  MONTH TO DATE    1.07                      0.86   0.21     0.80
  SINCE JUN 1      1.09                      1.35  -0.26     1.34
  SINCE JAN 1      2.90                      3.57  -0.67     2.40

SNOWFALL (IN)
  YESTERDAY        0.0           0.0  2002   0.0    0.0      0.0
                                      2001
  MONTH TO DATE    0.0                       0.0    0.0      0.0
  SINCE JUN 1      0.0                       0.0    0.0      0.0
  SINCE JUL 1      0.0                       0.0    0.0      0.0
  SNOW DEPTH       0

DEGREE DAYS
 HEATING
  YESTERDAY        0                         1     -1        2
  MONTH TO DATE   14                        37    -23       22
  SINCE JUN 1    140                       205    -65      124
  SINCE JUL 1     14                        37    -23       22

 COOLING
  YESTERDAY        1                         1      0        0
  MONTH TO DATE   56                        28     28       49
  SINCE JUN 1     57                        34     23       65
  SINCE JAN 1     57                        34     23       65
..................................................................


WIND (MPH)
  HIGHEST WIND SPEED    18   HIGHEST WIND DIRECTION    SE (140)
  HIGHEST GUST SPEED    24   HIGHEST GUST DIRECTION    SE (140)
  AVERAGE WIND SPEED     6.6


SKY COVER
  POSSIBLE SUNSHINE  MM
  AVERAGE SKY COVER 0.7


WEATHER CONDITIONS
 THE FOLLOWING WEATHER WAS RECORDED YESTERDAY.
  THUNDERSTORM
  RAIN
  LIGHT RAIN
  FOG


RELATIVE HUMIDITY (PERCENT)
 HIGHEST   100          1100 PM
 LOWEST     38           400 PM
 AVERAGE    69

..........................................................


THE ALAMOSA CO CLIMATE NORMALS FOR TODAY
                         NORMAL    RECORD    YEAR
 MAXIMUM TEMPERATURE (F)   82        90      1951
 MINIMUM TEMPERATURE (F)   48        39      1986


SUNRISE AND SUNSET
JULY 29 2014..........SUNRISE   605 AM MDT   SUNSET   814 PM MDT
JULY 30 2014..........SUNRISE   606 AM MDT   SUNSET   813 PM MDT


-  INDICATES NEGATIVE NUMBERS.
R  INDICATES RECORD WAS SET OR TIED.
MM INDICATES DATA IS MISSING.
T  INDICATES TRACE AMOUNT.




$$
