000
CDUS45 KPUB 241154
CLIALS


CLIMATE REPORT
NATIONAL WEATHER SERVICE PUEBLO
454 AM MST MON NOV 24 2014


...................................

...THE ALAMOSA CO CLIMATE SUMMARY FOR NOVEMBER 23 2014...

CLIMATE NORMAL PERIOD 1981 TO 2010
CLIMATE RECORD PERIOD 1932 TO 2014


WEATHER ITEM   OBSERVED TIME   RECORD YEAR NORMAL DEPARTURE LAST
                VALUE   (LST)  VALUE       VALUE  FROM      YEAR
                                                  NORMAL
..................................................................
TEMPERATURE (F)
 YESTERDAY
  MAXIMUM         40   1127 AM  64    1954  43     -3       31
  MINIMUM          8   1159 PM -15    1979   9     -1       25
  AVERAGE         24                        26     -2       28

PRECIPITATION (IN)
  YESTERDAY        0.02          0.35 2007   0.01   0.01     0.04
  MONTH TO DATE    0.34                      0.34   0.00     0.78
  SINCE SEP 1      1.45                      1.93  -0.48     4.29
  SINCE JAN 1      5.33                      6.88  -1.55     9.16

SNOWFALL (IN)
  YESTERDAY        0.5           3.3  2007   0.1    0.4      0.4
  MONTH TO DATE    1.6                       2.8   -1.2      7.4
  SINCE SEP 1      1.6                       4.9   -3.3     10.9
  SINCE JUL 1      1.6                       4.9   -3.3     10.9
  SNOW DEPTH       0

DEGREE DAYS
 HEATING
  YESTERDAY       41                        39      2       37
  MONTH TO DATE  738                       776    -38      711
  SINCE SEP 1   1473                      1757   -284     1635
  SINCE JUL 1   1594                      1886   -292     1710

 COOLING
  YESTERDAY        0                         0      0        0
  MONTH TO DATE    0                         0      0        0
  SINCE SEP 1      0                         0      0       14
  SINCE JAN 1     60                        51      9      113
..................................................................


WIND (MPH)
  HIGHEST WIND SPEED    35   HIGHEST WIND DIRECTION    NW (330)
  HIGHEST GUST SPEED    43   HIGHEST GUST DIRECTION    NW (320)
  AVERAGE WIND SPEED    13.3


SKY COVER
  POSSIBLE SUNSHINE  MM
  AVERAGE SKY COVER 0.3


WEATHER CONDITIONS
 THE FOLLOWING WEATHER WAS RECORDED YESTERDAY.
  LIGHT SNOW
  FOG
  HAZE


RELATIVE HUMIDITY (PERCENT)
 HIGHEST    85           600 AM
 LOWEST     21           200 PM
 AVERAGE    53

..........................................................


THE ALAMOSA CO CLIMATE NORMALS FOR TODAY
                         NORMAL    RECORD    YEAR
 MAXIMUM TEMPERATURE (F)   42        65      1981
 MINIMUM TEMPERATURE (F)    8       -16      1979


SUNRISE AND SUNSET
NOVEMBER 24 2014......SUNRISE   652 AM MST   SUNSET   448 PM MST
NOVEMBER 25 2014......SUNRISE   653 AM MST   SUNSET   447 PM MST


-  INDICATES NEGATIVE NUMBERS.
R  INDICATES RECORD WAS SET OR TIED.
MM INDICATES DATA IS MISSING.
T  INDICATES TRACE AMOUNT.




$$
