000
CDUS44 KAMA 220640
CLIAMA


CLIMATE REPORT
NATIONAL WEATHER SERVICE AMARILLO TX
140 AM CDT TUE JUL 22 2014


...................................

...THE AMARILLO CLIMATE SUMMARY FOR JULY 21 2014...

CLIMATE NORMAL PERIOD 1981 TO 2010
CLIMATE RECORD PERIOD 1892 TO 2014


WEATHER ITEM   OBSERVED TIME   RECORD YEAR NORMAL DEPARTURE LAST
                VALUE   (LST)  VALUE       VALUE  FROM      YEAR
                                                  NORMAL
..................................................................
TEMPERATURE (F)
 YESTERDAY
  MAXIMUM         94    354 PM 104    1981  91      3       91
  MINIMUM         72    613 AM  55    1988  65      7       70
  AVERAGE         83                        78      5       81

PRECIPITATION (IN)
  YESTERDAY        0.00          2.39 1994   0.10  -0.10     0.00
  MONTH TO DATE    1.48                      1.86  -0.38     1.25
  SINCE JUN 1      6.88                      5.02   1.86     4.05
  SINCE JAN 1     11.59                     11.38   0.21    10.34

SNOWFALL (IN)
  YESTERDAY        0.0           0.0    MM   0.0    0.0      0.0
  MONTH TO DATE    0.0                       0.0    0.0      0.0
  SINCE JUN 1      0.0                       0.0    0.0      0.0
  SINCE JUL 1      0.0                       0.0    0.0      0.0
  SNOW DEPTH       0

DEGREE DAYS
 HEATING
  YESTERDAY        0                         0      0        0
  MONTH TO DATE    0                         0      0        0
  SINCE JUN 1      4                         7     -3        0
  SINCE JUL 1      0                         0      0        0

 COOLING
  YESTERDAY       18                        13      5       16
  MONTH TO DATE  229                       281    -52      267
  SINCE JUN 1    547                       569    -22      658
  SINCE JAN 1    744                       694     50      906
..................................................................


WIND (MPH)
  RESULTANT WIND SPEED  15   RESULTANT WIND DIRECTION   S (170)
  HIGHEST WIND SPEED    25   HIGHEST WIND DIRECTION     S (160)
  HIGHEST GUST SPEED    30   HIGHEST GUST DIRECTION     S (160)
  AVERAGE WIND SPEED    15.5


SKY COVER
  AVERAGE SKY COVER 0.0


WEATHER CONDITIONS
 THE FOLLOWING WEATHER WAS RECORDED YESTERDAY.
  NO SIGNIFICANT WEATHER WAS OBSERVED.


RELATIVE HUMIDITY (PERCENT)
 HIGHEST    84           600 AM
 LOWEST     36           300 PM
 AVERAGE    60

..........................................................


THE AMARILLO CLIMATE NORMALS FOR TODAY
                         NORMAL    RECORD    YEAR
 MAXIMUM TEMPERATURE (F)   91       105      1981
 MINIMUM TEMPERATURE (F)   65        55      1942


SUNRISE AND SUNSET
JULY 22 2014..........SUNRISE   648 AM CDT   SUNSET   858 PM CDT
JULY 23 2014..........SUNRISE   649 AM CDT   SUNSET   857 PM CDT


-  INDICATES NEGATIVE NUMBERS.
R  INDICATES RECORD WAS SET OR TIED.
MM INDICATES DATA IS MISSING.
T  INDICATES TRACE AMOUNT.




$$
