000
CDUS44 KAMA 270650
CLIAMA


CLIMATE REPORT
NATIONAL WEATHER SERVICE AMARILLO TX
147 AM CDT SAT AUG 27 2016


...................................

...THE AMARILLO CLIMATE SUMMARY FOR AUGUST 26 2016...

CLIMATE NORMAL PERIOD 1981 TO 2010
CLIMATE RECORD PERIOD 1892 TO 2016


WEATHER ITEM   OBSERVED TIME   RECORD YEAR NORMAL DEPARTURE LAST
                VALUE   (LST)  VALUE       VALUE  FROM      YEAR
                                                  NORMAL
..................................................................
TEMPERATURE (F)
 YESTERDAY
  MAXIMUM         84    427 PM 100    2011  88     -4       91
                                      2000
                                      1952
  MINIMUM         60    257 AM  48    2010  63     -3       67
  AVERAGE         72                        76     -4       79

PRECIPITATION (IN)
  YESTERDAY        0.08          3.58 1979   0.08   0.00     0.00
  MONTH TO DATE    3.13                      2.53   0.60     3.66
  SINCE JUN 1      8.02                      8.53  -0.51    14.14
  SINCE JAN 1     13.91                     14.89  -0.98    28.69

SNOWFALL (IN)
  YESTERDAY        0.0           T    2005   0.0    0.0      0.0
  MONTH TO DATE    0.0                       0.0    0.0      0.0
  SINCE JUN 1      T                         0.0    0.0      0.0
  SINCE JUL 1      T                         0.0    0.0      0.0
  SNOW DEPTH       0

DEGREE DAYS
 HEATING
  YESTERDAY        0                         0      0        0
  MONTH TO DATE    0                         0      0        0
  SINCE JUN 1      0                         7     -7        0
  SINCE JUL 1      0                         0      0        0

 COOLING
  YESTERDAY        7                        11     -4       14
  MONTH TO DATE  316                       316      0      316
  SINCE JUN 1   1253                      1016    237     1041
  SINCE JAN 1   1341                      1141    200     1090
..................................................................


WIND (MPH)
  RESULTANT WIND SPEED   8   RESULTANT WIND DIRECTION   S (190)
  HIGHEST WIND SPEED    21   HIGHEST WIND DIRECTION     S (180)
  HIGHEST GUST SPEED    25   HIGHEST GUST DIRECTION     S (180)
  AVERAGE WIND SPEED    10.4


SKY COVER
  AVERAGE SKY COVER 0.5


WEATHER CONDITIONS
 THE FOLLOWING WEATHER WAS RECORDED YESTERDAY.
  THUNDERSTORM
  LIGHT RAIN
  FOG


RELATIVE HUMIDITY (PERCENT)
 HIGHEST    97           200 AM
 LOWEST     40           400 PM
 AVERAGE    69

..........................................................


THE AMARILLO CLIMATE NORMALS FOR TODAY
                         NORMAL    RECORD    YEAR
 MAXIMUM TEMPERATURE (F)   88       102      2011
 MINIMUM TEMPERATURE (F)   63        53      1906


SUNRISE AND SUNSET
AUGUST 27 2016........SUNRISE   716 AM CDT   SUNSET   820 PM CDT
AUGUST 28 2016........SUNRISE   717 AM CDT   SUNSET   818 PM CDT


-  INDICATES NEGATIVE NUMBERS.
R  INDICATES RECORD WAS SET OR TIED.
MM INDICATES DATA IS MISSING.
T  INDICATES TRACE AMOUNT.




$$
