000
CDUS44 KAMA 181507
CLIAMA


CLIMATE REPORT
NATIONAL WEATHER SERVICE AMARILLO TX
906 AM CST SUN FEB 18 2018


...................................

...THE AMARILLO CLIMATE SUMMARY FOR FEBRUARY 18 2018...
VALID AS OF 0900 AM LOCAL TIME.

CLIMATE NORMAL PERIOD 1981 TO 2010
CLIMATE RECORD PERIOD 1892 TO 2018


WEATHER ITEM   OBSERVED TIME   RECORD YEAR NORMAL DEPARTURE LAST
                VALUE   (LST)  VALUE       VALUE  FROM      YEAR
                                                  NORMAL
..................................................................
TEMPERATURE (F)
 TODAY
  MINIMUM         32    152 AM   0    1942  27      5       35

PRECIPITATION (IN)
  TODAY            0.00          0.68 1957   0.02  -0.02     0.00
  MONTH TO DATE    0.01                      0.37  -0.36     0.51
  SINCE DEC 1      0.01                      1.80  -1.79     3.95
  SINCE JAN 1      0.01                      1.09  -1.08     3.68

SNOWFALL (IN)
  TODAY            0.0           7.0  1938   0.1   -0.1      0.0
  MONTH TO DATE    T                         2.3   -2.3      1.1
  SINCE DEC 1      T                        10.7  -10.7      8.0
  SINCE JUL 1      T                        13.4  -13.4      8.0
  SNOW DEPTH       0

..................................................................


WIND (MPH)
  RESULTANT WIND SPEED  14   RESULTANT WIND DIRECTION   S (190)
  HIGHEST WIND SPEED    23   HIGHEST WIND DIRECTION     S (190)
  HIGHEST GUST SPEED    28   HIGHEST GUST DIRECTION     S (190)
  AVERAGE WIND SPEED    14.3


SKY COVER
  AVERAGE SKY COVER 0.0


WEATHER CONDITIONS
 THE FOLLOWING WEATHER WAS RECORDED TODAY.
  NO SIGNIFICANT WEATHER WAS OBSERVED.


RELATIVE HUMIDITY (PERCENT)
 HIGHEST    75           800 AM
 LOWEST     54           100 AM
 AVERAGE    65

..........................................................


THE AMARILLO CLIMATE NORMALS FOR TOMORROW
                         NORMAL    RECORD    YEAR
 MAXIMUM TEMPERATURE (F)   55        78      2011
                                             2001
 MINIMUM TEMPERATURE (F)   27         3      1905


SUNRISE AND SUNSET
FEBRUARY 18 2018......SUNRISE   730 AM CST   SUNSET   632 PM CST
FEBRUARY 19 2018......SUNRISE   728 AM CST   SUNSET   633 PM CST


-  INDICATES NEGATIVE NUMBERS.
R  INDICATES RECORD WAS SET OR TIED.
MM INDICATES DATA IS MISSING.
T  INDICATES TRACE AMOUNT.




$$
