393
CDUS44 KAMA 040634
CLIAMA


CLIMATE REPORT
NATIONAL WEATHER SERVICE AMARILLO TX
132 AM CDT WED MAY 4 2016


...................................

...THE AMARILLO CLIMATE SUMMARY FOR MAY 3 2016...

CLIMATE NORMAL PERIOD 1981 TO 2010
CLIMATE RECORD PERIOD 1892 TO 2016


WEATHER ITEM   OBSERVED TIME   RECORD YEAR NORMAL DEPARTURE LAST
                VALUE   (LST)  VALUE       VALUE  FROM      YEAR
                                                  NORMAL
..................................................................
TEMPERATURE (F)
 YESTERDAY
  MAXIMUM         73    316 PM  96    1996  76     -3       85
                                      1940
  MINIMUM         39    553 AM  26    1907  48     -9       56
  AVERAGE         56                        62     -6       71

PRECIPITATION (IN)
  YESTERDAY        0.00          1.03 1941   0.05  -0.05      T
  MONTH TO DATE    0.01                      0.15  -0.14      T
  SINCE MAR 1      3.61                      2.94   0.67     3.18
  SINCE JAN 1      4.30                      4.22   0.08     5.26

SNOWFALL (IN)
  YESTERDAY        0.0           0.5  1978   0.1   -0.1      0.0
  MONTH TO DATE    0.0                       0.1   -0.1      0.0
  SINCE MAR 1      1.3                       3.7   -2.4      0.1
  SINCE JUL 1     13.4                      17.7   -4.3     23.9
  SNOW DEPTH       0

DEGREE DAYS
 HEATING
  YESTERDAY        9                         5      4        0
  MONTH TO DATE   47                        15     32        1
  SINCE MAR 1    641                       826   -185      629
  SINCE JUL 1   3382                      4103   -721     3754

 COOLING
  YESTERDAY        0                         2     -2        6
  MONTH TO DATE    0                         4     -4       11
  SINCE MAR 1     10                        25    -15       33
  SINCE JAN 1     11                        25    -14       33
..................................................................


WIND (MPH)
  RESULTANT WIND SPEED   4   RESULTANT WIND DIRECTION  NW (330)
  HIGHEST WIND SPEED    24   HIGHEST WIND DIRECTION     N (350)
  HIGHEST GUST SPEED    30   HIGHEST GUST DIRECTION     N (350)
  AVERAGE WIND SPEED    10.2


SKY COVER
  AVERAGE SKY COVER 0.2


WEATHER CONDITIONS
 THE FOLLOWING WEATHER WAS RECORDED YESTERDAY.
  NO SIGNIFICANT WEATHER WAS OBSERVED.


RELATIVE HUMIDITY (PERCENT)
 HIGHEST    79           200 AM
 LOWEST     28           600 PM
 AVERAGE    54

..........................................................


THE AMARILLO CLIMATE NORMALS FOR TODAY
                         NORMAL    RECORD    YEAR
 MAXIMUM TEMPERATURE (F)   76        97      2014
 MINIMUM TEMPERATURE (F)   48        26      1907


SUNRISE AND SUNSET
MAY  4 2016...........SUNRISE   652 AM CDT   SUNSET   836 PM CDT
MAY  5 2016...........SUNRISE   651 AM CDT   SUNSET   836 PM CDT


-  INDICATES NEGATIVE NUMBERS.
R  INDICATES RECORD WAS SET OR TIED.
MM INDICATES DATA IS MISSING.
T  INDICATES TRACE AMOUNT.




$$
