000
CDUS44 KAMA 200626
CLIAMA


CLIMATE REPORT
NATIONAL WEATHER SERVICE AMARILLO TX
125 AM CDT WED SEP 20 2017


...................................

...THE AMARILLO CLIMATE SUMMARY FOR SEPTEMBER 19 2017...

CLIMATE NORMAL PERIOD 1981 TO 2010
CLIMATE RECORD PERIOD 1892 TO 2017


WEATHER ITEM   OBSERVED TIME   RECORD YEAR NORMAL DEPARTURE LAST
                VALUE   (LST)  VALUE       VALUE  FROM      YEAR
                                                  NORMAL
..................................................................
TEMPERATURE (F)
 YESTERDAY
  MAXIMUM         92    326 PM  98    1983  82     10       93
                                      1930
  MINIMUM         63    716 AM  41    1991  55      8       56
                                      1971
                                      1896
  AVERAGE         78                        68     10       75

PRECIPITATION (IN)
  YESTERDAY        0.00          1.49 1978   0.06  -0.06     0.00
  MONTH TO DATE    0.14                      1.25  -1.11     0.82
  SINCE SEP 1      0.14                      1.25  -1.11     0.82
  SINCE JAN 1     21.02                     16.52   4.50    15.70

SNOWFALL (IN)
  YESTERDAY        0.0           T    2007   0.0    0.0      0.0
                                      1991
  MONTH TO DATE    0.0                       0.0    0.0      0.0
  SINCE SEP 1      0.0                       0.0    0.0      0.0
  SINCE JUL 1      T                         0.0    0.0       T
  SNOW DEPTH       0

DEGREE DAYS
 HEATING
  YESTERDAY        0                         2     -2        0
  MONTH TO DATE    2                        12    -10        1
  SINCE SEP 1      2                        12    -10        1
  SINCE JUL 1      2                        13    -11        1

 COOLING
  YESTERDAY       13                         5      8       10
  MONTH TO DATE  142                       139      3      156
  SINCE SEP 1    142                       139      3      156
  SINCE JAN 1   1389                      1331     58     1530
..................................................................


WIND (MPH)
  RESULTANT WIND SPEED  17   RESULTANT WIND DIRECTION  SW (210)
  HIGHEST WIND SPEED    33   HIGHEST WIND DIRECTION    SW (220)
  HIGHEST GUST SPEED    45   HIGHEST GUST DIRECTION    SW (240)
  AVERAGE WIND SPEED    17.6


SKY COVER
  AVERAGE SKY COVER 0.0


WEATHER CONDITIONS
 THE FOLLOWING WEATHER WAS RECORDED YESTERDAY.
  NO SIGNIFICANT WEATHER WAS OBSERVED.


RELATIVE HUMIDITY (PERCENT)
 HIGHEST    93          1200 AM
 LOWEST     14           400 PM
 AVERAGE    54

..........................................................


THE AMARILLO CLIMATE NORMALS FOR TODAY
                         NORMAL    RECORD    YEAR
 MAXIMUM TEMPERATURE (F)   81        97      1977
                                             1956
 MINIMUM TEMPERATURE (F)   55        37      1983
                                             1918


SUNRISE AND SUNSET
SEPTEMBER 20 2017.....SUNRISE   733 AM CDT   SUNSET   746 PM CDT
SEPTEMBER 21 2017.....SUNRISE   734 AM CDT   SUNSET   745 PM CDT


-  INDICATES NEGATIVE NUMBERS.
R  INDICATES RECORD WAS SET OR TIED.
MM INDICATES DATA IS MISSING.
T  INDICATES TRACE AMOUNT.




$$
