000
CDUS44 KAMA 302230
CLIAMA


CLIMATE REPORT
NATIONAL WEATHER SERVICE AMARILLO TX
428 PM CST FRI JAN 30 2015


...................................

...THE AMARILLO CLIMATE SUMMARY FOR JANUARY 30 2015...
VALID TODAY AS OF 0400 PM LOCAL TIME.

CLIMATE NORMAL PERIOD 1981 TO 2010
CLIMATE RECORD PERIOD 1892 TO 2015


WEATHER ITEM   OBSERVED TIME   RECORD YEAR NORMAL DEPARTURE LAST
                VALUE   (LST)  VALUE       VALUE  FROM      YEAR
                                                  NORMAL
..................................................................
TEMPERATURE (F)
 TODAY
  MAXIMUM         40    322 PM  75    1911  52    -12       61
  MINIMUM         36    941 AM  -4    1895  24     12       34
  AVERAGE         38                        38      0       48

PRECIPITATION (IN)
  TODAY            T             0.94 2002   0.03  -0.03     0.00
  MONTH TO DATE    1.21                      0.69   0.52     0.03
  SINCE DEC 1      1.34                      1.40  -0.06     0.35
  SINCE JAN 1      1.21                      0.69   0.52     0.03

SNOWFALL (IN)
  TODAY            0.0           4.3  1999   0.2   -0.2      0.0
  MONTH TO DATE   14.1                       4.5    9.6      0.9
  SINCE DEC 1     14.5                       8.2    6.3      3.1
  SINCE JUL 1     17.0                      10.9    6.1      7.4
  SNOW DEPTH       0

DEGREE DAYS
 HEATING
  TODAY           27                        27      0       17
  MONTH TO DATE  843                       841      2      826
  SINCE DEC 1   1618                      1714    -96     1729
  SINCE JUL 1   2412                      2558   -146     2567

 COOLING
  TODAY            0                         0      0        0
  MONTH TO DATE    0                         0      0        0
  SINCE DEC 1      0                         0      0        0
  SINCE JAN 1      0                         0      0        0
..................................................................


WIND (MPH)
  RESULTANT WIND SPEED   9   RESULTANT WIND DIRECTION  SE (150)
  HIGHEST WIND SPEED    16   HIGHEST WIND DIRECTION    SE (150)
  HIGHEST GUST SPEED    19   HIGHEST GUST DIRECTION     S (160)
  AVERAGE WIND SPEED     9.1


SKY COVER
  AVERAGE SKY COVER 0.6


WEATHER CONDITIONS
 THE FOLLOWING WEATHER WAS RECORDED TODAY.
  LIGHT RAIN


RELATIVE HUMIDITY (PERCENT)
 HIGHEST    75           700 AM
 LOWEST     59           200 PM
 AVERAGE    67

..........................................................


THE AMARILLO CLIMATE NORMALS FOR TOMORROW
                         NORMAL    RECORD    YEAR
 MAXIMUM TEMPERATURE (F)   52        82      1911
 MINIMUM TEMPERATURE (F)   24        -7      1951


SUNRISE AND SUNSET
JANUARY 30 2015.......SUNRISE   748 AM CST   SUNSET   613 PM CST
JANUARY 31 2015.......SUNRISE   747 AM CST   SUNSET   614 PM CST


-  INDICATES NEGATIVE NUMBERS.
R  INDICATES RECORD WAS SET OR TIED.
MM INDICATES DATA IS MISSING.
T  INDICATES TRACE AMOUNT.




$$
