000
CDUS44 KAMA 290642
CLIAMA


CLIMATE REPORT
NATIONAL WEATHER SERVICE AMARILLO TX
142 AM CDT THU SEP 29 2016


...................................

...THE AMARILLO CLIMATE SUMMARY FOR SEPTEMBER 28 2016...

CLIMATE NORMAL PERIOD 1981 TO 2010
CLIMATE RECORD PERIOD 1892 TO 2016


WEATHER ITEM   OBSERVED TIME   RECORD YEAR NORMAL DEPARTURE LAST
                VALUE   (LST)  VALUE       VALUE  FROM      YEAR
                                                  NORMAL
..................................................................
TEMPERATURE (F)
 YESTERDAY
  MAXIMUM         88    247 PM  96    1977  78     10       88
  MINIMUM         52    524 AM  33    1945  51      1       57
  AVERAGE         70                        65      5       73

PRECIPITATION (IN)
  YESTERDAY        0.00          3.36 1893   0.06  -0.06     0.00
  MONTH TO DATE    0.82                      1.80  -0.98     0.16
  SINCE SEP 1      0.82                      1.80  -0.98     0.16
  SINCE JAN 1     15.70                     17.07  -1.37    28.87

SNOWFALL (IN)
  YESTERDAY        0.0           T    1945   0.0    0.0      0.0
  MONTH TO DATE    0.0                       0.0    0.0      0.0
  SINCE SEP 1      0.0                       0.0    0.0      0.0
  SINCE JUL 1      T                         0.0    0.0      0.0
  SNOW DEPTH       0

DEGREE DAYS
 HEATING
  YESTERDAY        0                         3     -3        0
  MONTH TO DATE    7                        35    -28        0
  SINCE SEP 1      7                        35    -28        0
  SINCE JUL 1      7                        36    -29        0

 COOLING
  YESTERDAY        5                         3      2        8
  MONTH TO DATE  212                       173     39      297
  SINCE SEP 1    212                       173     39      297
  SINCE JAN 1   1586                      1365    221     1443
..................................................................


WIND (MPH)
  RESULTANT WIND SPEED   1   RESULTANT WIND DIRECTION  SE (120)
  HIGHEST WIND SPEED    16   HIGHEST WIND DIRECTION     E (80)
  HIGHEST GUST SPEED    19   HIGHEST GUST DIRECTION     E (80)
  AVERAGE WIND SPEED     8.3


SKY COVER
  AVERAGE SKY COVER 0.0


WEATHER CONDITIONS
 THE FOLLOWING WEATHER WAS RECORDED YESTERDAY.
  NO SIGNIFICANT WEATHER WAS OBSERVED.


RELATIVE HUMIDITY (PERCENT)
 HIGHEST    67          1100 PM
 LOWEST     16           100 PM
 AVERAGE    42

..........................................................


THE AMARILLO CLIMATE NORMALS FOR TODAY
                         NORMAL    RECORD    YEAR
 MAXIMUM TEMPERATURE (F)   78        95      1994
 MINIMUM TEMPERATURE (F)   51        32      1985
                                             1984


SUNRISE AND SUNSET
SEPTEMBER 29 2016.....SUNRISE   740 AM CDT   SUNSET   733 PM CDT
SEPTEMBER 30 2016.....SUNRISE   741 AM CDT   SUNSET   731 PM CDT


-  INDICATES NEGATIVE NUMBERS.
R  INDICATES RECORD WAS SET OR TIED.
MM INDICATES DATA IS MISSING.
T  INDICATES TRACE AMOUNT.




$$
