369
CDUS44 KAMA 202132
CLIAMA


CLIMATE REPORT
NATIONAL WEATHER SERVICE AMARILLO TX
432 PM CDT THU JUL 20 2017


...................................

...THE AMARILLO CLIMATE SUMMARY FOR JULY 20 2017...
VALID TODAY AS OF 0400 PM LOCAL TIME.

CLIMATE NORMAL PERIOD 1981 TO 2010
CLIMATE RECORD PERIOD 1892 TO 2017


WEATHER ITEM   OBSERVED TIME   RECORD YEAR NORMAL DEPARTURE LAST
                VALUE   (LST)  VALUE       VALUE  FROM      YEAR
                                                  NORMAL
..................................................................
TEMPERATURE (F)
 TODAY
  MAXIMUM         96    323 PM 103    2011  92      4       96
                                      1927
  MINIMUM         66    613 AM  55    1897  65      1       71
  AVERAGE         81                        78      3       84

PRECIPITATION (IN)
  TODAY            0.00          3.09 1986   0.09  -0.09     0.00
  MONTH TO DATE    1.07                      1.76  -0.69     1.54
  SINCE JUN 1      2.57                      4.92  -2.35     2.92
  SINCE JAN 1     10.72                     11.28  -0.56     8.81

SNOWFALL (IN)
  TODAY            0.0           0.0    MM   0.0    0.0      0.0
  MONTH TO DATE    0.0                       0.0    0.0       T
  SINCE JUN 1      0.0                       0.0    0.0       T
  SINCE JUL 1      0.0                       0.0    0.0       T
  SNOW DEPTH       0

DEGREE DAYS
 HEATING
  TODAY            0                         0      0        0
  MONTH TO DATE    0                         0      0        0
  SINCE JUN 1      1                         7     -6        0
  SINCE JUL 1      0                         0      0        0

 COOLING
  TODAY           16                        13      3       19
  MONTH TO DATE  300                       268     32      381
  SINCE JUN 1    667                       556    111      757
  SINCE JAN 1    797                       681    116      845
..................................................................


WIND (MPH)
  RESULTANT WIND SPEED  13   RESULTANT WIND DIRECTION   S (190)
  HIGHEST WIND SPEED    23   HIGHEST WIND DIRECTION     S (180)
  HIGHEST GUST SPEED    31   HIGHEST GUST DIRECTION    SW (210)
  AVERAGE WIND SPEED    13.2


SKY COVER
  AVERAGE SKY COVER 0.1


WEATHER CONDITIONS
 THE FOLLOWING WEATHER WAS RECORDED TODAY.
  NO SIGNIFICANT WEATHER WAS OBSERVED.


RELATIVE HUMIDITY (PERCENT)
 HIGHEST    81           600 AM
 LOWEST     26           300 PM
 AVERAGE    54

..........................................................


THE AMARILLO CLIMATE NORMALS FOR TOMORROW
                         NORMAL    RECORD    YEAR
 MAXIMUM TEMPERATURE (F)   91       104      1981
 MINIMUM TEMPERATURE (F)   65        55      1988


SUNRISE AND SUNSET
JULY 20 2017..........SUNRISE   647 AM CDT   SUNSET   859 PM CDT
JULY 21 2017..........SUNRISE   648 AM CDT   SUNSET   858 PM CDT


-  INDICATES NEGATIVE NUMBERS.
R  INDICATES RECORD WAS SET OR TIED.
MM INDICATES DATA IS MISSING.
T  INDICATES TRACE AMOUNT.




$$
