000
CDUS44 KAMA 310645
CLIAMA


CLIMATE REPORT
NATIONAL WEATHER SERVICE AMARILLO TX
144 AM CDT FRI OCT 31 2014


...................................

...THE AMARILLO CLIMATE SUMMARY FOR OCTOBER 30 2014...

CLIMATE NORMAL PERIOD 1981 TO 2010
CLIMATE RECORD PERIOD 1892 TO 2014


WEATHER ITEM   OBSERVED TIME   RECORD YEAR NORMAL DEPARTURE LAST
                VALUE   (LST)  VALUE       VALUE  FROM      YEAR
                                                  NORMAL
..................................................................
TEMPERATURE (F)
 YESTERDAY
  MAXIMUM         72    307 PM  86    1968  67      5       77
                                      1950
  MINIMUM         44    538 AM  12    1993  40      4       58
  AVERAGE         58                        54      4       68

PRECIPITATION (IN)
  YESTERDAY        0.00          2.38 1998   0.04  -0.04      T
  MONTH TO DATE    1.08                      1.62  -0.54     0.17
  SINCE SEP 1      5.24                      3.54   1.70     2.00
  SINCE JAN 1     18.93                     18.81   0.12    14.37

SNOWFALL (IN)
  YESTERDAY        0.0           2.1  1926   0.0    0.0      0.0
  MONTH TO DATE    0.0                       0.2   -0.2      0.0
  SINCE SEP 1      T                         0.2   -0.2      0.0
  SINCE JUL 1      T                         0.2   -0.2      0.0
  SNOW DEPTH       0

DEGREE DAYS
 HEATING
  YESTERDAY        7                        12     -5        0
  MONTH TO DATE  123                       222    -99      222
  SINCE SEP 1    147                       265   -118      231
  SINCE JUL 1    147                       266   -119      231

 COOLING
  YESTERDAY        0                         0      0        3
  MONTH TO DATE   42                        25     17       34
  SINCE SEP 1    204                       203      1      310
  SINCE JAN 1   1534                      1395    139     1806
..................................................................


WIND (MPH)
  RESULTANT WIND SPEED   5   RESULTANT WIND DIRECTION  NE (40)
  HIGHEST WIND SPEED    25   HIGHEST WIND DIRECTION    NE (30)
  HIGHEST GUST SPEED    30   HIGHEST GUST DIRECTION    NE (30)
  AVERAGE WIND SPEED    11.6


SKY COVER
  AVERAGE SKY COVER 0.0


WEATHER CONDITIONS
 THE FOLLOWING WEATHER WAS RECORDED YESTERDAY.
  NO SIGNIFICANT WEATHER WAS OBSERVED.


RELATIVE HUMIDITY (PERCENT)
 HIGHEST    93           800 AM
 LOWEST     20           200 PM
 AVERAGE    57

..........................................................


THE AMARILLO CLIMATE NORMALS FOR TODAY
                         NORMAL    RECORD    YEAR
 MAXIMUM TEMPERATURE (F)   67        86      2001
 MINIMUM TEMPERATURE (F)   39        15      1991


SUNRISE AND SUNSET
OCTOBER 31 2014.......SUNRISE   807 AM CDT   SUNSET   653 PM CDT
NOVEMBER  1 2014......SUNRISE   808 AM CDT   SUNSET   652 PM CDT


-  INDICATES NEGATIVE NUMBERS.
R  INDICATES RECORD WAS SET OR TIED.
MM INDICATES DATA IS MISSING.
T  INDICATES TRACE AMOUNT.




$$
