000
CDUS42 KJAX 300527
CLIAMG


CLIMATE REPORT
NATIONAL WEATHER SERVICE JACKSONVILLE FL
126 AM EDT THU MAR 30 2017


...................................

...THE ALMA CLIMATE SUMMARY FOR MARCH 29 2017...

CLIMATE NORMAL PERIOD 1981 TO 2010
CLIMATE RECORD PERIOD 1948 TO 2017


WEATHER ITEM   OBSERVED TIME   RECORD YEAR NORMAL DEPARTURE LAST
                VALUE   (LST)  VALUE       VALUE  FROM      YEAR
                                                  NORMAL
..................................................................
TEMPERATURE (F)
 YESTERDAY
  MAXIMUM         87R   421 PM  86    1998  75     12       73
  MINIMUM         60    647 AM  29    1955  50     10       50
  AVERAGE         74                        63     11       62

PRECIPITATION (IN)
  YESTERDAY        0.00          2.44 1951   0.14  -0.14     0.00
  MONTH TO DATE    0.54                      4.46  -3.92     2.87
  SINCE MAR 1      0.54                      4.46  -3.92     2.87
  SINCE JAN 1      8.67                     12.52  -3.85    12.12

SNOWFALL (IN)
  YESTERDAY        0.0           0.0    MM   0.0    0.0      0.0
  MONTH TO DATE    0.0                       0.0    0.0      0.0
  SINCE MAR 1      0.0                       0.0    0.0      0.0
  SINCE JUL 1      0.0                       0.1   -0.1      0.0
  SNOW DEPTH       0

DEGREE DAYS
 HEATING
  YESTERDAY        0                         4     -4        3
  MONTH TO DATE  197                       180     17      111
  SINCE MAR 1    197                       180     17      111
  SINCE JUL 1   1053                      1581   -528     1209

 COOLING
  YESTERDAY        9                         2      7        0
  MONTH TO DATE   46                        33     13       71
  SINCE MAR 1     46                        33     13       71
  SINCE JAN 1    101                        49     52       84
..................................................................


WIND (MPH)
  HIGHEST WIND SPEED     9   HIGHEST WIND DIRECTION     S (160)
  HIGHEST GUST SPEED    12   HIGHEST GUST DIRECTION    NW (300)
  AVERAGE WIND SPEED     3.4


SKY COVER
  POSSIBLE SUNSHINE  MM
  AVERAGE SKY COVER 0.3


WEATHER CONDITIONS
 THE FOLLOWING WEATHER WAS RECORDED YESTERDAY.
  FOG


RELATIVE HUMIDITY (PERCENT)
 HIGHEST    93           400 AM
 LOWEST     42           400 PM
 AVERAGE    68

..........................................................


THE ALMA CLIMATE NORMALS FOR TODAY
                         NORMAL    RECORD    YEAR
 MAXIMUM TEMPERATURE (F)   75        86      1998
 MINIMUM TEMPERATURE (F)   51        30      1955


SUNRISE AND SUNSET
MARCH 30 2017.........SUNRISE   721 AM EDT   SUNSET   748 PM EDT
MARCH 31 2017.........SUNRISE   720 AM EDT   SUNSET   749 PM EDT


-  INDICATES NEGATIVE NUMBERS.
R  INDICATES RECORD WAS SET OR TIED.
MM INDICATES DATA IS MISSING.
T  INDICATES TRACE AMOUNT.




$$
