000
CDUS42 KJAX 240550
CLIAMG


CLIMATE REPORT
NATIONAL WEATHER SERVICE JACKSONVILLE FL
1250 AM EST FRI FEB 24 2017


...................................

...THE ALMA CLIMATE SUMMARY FOR FEBRUARY 23 2017...

CLIMATE NORMAL PERIOD 1981 TO 2010
CLIMATE RECORD PERIOD 1948 TO 2017


WEATHER ITEM   OBSERVED TIME   RECORD YEAR NORMAL DEPARTURE LAST
                VALUE   (LST)  VALUE       VALUE  FROM      YEAR
                                                  NORMAL
..................................................................
TEMPERATURE (F)
 YESTERDAY
  MAXIMUM         79    322 PM  82    2012  67     12       80
                                      1996
  MINIMUM         57   1159 PM  21    1963  44     13       55
  AVERAGE         68                        56     12       68

PRECIPITATION (IN)
  YESTERDAY        T             2.30 2013   0.15  -0.15     0.00
  MONTH TO DATE    1.01                      3.11  -2.10     4.09
  SINCE DEC 1     12.82                     10.66   2.16    10.65
  SINCE JAN 1      8.10                      7.37   0.73     8.68

SNOWFALL (IN)
  YESTERDAY        0.0           0.0    MM   0.0    0.0      0.0
  MONTH TO DATE    0.0                       0.0    0.0      0.0
  SINCE DEC 1      0.0                       0.1   -0.1      0.0
  SINCE JUL 1      0.0                       0.1   -0.1      0.0
  SNOW DEPTH       0

DEGREE DAYS
 HEATING
  YESTERDAY        0                        10    -10        0
  MONTH TO DATE  129                       266   -137      263
  SINCE DEC 1    650                      1111   -461      904
  SINCE JUL 1    838                      1355   -517     1022

 COOLING
  YESTERDAY        3                         0      3        3
  MONTH TO DATE   14                         0     14       13
  SINCE DEC 1     53                        16     37      110
  SINCE JAN 1     40                         5     35       13
..................................................................


WIND (MPH)
  HIGHEST WIND SPEED    14   HIGHEST WIND DIRECTION     E (90)
  HIGHEST GUST SPEED    21   HIGHEST GUST DIRECTION     E (110)
  AVERAGE WIND SPEED     5.2


SKY COVER
  POSSIBLE SUNSHINE  MM
  AVERAGE SKY COVER 0.5


WEATHER CONDITIONS
 THE FOLLOWING WEATHER WAS RECORDED YESTERDAY.
  FOG


RELATIVE HUMIDITY (PERCENT)
 HIGHEST   100           100 AM
 LOWEST     56           200 PM
 AVERAGE    78

..........................................................


THE ALMA CLIMATE NORMALS FOR TODAY
                         NORMAL    RECORD    YEAR
 MAXIMUM TEMPERATURE (F)   68        85      2012
 MINIMUM TEMPERATURE (F)   45        24      1964


SUNRISE AND SUNSET
FEBRUARY 24 2017......SUNRISE   702 AM EST   SUNSET   624 PM EST
FEBRUARY 25 2017......SUNRISE   701 AM EST   SUNSET   625 PM EST


-  INDICATES NEGATIVE NUMBERS.
R  INDICATES RECORD WAS SET OR TIED.
MM INDICATES DATA IS MISSING.
T  INDICATES TRACE AMOUNT.




$$
