000
CDUS42 KJAX 242140
CLIAMG


CLIMATE REPORT
NATIONAL WEATHER SERVICE JACKSONVILLE
540 PM EDT THU APR 24 2014


...................................

...THE ALMA CLIMATE SUMMARY FOR APRIL 24 2014...
VALID TODAY AS OF 0500 PM LOCAL TIME.

CLIMATE NORMAL PERIOD 1981 TO 2010
CLIMATE RECORD PERIOD 1948 TO 2014


WEATHER ITEM   OBSERVED TIME   RECORD YEAR NORMAL DEPARTURE LAST
                VALUE   (LST)  VALUE       VALUE  FROM      YEAR
                                                  NORMAL
..................................................................
TEMPERATURE (F)
 TODAY
  MAXIMUM         85    302 PM  93    1999  81      4       83
  MINIMUM         55    541 AM  37    1986  56     -1       49
  AVERAGE         70                        68      2       66

PRECIPITATION (IN)
  TODAY            0.00          1.63 2000   0.07  -0.07     0.00
  MONTH TO DATE    7.66                      2.36   5.30     2.90
  SINCE MAR 1     10.88                      7.11   3.77     5.19
  SINCE JAN 1     14.40                     15.17  -0.77    15.30

SNOWFALL (IN)
  TODAY            0.0           0.0    MM   0.0    0.0      0.0
  MONTH TO DATE    0.0                       0.0    0.0      0.0
  SINCE MAR 1      0.0                       0.0    0.0       T
  SINCE JUL 1      T                         0.1   -0.1       T
  SNOW DEPTH       0

DEGREE DAYS
 HEATING
  TODAY            0                         1     -1        0
  MONTH TO DATE   58                        57      1       63
  SINCE MAR 1    337                       245     92      431
  SINCE JUL 1   1804                      1646    158     1590

 COOLING
  TODAY            5                         4      1        1
  MONTH TO DATE   46                        71    -25       53
  SINCE MAR 1     50                       109    -59       59
  SINCE JAN 1     58                       125    -67       86
..................................................................


WIND (MPH)
  HIGHEST WIND SPEED     9   HIGHEST WIND DIRECTION    SE (140)
  HIGHEST GUST SPEED    12   HIGHEST GUST DIRECTION    SE (140)
  AVERAGE WIND SPEED     1.4


SKY COVER
  POSSIBLE SUNSHINE  MM
  AVERAGE SKY COVER 0.3


WEATHER CONDITIONS
 THE FOLLOWING WEATHER WAS RECORDED TODAY.
  FOG
  HAZE


RELATIVE HUMIDITY (PERCENT)
 HIGHEST    93           200 AM
 LOWEST     34           200 PM
 AVERAGE    64

..........................................................


THE ALMA CLIMATE NORMALS FOR TOMORROW
                         NORMAL    RECORD    YEAR
 MAXIMUM TEMPERATURE (F)   81        91      1958
 MINIMUM TEMPERATURE (F)   56        37      2005


SUNRISE AND SUNSET
APRIL 24 2014.........SUNRISE   652 AM EDT   SUNSET   805 PM EDT
APRIL 25 2014.........SUNRISE   651 AM EDT   SUNSET   806 PM EDT


-  INDICATES NEGATIVE NUMBERS.
R  INDICATES RECORD WAS SET OR TIED.
MM INDICATES DATA IS MISSING.
T  INDICATES TRACE AMOUNT.




$$
