000
CDUS42 KJAX 250532
CLIAMG


CLIMATE REPORT
NATIONAL WEATHER SERVICE JACKSONVILLE FL
132 AM EDT SUN SEP 25 2016


...................................

...THE ALMA CLIMATE SUMMARY FOR SEPTEMBER 24 2016...

CLIMATE NORMAL PERIOD 1981 TO 2010
CLIMATE RECORD PERIOD 1948 TO 2016


WEATHER ITEM   OBSERVED TIME   RECORD YEAR NORMAL DEPARTURE LAST
                VALUE   (LST)  VALUE       VALUE  FROM      YEAR
                                                  NORMAL
..................................................................
TEMPERATURE (F)
 YESTERDAY
  MAXIMUM         92    331 PM  94    2010  85      7       75
                                      1961
  MINIMUM         67    645 AM  48    1967  65      2       62
  AVERAGE         80                        75      5       69

PRECIPITATION (IN)
  YESTERDAY        0.00          1.82 1992   0.11  -0.11     0.00
  MONTH TO DATE    4.26                      2.99   1.27     3.87
  SINCE SEP 1      4.26                      2.99   1.27     3.87
  SINCE JAN 1     36.26                     37.20  -0.94    32.68

SNOWFALL (IN)
  YESTERDAY        0.0           0.0    MM   0.0    0.0      0.0
  MONTH TO DATE    0.0                       0.0    0.0      0.0
  SINCE SEP 1      0.0                       0.0    0.0      0.0
  SINCE JUL 1      0.0                       0.0    0.0      0.0
  SNOW DEPTH       0

DEGREE DAYS
 HEATING
  YESTERDAY        0                         0      0        0
  MONTH TO DATE    0                         0      0        0
  SINCE SEP 1      0                         0      0        0
  SINCE JUL 1      0                         0      0        0

 COOLING
  YESTERDAY       15                        10      5        4
  MONTH TO DATE  336                       306     30      299
  SINCE SEP 1    336                       306     30      299
  SINCE JAN 1   2417                      2213    204     2406
..................................................................


WIND (MPH)
  HIGHEST WIND SPEED     8   HIGHEST WIND DIRECTION     E (70)
  HIGHEST GUST SPEED    15   HIGHEST GUST DIRECTION     E (70)
  AVERAGE WIND SPEED     2.1


SKY COVER
  POSSIBLE SUNSHINE  MM
  AVERAGE SKY COVER 0.1


WEATHER CONDITIONS
 THE FOLLOWING WEATHER WAS RECORDED YESTERDAY.
  FOG


RELATIVE HUMIDITY (PERCENT)
 HIGHEST   100           100 AM
 LOWEST     47           200 PM
 AVERAGE    74

..........................................................


THE ALMA CLIMATE NORMALS FOR TODAY
                         NORMAL    RECORD    YEAR
 MAXIMUM TEMPERATURE (F)   85        98      1961
 MINIMUM TEMPERATURE (F)   65        51      1990


SUNRISE AND SUNSET
SEPTEMBER 25 2016.....SUNRISE   720 AM EDT   SUNSET   722 PM EDT
SEPTEMBER 26 2016.....SUNRISE   721 AM EDT   SUNSET   721 PM EDT


-  INDICATES NEGATIVE NUMBERS.
R  INDICATES RECORD WAS SET OR TIED.
MM INDICATES DATA IS MISSING.
T  INDICATES TRACE AMOUNT.




$$
