000
CDUS42 KJAX 250531
CLIAMG


CLIMATE REPORT
NATIONAL WEATHER SERVICE JACKSONVILLE FL
131 AM EDT SAT OCT 25 2014


...................................

...THE ALMA CLIMATE SUMMARY FOR OCTOBER 24 2014...

CLIMATE NORMAL PERIOD 1981 TO 2010
CLIMATE RECORD PERIOD 1948 TO 2014


WEATHER ITEM   OBSERVED TIME   RECORD YEAR NORMAL DEPARTURE LAST
                VALUE   (LST)  VALUE       VALUE  FROM      YEAR
                                                  NORMAL
..................................................................
TEMPERATURE (F)
 YESTERDAY
  MAXIMUM         76    406 PM  87    2010  77     -1       71
                                      1949
  MINIMUM         46   1159 PM  34    2006  55     -9       41
  AVERAGE         61                        66     -5       56

PRECIPITATION (IN)
  YESTERDAY        0.00          4.25 2002   0.10  -0.10     0.00
  MONTH TO DATE    1.72                      2.45  -0.73     0.72
  SINCE SEP 1      5.04                      6.09  -1.05     2.84
  SINCE JAN 1     32.90                     40.30  -7.40    45.71

SNOWFALL (IN)
  YESTERDAY        0.0           0.0    MM   0.0    0.0      0.0
  MONTH TO DATE    0.0                       0.0    0.0      0.0
  SINCE SEP 1      0.0                       0.0    0.0      0.0
  SINCE JUL 1      0.0                       0.0    0.0      0.0
  SNOW DEPTH       0

DEGREE DAYS
 HEATING
  YESTERDAY        4                         2      2        9
  MONTH TO DATE   36                        26     10       12
  SINCE SEP 1     38                        28     10       12
  SINCE JUL 1     38                        28     10       12

 COOLING
  YESTERDAY        0                         3     -3        0
  MONTH TO DATE  124                       136    -12      136
  SINCE SEP 1    507                       499      8      514
  SINCE JAN 1   2414                      2406      8     2291
..................................................................


WIND (MPH)
  HIGHEST WIND SPEED     8   HIGHEST WIND DIRECTION    NW (330)
  HIGHEST GUST SPEED    10   HIGHEST GUST DIRECTION    SE (130)
  AVERAGE WIND SPEED     1.0


SKY COVER
  POSSIBLE SUNSHINE  MM
  AVERAGE SKY COVER 0.0


WEATHER CONDITIONS
 THE FOLLOWING WEATHER WAS RECORDED YESTERDAY.
  FOG


RELATIVE HUMIDITY (PERCENT)
 HIGHEST   100           100 AM
 LOWEST     31           300 PM
 AVERAGE    66

..........................................................


THE ALMA CLIMATE NORMALS FOR TODAY
                         NORMAL    RECORD    YEAR
 MAXIMUM TEMPERATURE (F)   77        87      1951
 MINIMUM TEMPERATURE (F)   54        31      1962


SUNRISE AND SUNSET
OCTOBER 25 2014.......SUNRISE   740 AM EDT   SUNSET   647 PM EDT
OCTOBER 26 2014.......SUNRISE   741 AM EDT   SUNSET   646 PM EDT


-  INDICATES NEGATIVE NUMBERS.
R  INDICATES RECORD WAS SET OR TIED.
MM INDICATES DATA IS MISSING.
T  INDICATES TRACE AMOUNT.




$$
