000
CDUS44 KBMX 220932
CLIANB


CLIMATE REPORT
NATIONAL WEATHER SERVICE BIRMINGHAM, AL
432 AM CDT TUE JUL 22 2014


...................................

...THE ANNISTON CLIMATE SUMMARY FOR JULY 21 2014...

CLIMATE NORMAL PERIOD 1981 TO 2010
CLIMATE RECORD PERIOD 1903 TO 2014


WEATHER ITEM   OBSERVED TIME   RECORD YEAR NORMAL DEPARTURE LAST
                VALUE   (LST)  VALUE       VALUE  FROM      YEAR
                                                  NORMAL
..................................................................
TEMPERATURE (F)
 YESTERDAY
  MAXIMUM         87   1235 PM 101    1952  90     -3       88
  MINIMUM         70    548 AM  57    2009  70      0       70
  AVERAGE         79                        80     -1       79

PRECIPITATION (IN)
  YESTERDAY        0.00          1.03 1995   0.15  -0.15     0.19
  MONTH TO DATE    0.30                      3.17  -2.87     8.32
  SINCE JUN 1      5.41                      7.25  -1.84    15.01
  SINCE JAN 1     28.93                     30.18  -1.25    47.94

..................................................................


WIND (MPH)
  HIGHEST WIND SPEED    12   HIGHEST WIND DIRECTION    NE (40)
  HIGHEST GUST SPEED    14   HIGHEST GUST DIRECTION    NE (40)
  AVERAGE WIND SPEED     3.6


SKY COVER
  AVERAGE SKY COVER 0.6


WEATHER CONDITIONS
 THE FOLLOWING WEATHER WAS RECORDED YESTERDAY.
  THUNDERSTORM
  FOG
  FOG W/VISIBILITY <= 1/4 MILE


RELATIVE HUMIDITY (PERCENT)
 HIGHEST   100
 LOWEST     57
 AVERAGE    79

..........................................................


THE ANNISTON CLIMATE NORMALS FOR TODAY
                         NORMAL    RECORD    YEAR
 MAXIMUM TEMPERATURE (F)   90        99      1993
 MINIMUM TEMPERATURE (F)   70        58      1947


SUNRISE AND SUNSET
JULY 22 2014..........SUNRISE   549 AM CDT   SUNSET   751 PM CDT
JULY 23 2014..........SUNRISE   549 AM CDT   SUNSET   750 PM CDT


-  INDICATES NEGATIVE NUMBERS.
R  INDICATES RECORD WAS SET OR TIED.
MM INDICATES DATA IS MISSING.
T  INDICATES TRACE AMOUNT.




$$
