000
CDUS44 KBMX 220850
CLIANB


CLIMATE REPORT
NATIONAL WEATHER SERVICE BIRMINGHAM, AL
250 AM CST WED NOV 22 2017


...................................

...THE ANNISTON CLIMATE SUMMARY FOR NOVEMBER 21 2017...

CLIMATE NORMAL PERIOD 1981 TO 2010
CLIMATE RECORD PERIOD 1903 TO 2017


WEATHER ITEM   OBSERVED TIME   RECORD YEAR NORMAL DEPARTURE LAST
                VALUE   (LST)  VALUE       VALUE  FROM      YEAR
                                                  NORMAL
..................................................................
TEMPERATURE (F)
 YESTERDAY
  MAXIMUM         65    355 PM  77    2011  63      2       61
                                      1960
  MINIMUM         40   1218 AM  22    2000  40      0       23
  AVERAGE         53                        52      1       42

PRECIPITATION (IN)
  YESTERDAY        0.00          1.93 2004   0.16  -0.16     0.00
  MONTH TO DATE    1.22                      3.11  -1.89      T
  SINCE SEP 1     12.05                      9.16   2.89     0.61
  SINCE JAN 1     56.35                     44.08  12.27    26.47

SNOWFALL (IN)
  YESTERDAY        0.0                       0.0             0.0
  MONTH TO DATE    0.0                       0.0             0.0
  SINCE SEP 1      0.0                       0.0             0.0
  SINCE JUL 1      0.0                       0.0             0.0

DEGREE DAYS
 HEATING
  YESTERDAY       12
  MONTH TO DATE  193
  SINCE SEP 1    328
  SINCE JUL 1    328
..................................................................


WIND (MPH)
  HIGHEST WIND SPEED    10   HIGHEST WIND DIRECTION    NE (50)
  HIGHEST GUST SPEED    14   HIGHEST GUST DIRECTION    NE (60)
  AVERAGE WIND SPEED     3.2


SKY COVER
  AVERAGE SKY COVER 0.5


WEATHER CONDITIONS
 THE FOLLOWING WEATHER WAS RECORDED YESTERDAY.
  FOG
  FOG W/VISIBILITY <= 1/4 MILE


RELATIVE HUMIDITY (PERCENT)
 HIGHEST    93
 LOWEST     63
 AVERAGE    78

..........................................................


THE ANNISTON CLIMATE NORMALS FOR TODAY
                         NORMAL    RECORD    YEAR
 MAXIMUM TEMPERATURE (F)   63        79      1963
 MINIMUM TEMPERATURE (F)   40        20      2008


SUNRISE AND SUNSET
NOVEMBER 22 2017......SUNRISE   622 AM CST   SUNSET   437 PM CST
NOVEMBER 23 2017......SUNRISE   623 AM CST   SUNSET   437 PM CST


-  INDICATES NEGATIVE NUMBERS.
R  INDICATES RECORD WAS SET OR TIED.
MM INDICATES DATA IS MISSING.
T  INDICATES TRACE AMOUNT.




$$
