433
CDUS44 KBMX 260735
CLIANB


CLIMATE REPORT
NATIONAL WEATHER SERVICE BIRMINGHAM, AL
234 AM CDT FRI MAY 26 2017


...................................

...THE ANNISTON CLIMATE SUMMARY FOR MAY 25 2017...

CLIMATE NORMAL PERIOD 1981 TO 2010
CLIMATE RECORD PERIOD 1903 TO 2017


WEATHER ITEM   OBSERVED TIME   RECORD YEAR NORMAL DEPARTURE LAST
                VALUE   (LST)  VALUE       VALUE  FROM      YEAR
                                                  NORMAL
..................................................................
TEMPERATURE (F)
 YESTERDAY
  MAXIMUM         73    318 PM  96    1904  83    -10       88
  MINIMUM         55   1153 PM  47    1979  62     -7       59
  AVERAGE         64                        72     -8       74

PRECIPITATION (IN)
  YESTERDAY        T             1.46 1991   0.13  -0.13     0.00
  MONTH TO DATE    4.88                      3.49   1.39     4.49
  SINCE MAR 1     15.12                     12.56   2.56    10.88
  SINCE JAN 1     25.64                     22.16   3.48    19.72

..................................................................


WIND (MPH)
  HIGHEST WIND SPEED    20   HIGHEST WIND DIRECTION     W (250)
  HIGHEST GUST SPEED    27   HIGHEST GUST DIRECTION     W (250)
  AVERAGE WIND SPEED     8.6


SKY COVER
  AVERAGE SKY COVER 0.5


WEATHER CONDITIONS
 THE FOLLOWING WEATHER WAS RECORDED YESTERDAY.
  LIGHT RAIN


RELATIVE HUMIDITY (PERCENT)
 HIGHEST    93
 LOWEST     49
 AVERAGE    71

..........................................................


THE ANNISTON CLIMATE NORMALS FOR TODAY
                         NORMAL    RECORD    YEAR
 MAXIMUM TEMPERATURE (F)   83        95      2012
 MINIMUM TEMPERATURE (F)   62        44      1979


SUNRISE AND SUNSET
MAY 26 2017...........SUNRISE   536 AM CDT   SUNSET   745 PM CDT
MAY 27 2017...........SUNRISE   536 AM CDT   SUNSET   746 PM CDT


-  INDICATES NEGATIVE NUMBERS.
R  INDICATES RECORD WAS SET OR TIED.
MM INDICATES DATA IS MISSING.
T  INDICATES TRACE AMOUNT.




$$
