000
CDUS44 KBMX 232245
CLIANB


CLIMATE REPORT
NATIONAL WEATHER SERVICE BIRMINGHAM, AL
445 PM CST FRI FEB 23 2018


...................................

...THE ANNISTON CLIMATE SUMMARY FOR FEBRUARY 23 2018...
VALID TODAY AS OF 0400 PM LOCAL TIME.

CLIMATE NORMAL PERIOD 1981 TO 2010
CLIMATE RECORD PERIOD 1903 TO 2018


WEATHER ITEM   OBSERVED RECORD YEAR NORMAL DEPARTURE LAST
                VALUE   VALUE       VALUE  FROM      YEAR
                                           NORMAL
...........................................................
TEMPERATURE (F)
 TODAY
  MAXIMUM         81     84    1996  60     21       76
  MINIMUM         59     17    1964  38     21       54
  AVERAGE         70

PRECIPITATION (IN)
  TODAY            0.00   1.84 1975   0.19  -0.19     0.00
  MONTH TO DATE    6.34               4.14   2.20     2.69
  SINCE DEC 1     11.68              12.78  -1.10    12.88
  SINCE JAN 1      8.23               8.66  -0.43    10.24

SNOWFALL (IN)
  TODAY            0.0                0.0             0.0
  MONTH TO DATE    0.0                0.3             0.0
  SINCE DEC 1      0.0                1.0             0.0
  SINCE JUL 1      0.0                1.0             0.0

...........................................................


WIND (MPH)
  HIGHEST WIND SPEED    15   HIGHEST WIND DIRECTION    SW (220)
  HIGHEST GUST SPEED    20   HIGHEST GUST DIRECTION    SW (220)
  AVERAGE WIND SPEED     5.4


SKY COVER
  AVERAGE SKY COVER 0.3


WEATHER CONDITIONS
 THE FOLLOWING WEATHER WAS RECORDED TODAY.
  NO SIGNIFICANT WEATHER WAS OBSERVED.


RELATIVE HUMIDITY (PERCENT)
 HIGHEST    90
 LOWEST     45
 AVERAGE    68

..........................................................


THE ANNISTON CLIMATE NORMALS FOR TOMORROW
                         NORMAL    RECORD    YEAR
 MAXIMUM TEMPERATURE (F)   61        84      1996
 MINIMUM TEMPERATURE (F)   38        19      1989


SUNRISE AND SUNSET
FEBRUARY 23 2018......SUNRISE   619 AM CST   SUNSET   535 PM CST
FEBRUARY 24 2018......SUNRISE   618 AM CST   SUNSET   536 PM CST


-  INDICATES NEGATIVE NUMBERS.
R  INDICATES RECORD WAS SET OR TIED.
MM INDICATES DATA IS MISSING.
T  INDICATES TRACE AMOUNT.




$$
