784
CDUS44 KBMX 100138
CLIANB


CLIMATE REPORT
NATIONAL WEATHER SERVICE BIRMINGHAM, AL
737 PM CST FRI DEC 9 2016


...................................

...THE ANNISTON CLIMATE SUMMARY FOR DECEMBER 9 2016...
VALID TODAY AS OF 0700 PM LOCAL TIME.

CLIMATE NORMAL PERIOD 1981 TO 2010
CLIMATE RECORD PERIOD 1903 TO 2016


WEATHER ITEM   OBSERVED RECORD YEAR NORMAL DEPARTURE LAST
                VALUE   VALUE       VALUE  FROM      YEAR
                                           NORMAL
...........................................................
TEMPERATURE (F)
 TODAY
  MAXIMUM         43     76    2007  57    -14       67
  MINIMUM         28     16    2010  36     -8       35
                               2006
  AVERAGE         36

PRECIPITATION (IN)
  TODAY            0.00   2.77 1953   0.13  -0.13     0.00
  MONTH TO DATE    1.41               1.33   0.08     1.81
  SINCE DEC 1      1.41               1.33   0.08     1.81
  SINCE JAN 1     30.90              46.88 -15.98    52.11

SNOWFALL (IN)
  TODAY            0.0                0.0             0.0
  MONTH TO DATE    0.0                0.0             0.0
  SINCE DEC 1      0.0                0.0             0.0
  SINCE JUL 1      0.0                0.0             0.0

...........................................................


WIND (MPH)
  HIGHEST WIND SPEED    14   HIGHEST WIND DIRECTION     N (360)
  HIGHEST GUST SPEED    18   HIGHEST GUST DIRECTION     N (360)
  AVERAGE WIND SPEED     5.5


SKY COVER
  AVERAGE SKY COVER 0.0


WEATHER CONDITIONS
 THE FOLLOWING WEATHER WAS RECORDED TODAY.
  NO SIGNIFICANT WEATHER WAS OBSERVED.


RELATIVE HUMIDITY (PERCENT)
 HIGHEST    58
 LOWEST     32
 AVERAGE    45

..........................................................


THE ANNISTON CLIMATE NORMALS FOR TOMORROW
                         NORMAL    RECORD    YEAR
 MAXIMUM TEMPERATURE (F)   57        79      2007
 MINIMUM TEMPERATURE (F)   36        16      1995


SUNRISE AND SUNSET
DECEMBER  9 2016......SUNRISE   636 AM CST   SUNSET   435 PM CST
DECEMBER 10 2016......SUNRISE   637 AM CST   SUNSET   436 PM CST


-  INDICATES NEGATIVE NUMBERS.
R  INDICATES RECORD WAS SET OR TIED.
MM INDICATES DATA IS MISSING.
T  INDICATES TRACE AMOUNT.




$$
