000
CDUS44 KBMX 242145
CLIANB


CLIMATE REPORT
NATIONAL WEATHER SERVICE BIRMINGHAM, AL
445 PM CDT SUN SEP 24 2017


...................................

...THE ANNISTON CLIMATE SUMMARY FOR SEPTEMBER 24 2017...
VALID TODAY AS OF 0400 PM LOCAL TIME.

CLIMATE NORMAL PERIOD 1981 TO 2010
CLIMATE RECORD PERIOD 1903 TO 2017


WEATHER ITEM   OBSERVED RECORD YEAR NORMAL DEPARTURE LAST
                VALUE   VALUE       VALUE  FROM      YEAR
                                           NORMAL
...........................................................
TEMPERATURE (F)
 TODAY
  MAXIMUM         87     97    2016  82      5       97
  MINIMUM         66     37    1903  60      6       67
  AVERAGE         77

PRECIPITATION (IN)
  TODAY            0.00   2.10 1951   0.10  -0.10     0.00
  MONTH TO DATE    3.98               2.33   1.65     0.60
  SINCE SEP 1      3.98               2.33   1.65     0.60
  SINCE JAN 1     48.28              37.25  11.03    26.46

DEGREE DAYS

 COOLING
  TODAY           12                  6      6       17
  MONTH TO DATE  182                234    -52      381
  SINCE SEP 1    182                234    -52      381
  SINCE JAN 1   1748               1751     -3     2205
...........................................................


WIND (MPH)
  HIGHEST WIND SPEED    13   HIGHEST WIND DIRECTION     E (80)
  HIGHEST GUST SPEED    17   HIGHEST GUST DIRECTION    NE (40)
  AVERAGE WIND SPEED     5.3


SKY COVER
  AVERAGE SKY COVER 0.0


WEATHER CONDITIONS
 THE FOLLOWING WEATHER WAS RECORDED TODAY.
  NO SIGNIFICANT WEATHER WAS OBSERVED.


RELATIVE HUMIDITY (PERCENT)
 HIGHEST    93
 LOWEST     45
 AVERAGE    69

..........................................................


THE ANNISTON CLIMATE NORMALS FOR TOMORROW
                         NORMAL    RECORD    YEAR
 MAXIMUM TEMPERATURE (F)   81        98      2016
 MINIMUM TEMPERATURE (F)   59        42      1990


SUNRISE AND SUNSET
SEPTEMBER 24 2017.....SUNRISE   633 AM CDT   SUNSET   637 PM CDT
SEPTEMBER 25 2017.....SUNRISE   634 AM CDT   SUNSET   636 PM CDT


-  INDICATES NEGATIVE NUMBERS.
R  INDICATES RECORD WAS SET OR TIED.
MM INDICATES DATA IS MISSING.
T  INDICATES TRACE AMOUNT.




$$
