000
CDUS44 KBMX 102221
CLIANB


CLIMATE REPORT
NATIONAL WEATHER SERVICE BIRMINGHAM, AL
421 PM CST WED FEB 10 2016


...................................

...THE ANNISTON CLIMATE SUMMARY FOR FEBRUARY 10 2016...
VALID AS OF 0400 PM LOCAL TIME.

CLIMATE NORMAL PERIOD 1981 TO 2010
CLIMATE RECORD PERIOD 1903 TO 2016


WEATHER ITEM   OBSERVED TIME   RECORD YEAR NORMAL DEPARTURE LAST
                VALUE   (LST)  VALUE       VALUE  FROM      YEAR
                                                  NORMAL
..................................................................
TEMPERATURE (F)
 TODAY
  MAXIMUM         41    400 PM  77    1957  57    -16       51
  MINIMUM         21    703 AM  11    1971  35    -14       29
  AVERAGE         31

PRECIPITATION (IN)
  TODAY            T             3.07 1981   0.17  -0.17     0.00
  MONTH TO DATE    0.94                      1.75  -0.81     0.68
  SINCE DEC 1     13.42                     10.39   3.03    12.40
  SINCE JAN 1      4.13                      6.27  -2.14     6.18

DEGREE DAYS
 HEATING
  TODAY           34
  MONTH TO DATE  190
  SINCE DEC 1   1169
  SINCE JUL 1   1460
..................................................................


WIND (MPH)
  HIGHEST WIND SPEED    22   HIGHEST WIND DIRECTION     W (260)
  HIGHEST GUST SPEED    29   HIGHEST GUST DIRECTION     W (250)
  AVERAGE WIND SPEED     9.9


SKY COVER
  AVERAGE SKY COVER 0.2


WEATHER CONDITIONS
 THE FOLLOWING WEATHER WAS RECORDED TODAY.
  NO SIGNIFICANT WEATHER WAS OBSERVED.


RELATIVE HUMIDITY (PERCENT)
 HIGHEST    77
 LOWEST     20
 AVERAGE    49

..........................................................


THE ANNISTON CLIMATE NORMALS FOR TOMORROW
                         NORMAL    RECORD    YEAR
 MAXIMUM TEMPERATURE (F)   57        78      1999
 MINIMUM TEMPERATURE (F)   35        15      1947


SUNRISE AND SUNSET
FEBRUARY 10 2016......SUNRISE   633 AM CST   SUNSET   523 PM CST
FEBRUARY 11 2016......SUNRISE   632 AM CST   SUNSET   524 PM CST


-  INDICATES NEGATIVE NUMBERS.
R  INDICATES RECORD WAS SET OR TIED.
MM INDICATES DATA IS MISSING.
T  INDICATES TRACE AMOUNT.




$$
