000
CDUS44 KBMX 262126
CLIANB


CLIMATE REPORT
NATIONAL WEATHER SERVICE BIRMINGHAM, AL
426 PM CDT THU MAR 26 2015


...................................

...THE ANNISTON CLIMATE SUMMARY FOR MARCH 26 2015...
VALID AS OF 0400 PM LOCAL TIME.

CLIMATE NORMAL PERIOD 1981 TO 2010
CLIMATE RECORD PERIOD 1903 TO 2015


WEATHER ITEM   OBSERVED TIME   RECORD YEAR NORMAL DEPARTURE LAST
                VALUE   (LST)  VALUE       VALUE  FROM      YEAR
                                                  NORMAL
..................................................................
TEMPERATURE (F)
 TODAY
  MAXIMUM         74    259 PM  86    2007  69      5       55
  MINIMUM         62    336 AM  21    1955  45     17       27
  AVERAGE         68

PRECIPITATION (IN)
  TODAY            0.00          2.54 1993   0.15  -0.15     0.00
  MONTH TO DATE    3.11                      4.21  -1.10     3.43
  SINCE MAR 1      3.11                      4.21  -1.10     3.43
  SINCE JAN 1     11.27                     13.81  -2.54    10.59

DEGREE DAYS
 HEATING
  TODAY            0
  MONTH TO DATE  182
  SINCE MAR 1    182
  SINCE JUL 1   2703
..................................................................


WIND (MPH)
  HIGHEST WIND SPEED    14   HIGHEST WIND DIRECTION    SW (230)
  HIGHEST GUST SPEED    19   HIGHEST GUST DIRECTION     W (250)
  AVERAGE WIND SPEED     6.6


SKY COVER
  AVERAGE SKY COVER 0.6


WEATHER CONDITIONS
 THE FOLLOWING WEATHER WAS RECORDED TODAY.
  NO SIGNIFICANT WEATHER WAS OBSERVED.


RELATIVE HUMIDITY (PERCENT)
 HIGHEST    84
 LOWEST     49
 AVERAGE    67

..........................................................


THE ANNISTON CLIMATE NORMALS FOR TOMORROW
                         NORMAL    RECORD    YEAR
 MAXIMUM TEMPERATURE (F)   69        84      1994
 MINIMUM TEMPERATURE (F)   45        18      1955


SUNRISE AND SUNSET
MARCH 26 2015.........SUNRISE   639 AM CDT   SUNSET   659 PM CDT
MARCH 27 2015.........SUNRISE   638 AM CDT   SUNSET   700 PM CDT


-  INDICATES NEGATIVE NUMBERS.
R  INDICATES RECORD WAS SET OR TIED.
MM INDICATES DATA IS MISSING.
T  INDICATES TRACE AMOUNT.




$$
