964
CDUS44 KBMX 200903
CLIANB


CLIMATE REPORT
NATIONAL WEATHER SERVICE BIRMINGHAM, AL
301 AM CST MON FEB 20 2017


...................................

...THE ANNISTON CLIMATE SUMMARY FOR FEBRUARY 19 2017...

CLIMATE NORMAL PERIOD 1981 TO 2010
CLIMATE RECORD PERIOD 1903 TO 2017


WEATHER ITEM   OBSERVED TIME   RECORD YEAR NORMAL DEPARTURE LAST
                VALUE   (LST)  VALUE       VALUE  FROM      YEAR
                                                  NORMAL
..................................................................
TEMPERATURE (F)
 YESTERDAY
  MAXIMUM         73    420 PM  76    2011  59     14       71
                                      1971
  MINIMUM         49   1118 PM   9    1905  37     12       39
  AVERAGE         61                        48     13       55

PRECIPITATION (IN)
  YESTERDAY        0.00          2.92 1991   0.18  -0.18     0.00
  MONTH TO DATE    1.98                      3.39  -1.41     2.51
  SINCE DEC 1     12.17                     12.03   0.14    14.99
  SINCE JAN 1      9.53                      7.91   1.62     5.70

SNOWFALL (IN)
  YESTERDAY        0.0                       0.0             0.0
  MONTH TO DATE    0.0                       0.3              T
  SINCE DEC 1      0.0                       1.0              T
  SINCE JUL 1      0.0                       1.0              T

DEGREE DAYS
 HEATING
  YESTERDAY        4
  MONTH TO DATE  237
  SINCE DEC 1   1144
  SINCE JUL 1   1417
..................................................................


WIND (MPH)
  HIGHEST WIND SPEED    12   HIGHEST WIND DIRECTION     N (360)
  HIGHEST GUST SPEED    16   HIGHEST GUST DIRECTION     N (360)
  AVERAGE WIND SPEED     2.4


SKY COVER
  AVERAGE SKY COVER 0.5


WEATHER CONDITIONS
 THE FOLLOWING WEATHER WAS RECORDED YESTERDAY.
  FOG


RELATIVE HUMIDITY (PERCENT)
 HIGHEST   100
 LOWEST     44
 AVERAGE    72

..........................................................


THE ANNISTON CLIMATE NORMALS FOR TODAY
                         NORMAL    RECORD    YEAR
 MAXIMUM TEMPERATURE (F)   59        78      1986
                                             1951
 MINIMUM TEMPERATURE (F)   37        16      1958


SUNRISE AND SUNSET
FEBRUARY 20 2017......SUNRISE   622 AM CST   SUNSET   533 PM CST
FEBRUARY 21 2017......SUNRISE   621 AM CST   SUNSET   533 PM CST


-  INDICATES NEGATIVE NUMBERS.
R  INDICATES RECORD WAS SET OR TIED.
MM INDICATES DATA IS MISSING.
T  INDICATES TRACE AMOUNT.




$$
