000
CDUS44 KBMX 200836
CLIANB


CLIMATE REPORT
NATIONAL WEATHER SERVICE BIRMINGHAM, AL
234 AM CST FRI JAN 20 2017


...................................

...THE ANNISTON CLIMATE SUMMARY FOR JANUARY 19 2017...

CLIMATE NORMAL PERIOD 1981 TO 2010
CLIMATE RECORD PERIOD 1903 TO 2017


WEATHER ITEM   OBSERVED TIME   RECORD YEAR NORMAL DEPARTURE LAST
                VALUE   (LST)  VALUE       VALUE  FROM      YEAR
                                                  NORMAL
..................................................................
TEMPERATURE (F)
 YESTERDAY
  MAXIMUM         71R   338 PM  71    1988  54     17       41
                                      1951
  MINIMUM         52   1224 AM   4    1977  33     19       18
  AVERAGE         62                        43     19       30

PRECIPITATION (IN)
  YESTERDAY        0.56          3.31 1988   0.16   0.40     0.00
  MONTH TO DATE    4.39                      2.59   1.80     1.01
  SINCE DEC 1      7.03                      6.71   0.32    10.30
  SINCE JAN 1      4.39                      2.59   1.80     1.01

SNOWFALL (IN)
  YESTERDAY        0.0                       0.0             0.0
  MONTH TO DATE    0.0                       0.3             0.0
  SINCE DEC 1      0.0                       0.3             0.0
  SINCE JUL 1      0.0                       0.3             0.0

DEGREE DAYS
 HEATING
  YESTERDAY        3
  MONTH TO DATE  241
  SINCE DEC 1    735
  SINCE JUL 1   1008
..................................................................


WIND (MPH)
  HIGHEST WIND SPEED    22   HIGHEST WIND DIRECTION     S (200)
  HIGHEST GUST SPEED    33   HIGHEST GUST DIRECTION    SW (210)
  AVERAGE WIND SPEED     4.2


SKY COVER
  AVERAGE SKY COVER 0.7


WEATHER CONDITIONS
 THE FOLLOWING WEATHER WAS RECORDED YESTERDAY.
  THUNDERSTORM
  RAIN
  LIGHT RAIN
  FOG


RELATIVE HUMIDITY (PERCENT)
 HIGHEST   100
 LOWEST     73
 AVERAGE    87

..........................................................


THE ANNISTON CLIMATE NORMALS FOR TODAY
                         NORMAL    RECORD    YEAR
 MAXIMUM TEMPERATURE (F)   54        72      1982
                                             1954
 MINIMUM TEMPERATURE (F)   33        -2      1985


SUNRISE AND SUNSET
JANUARY 20 2017.......SUNRISE   646 AM CST   SUNSET   503 PM CST
JANUARY 21 2017.......SUNRISE   646 AM CST   SUNSET   504 PM CST


-  INDICATES NEGATIVE NUMBERS.
R  INDICATES RECORD WAS SET OR TIED.
MM INDICATES DATA IS MISSING.
T  INDICATES TRACE AMOUNT.




$$
