000
CDUS44 KBMX 282214
CLIANB


CLIMATE REPORT
NATIONAL WEATHER SERVICE BIRMINGHAM, AL
414 PM CST SUN DEC 28 2014


...................................

...THE ANNISTON CLIMATE SUMMARY FOR DECEMBER 28 2014...
VALID AS OF 0400 PM LOCAL TIME.

CLIMATE NORMAL PERIOD 1981 TO 2010
CLIMATE RECORD PERIOD 1903 TO 2014


WEATHER ITEM   OBSERVED TIME   RECORD YEAR NORMAL DEPARTURE LAST
                VALUE   (LST)  VALUE       VALUE  FROM      YEAR
                                                  NORMAL
..................................................................
TEMPERATURE (F)
 TODAY
  MAXIMUM         61    259 PM  77    1984  54      7       44
  MINIMUM         53    203 AM  15    2010  34     19       37
  AVERAGE         57

PRECIPITATION (IN)
  TODAY            1.96          2.38 1942   0.12   1.84     1.43
  MONTH TO DATE    6.07                      3.76   2.31     9.15
  SINCE DEC 1      6.07                      3.76   2.31     9.15
  SINCE JAN 1     49.34                     49.31   0.03    75.21

DEGREE DAYS
 HEATING
  TODAY            8
  MONTH TO DATE  451
  SINCE DEC 1    451
  SINCE JUL 1   1079
..................................................................


WIND (MPH)
  HIGHEST WIND SPEED     9   HIGHEST WIND DIRECTION    SE (130)
  HIGHEST GUST SPEED    11   HIGHEST GUST DIRECTION     E (100)
  AVERAGE WIND SPEED     2.8


SKY COVER
  AVERAGE SKY COVER 1.0


WEATHER CONDITIONS
 THE FOLLOWING WEATHER WAS RECORDED TODAY.
  THUNDERSTORM
  HEAVY RAIN
  RAIN
  LIGHT RAIN
  FOG


RELATIVE HUMIDITY (PERCENT)
 HIGHEST   100
 LOWEST     90
 AVERAGE    95

..........................................................


THE ANNISTON CLIMATE NORMALS FOR TOMORROW
                         NORMAL    RECORD    YEAR
 MAXIMUM TEMPERATURE (F)   54        74      1984
 MINIMUM TEMPERATURE (F)   34        16      1952


SUNRISE AND SUNSET
DECEMBER 28 2014......SUNRISE   647 AM CST   SUNSET   443 PM CST
DECEMBER 29 2014......SUNRISE   647 AM CST   SUNSET   444 PM CST


-  INDICATES NEGATIVE NUMBERS.
R  INDICATES RECORD WAS SET OR TIED.
MM INDICATES DATA IS MISSING.
T  INDICATES TRACE AMOUNT.




$$
