000
CDUS44 KBMX 252142
CLIANB


CLIMATE REPORT
NATIONAL WEATHER SERVICE BIRMINGHAM, AL
442 PM CDT TUE JUL 25 2017


...................................

...THE ANNISTON CLIMATE SUMMARY FOR JULY 25 2017...
VALID TODAY AS OF 0400 PM LOCAL TIME.

CLIMATE NORMAL PERIOD 1981 TO 2010
CLIMATE RECORD PERIOD 1903 TO 2017


WEATHER ITEM   OBSERVED RECORD YEAR NORMAL DEPARTURE LAST
                VALUE   VALUE       VALUE  FROM      YEAR
                                           NORMAL
...........................................................
TEMPERATURE (F)
 TODAY
  MAXIMUM         91    104    1952  90      1       96
  MINIMUM         72     58    1904  70      2       73
  AVERAGE         82

PRECIPITATION (IN)
  TODAY            0.01   1.37 1971   0.15  -0.14     0.62
  MONTH TO DATE    3.12               3.76  -0.64     2.74
  SINCE JUN 1     10.85               7.84   3.01     4.30
  SINCE JAN 1     36.77              30.77   6.00    24.02

DEGREE DAYS
 COOLING
  TODAY           17                 15      2       20
  MONTH TO DATE  398                372     26      454
  SINCE JUN 1    724                731     -7      890
  SINCE JAN 1   1044                971     73     1170
...........................................................


WIND (MPH)
  HIGHEST WIND SPEED    12   HIGHEST WIND DIRECTION    SW (220)
  HIGHEST GUST SPEED    14   HIGHEST GUST DIRECTION     W (260)
  AVERAGE WIND SPEED     4.2


SKY COVER
  AVERAGE SKY COVER 0.5


WEATHER CONDITIONS
 THE FOLLOWING WEATHER WAS RECORDED TODAY.
  NO SIGNIFICANT WEATHER WAS OBSERVED.


RELATIVE HUMIDITY (PERCENT)
 HIGHEST    93
 LOWEST     64
 AVERAGE    79

..........................................................


THE ANNISTON CLIMATE NORMALS FOR TOMORROW
                         NORMAL    RECORD    YEAR
 MAXIMUM TEMPERATURE (F)   90       100      1952
 MINIMUM TEMPERATURE (F)   70        56      1904


SUNRISE AND SUNSET
JULY 25 2017..........SUNRISE   551 AM CDT   SUNSET   748 PM CDT
JULY 26 2017..........SUNRISE   552 AM CDT   SUNSET   748 PM CDT


-  INDICATES NEGATIVE NUMBERS.
R  INDICATES RECORD WAS SET OR TIED.
MM INDICATES DATA IS MISSING.
T  INDICATES TRACE AMOUNT.




$$
