000
CDUS44 KBMX 250939
CLIANB


CLIMATE REPORT
NATIONAL WEATHER SERVICE BIRMINGHAM, AL
438 AM CDT SAT OCT 25 2014


...................................

...THE ANNISTON CLIMATE SUMMARY FOR OCTOBER 24 2014...

CLIMATE NORMAL PERIOD 1981 TO 2010
CLIMATE RECORD PERIOD 1903 TO 2014


WEATHER ITEM   OBSERVED TIME   RECORD YEAR NORMAL DEPARTURE LAST
                VALUE   (LST)  VALUE       VALUE  FROM      YEAR
                                                  NORMAL
..................................................................
TEMPERATURE (F)
 YESTERDAY
  MAXIMUM         75    236 PM  84    2010  73      2       64
  MINIMUM         44   1159 PM  26    1904  48     -4       38
  AVERAGE         60                        60      0       51

PRECIPITATION (IN)
  YESTERDAY        0.00          1.52 1970   0.11  -0.11     0.00
  MONTH TO DATE    3.29                      2.37   0.92     2.61
  SINCE SEP 1      4.79                      5.30  -0.51     5.32
  SINCE JAN 1     37.43                     40.22  -2.79    63.10

SNOWFALL (IN)
  YESTERDAY        0.0                       0.0             0.0
  MONTH TO DATE    0.0                       0.0             0.0
  SINCE SEP 1      0.0                       0.0             0.0
  SINCE JUL 1      0.0                       0.0             0.0

DEGREE DAYS
 HEATING
  YESTERDAY        5
  MONTH TO DATE   70
  SINCE SEP 1     70
  SINCE JUL 1     70
..................................................................


WIND (MPH)
  HIGHEST WIND SPEED    10   HIGHEST WIND DIRECTION     N (360)
  HIGHEST GUST SPEED    13   HIGHEST GUST DIRECTION    SW (230)
  AVERAGE WIND SPEED     2.8


SKY COVER
  AVERAGE SKY COVER 0.0


WEATHER CONDITIONS
 THE FOLLOWING WEATHER WAS RECORDED YESTERDAY.
  NO SIGNIFICANT WEATHER WAS OBSERVED.


RELATIVE HUMIDITY (PERCENT)
 HIGHEST    93
 LOWEST     25
 AVERAGE    59

..........................................................


THE ANNISTON CLIMATE NORMALS FOR TODAY
                         NORMAL    RECORD    YEAR
 MAXIMUM TEMPERATURE (F)   72        84      2000
 MINIMUM TEMPERATURE (F)   48        26      1904


SUNRISE AND SUNSET
OCTOBER 25 2014.......SUNRISE   656 AM CDT   SUNSET   558 PM CDT
OCTOBER 26 2014.......SUNRISE   657 AM CDT   SUNSET   557 PM CDT


-  INDICATES NEGATIVE NUMBERS.
R  INDICATES RECORD WAS SET OR TIED.
MM INDICATES DATA IS MISSING.
T  INDICATES TRACE AMOUNT.




$$
