933
CDAK48 PAFC 241314
CLIANC

CLIMATE REPORT
NATIONAL WEATHER SERVICE ANCHORAGE, AK
513 AM AKDT FRI MAR 24 2017


...................................

...THE ANCHORAGE AK CLIMATE SUMMARY FOR MARCH 23 2017...

CLIMATE NORMAL PERIOD 1981 TO 2010
CLIMATE RECORD PERIOD 1952 TO 2017


WEATHER ITEM   OBSERVED TIME   RECORD YEAR NORMAL DEPARTURE LAST
                VALUE   (LST)  VALUE       VALUE  FROM      YEAR
                                                  NORMAL
..................................................................
TEMPERATURE (F)
 YESTERDAY
  MAXIMUM         31    348 PM  50    2016  36     -5       50
  MINIMUM          8    711 AM  -8    1962  21    -13       30
                                      1959
  AVERAGE         20                        28     -8       40

PRECIPITATION (IN)
  YESTERDAY        0.00          0.13 1966   0.02  -0.02
  MONTH TO DATE    0.00                      0.46  -0.46
  SINCE MAR 1      0.00                      0.46  -0.46
  SINCE JAN 1      2.70                      1.91   0.79

SNOWFALL (IN)
  YESTERDAY        0.0           1.5  1993   0.3   -0.3      0.0
  MONTH TO DATE    0.0                       7.7   -7.7     10.7
  SINCE MAR 1      0.0                       7.7   -7.7     10.7
  SINCE JUL 1     72.1                      68.0    4.1     38.3
  SNOW DEPTH      20

DEGREE DAYS
 HEATING
  YESTERDAY       45                                8
  MONTH TO DATE 1104                              194
  SINCE MAR 1   1104                              194
  SINCE JUL 1   8142                              -97

 COOLING
  YESTERDAY        0                                0
  MONTH TO DATE    0                                0
  SINCE MAR 1      0                                0
  SINCE JAN 1      0                                0
..................................................................


WIND (MPH)
  HIGHEST WIND SPEED     9   HIGHEST WIND DIRECTION     W (260)
  HIGHEST GUST SPEED    18   HIGHEST GUST DIRECTION     N (340)
  AVERAGE WIND SPEED     3.2




RELATIVE HUMIDITY (PERCENT)
 HIGHEST    92
 LOWEST     43
 AVERAGE    68

..........................................................


THE ANCHORAGE AK CLIMATE NORMALS FOR TODAY
                         NORMAL    RECORD    YEAR
 MAXIMUM TEMPERATURE (F)   36        51      2016
 MINIMUM TEMPERATURE (F)   21         0      1995
                                             1964


SUNRISE AND SUNSET
MARCH 24 2017.........SUNRISE   747 AM AKDT  SUNSET   827 PM AKDT
MARCH 25 2017.........SUNRISE   744 AM AKDT  SUNSET   829 PM AKDT

CIVIL TWILIGHT
MARCH 24 2017           START    704 AM GMT     END    911 PM GMT
MARCH 25 2017           START    701 AM GMT     END    913 PM GMT



-  INDICATES NEGATIVE NUMBERS.
R  INDICATES RECORD WAS SET OR TIED.
MM INDICATES DATA IS MISSING.
T  INDICATES TRACE AMOUNT.




$$
&&
------------------------------------------------------
AMOUNT OF DAYLIGHT TODAY  (HOUR:MIN)........12:40
GAIN/LOSS SINCE YESTERDAY (HOUR:MIN:SEC)....+0:05:44
