000
CDAK48 PAFC 302142
CLIANC


CLIMATE REPORT
NATIONAL WEATHER SERVICE ANCHORAGE, AK
142 PM AKDT FRI SEP 30 2016


...................................

...THE ANCHORAGE AK CLIMATE SUMMARY FOR SEPTEMBER 29 2016...

CLIMATE NORMAL PERIOD 1981 TO 2010
CLIMATE RECORD PERIOD 1952 TO 2016


WEATHER ITEM   OBSERVED TIME   RECORD YEAR NORMAL DEPARTURE LAST
                VALUE   (LST)  VALUE       VALUE  FROM      YEAR
                                                  NORMAL
..................................................................
TEMPERATURE (F)
 YESTERDAY
  MAXIMUM         53    423 PM  65    1959  49      4       46
  MINIMUM         34    421 AM  25    1974  37     -3       33
  AVERAGE         44                        43      1       40

PRECIPITATION (IN)
  YESTERDAY        0.00          1.56 2015   0.10  -0.10
  MONTH TO DATE    2.35                      2.89  -0.54
  SINCE SEP 1      2.35                      2.89  -0.54
  SINCE JAN 1     14.15                     12.18   1.97

SNOWFALL (IN)
  YESTERDAY        0.0           2.6  1965   0.0    0.0      0.3
  MONTH TO DATE    0.0                       0.3   -0.3      0.3
  SINCE SEP 1      0.0                       0.3   -0.3      0.3
  SINCE JUL 1      0.0                       0.3   -0.3      0.3
  SNOW DEPTH       0

DEGREE DAYS
 HEATING
  YESTERDAY       21                               -1
  MONTH TO DATE  371                             -100
  SINCE SEP 1    371                             -100
  SINCE JUL 1    575                             -346

 COOLING
  YESTERDAY        0                                0
  MONTH TO DATE    0                                0
  SINCE SEP 1      0                                0
  SINCE JAN 1     13                               11
..................................................................


WIND (MPH)
  HIGHEST WIND SPEED     9   HIGHEST WIND DIRECTION    NW (330)
  HIGHEST GUST SPEED    11   HIGHEST GUST DIRECTION    NW (330)
  AVERAGE WIND SPEED     2.8




RELATIVE HUMIDITY (PERCENT)
 HIGHEST    92
 LOWEST     54
 AVERAGE    73

..........................................................


THE ANCHORAGE AK CLIMATE NORMALS FOR TODAY
                         NORMAL    RECORD    YEAR
 MAXIMUM TEMPERATURE (F)   49        60      2003
                                             1993
 MINIMUM TEMPERATURE (F)   37        27      2000
                                             1957


SUNRISE AND SUNSET
SEPTEMBER 30 2016.....SUNRISE   806 AM AKDT  SUNSET   732 PM AKDT
OCTOBER  1 2016.......SUNRISE   808 AM AKDT  SUNSET   729 PM AKDT


-  INDICATES NEGATIVE NUMBERS.
R  INDICATES RECORD WAS SET OR TIED.
MM INDICATES DATA IS MISSING.
T  INDICATES TRACE AMOUNT.




$$
