000
CDAK48 PAFC 150044
CLIANC

CLIMATE REPORT
NATIONAL WEATHER SERVICE ANCHORAGE, AK
443 PM AKDT SUN SEP 14 2014


...................................

...THE ANCHORAGE AK CLIMATE SUMMARY FOR SEPTEMBER 14 2014...
VALID TODAY AS OF 0400 PM LOCAL TIME.

CLIMATE NORMAL PERIOD 1981 TO 2010
CLIMATE RECORD PERIOD 1915 TO 2014


WEATHER ITEM   OBSERVED RECORD YEAR NORMAL DEPARTURE LAST
                VALUE   VALUE       VALUE  FROM      YEAR
                                           NORMAL
...........................................................
TEMPERATURE (F)
 TODAY
  MAXIMUM         61     65    1925  56      5       62
                               1919
  MINIMUM         49     23    1928  43      6       45
  AVERAGE         55                 49              54

PRECIPITATION (IN)
  TODAY            0.11   0.57 1985   0.10   0.01      T
                               1982
  MONTH TO DATE    2.45               1.41   1.04     4.19
  SINCE JUN 1     11.53               7.46   4.07    11.17
  SINCE JAN 1     14.76              10.70   4.06    17.55

SNOWFALL (IN)
  TODAY           MM      0.0    MM   0.0   MM        0.0
  MONTH TO DATE    0.0                0.0    0.0      0.0
  SINCE JUN 1      0.0                0.0    0.0      0.0
  SINCE JUL 1      0.0                0.0    0.0      0.0
  SNOW DEPTH       0

DEGREE DAYS
 HEATING
  TODAY           10                 16     -6       11
  MONTH TO DATE  154                191    -37      161
  SINCE SEP 1    154                191    -37      161
  SINCE JUL 1    503                641   -138      502

 COOLING
  TODAY            0                  0      0        0
  MONTH TO DATE    0                  0      0        0
  SINCE SEP 1      0                  0      0        0
  SINCE JAN 1      3                  2      1       21
...........................................................


WIND (MPH)
  RESULTANT WIND SPEED   2   RESULTANT WIND DIRECTION  SE (140)
  HIGHEST WIND SPEED     8   HIGHEST WIND DIRECTION     S (160)
  HIGHEST GUST SPEED    22   HIGHEST GUST DIRECTION     S (160)
  AVERAGE WIND SPEED     3.5


SKY COVER
  POSSIBLE SUNSHINE  MM
  AVERAGE SKY COVER 0.9


WEATHER CONDITIONS
 THE FOLLOWING WEATHER WAS RECORDED TODAY.
  RAIN
  LIGHT RAIN


RELATIVE HUMIDITY (PERCENT)
 HIGHEST    89          1200 AM
 LOWEST     64           100 PM
 AVERAGE    77

..........................................................


THE ANCHORAGE AK CLIMATE NORMALS FOR TOMORROW
                         NORMAL    RECORD    YEAR
 MAXIMUM TEMPERATURE (F)   56        65      1982
 MINIMUM TEMPERATURE (F)   42        25      1928


SUNRISE AND SUNSET
SEPTEMBER 14 2014.....SUNRISE   725 AM AKDT  SUNSET   825 PM AKDT
SEPTEMBER 15 2014.....SUNRISE   727 AM AKDT  SUNSET   822 PM AKDT

CIVIL TWILIGHT
SEPTEMBER 14 2014       START   641 AM AKDT     END   909 PM AKDT
SEPTEMBER 15 2014       START   644 AM AKDT     END   906 PM AKDT



-  INDICATES NEGATIVE NUMBERS.
R  INDICATES RECORD WAS SET OR TIED.
MM INDICATES DATA IS MISSING.
T  INDICATES TRACE AMOUNT.




$$
&&
