000
CDAK48 PAFC 291238
CLIANC

CLIMATE REPORT
NATIONAL WEATHER SERVICE ANCHORAGE, AK
437 AM AKDT FRI JUL 29 2016


...................................

...THE ANCHORAGE AK CLIMATE SUMMARY FOR JULY 28 2016...

CLIMATE NORMAL PERIOD 1981 TO 2010
CLIMATE RECORD PERIOD 1952 TO 2016


WEATHER ITEM   OBSERVED TIME   RECORD YEAR NORMAL DEPARTURE LAST
                VALUE   (LST)  VALUE       VALUE  FROM      YEAR
                                                  NORMAL
..................................................................
TEMPERATURE (F)
 YESTERDAY
  MAXIMUM         72        MM  76    1993  66      6       68
                                      1987
  MINIMUM         57        MM  43    1957  53      4       58
  AVERAGE         65                        59      6       63

PRECIPITATION (IN)
  YESTERDAY        0.03          0.64 2000   0.07  -0.04
  MONTH TO DATE    2.48                      1.60   0.88
  SINCE JUN 1      4.19                      2.57   1.62
  SINCE JAN 1      6.35                      5.81   0.54

SNOWFALL (IN)
  YESTERDAY        0.0           0.0    MM   0.0    0.0      0.0
  MONTH TO DATE    0.0                       0.0    0.0      0.0
  SINCE JUN 1      0.0                       0.0    0.0      0.0
  SINCE JUL 1      0.0                       0.0    0.0      0.0
  SNOW DEPTH       0

DEGREE DAYS
 HEATING
  YESTERDAY        0                               -6
  MONTH TO DATE   68                             -109
  SINCE JUN 1    240                             -230
  SINCE JUL 1     68                             -109

 COOLING
  YESTERDAY        0                                0
  MONTH TO DATE   13                               13
  SINCE JUN 1     13                               13
  SINCE JAN 1     13                               13
..................................................................


WIND (MPH)
  HIGHEST WIND SPEED    23   HIGHEST WIND DIRECTION    SE (150)
  HIGHEST GUST SPEED    36   HIGHEST GUST DIRECTION     S (170)
  AVERAGE WIND SPEED    10.8




RELATIVE HUMIDITY (PERCENT)
 HIGHEST    93
 LOWEST     47
 AVERAGE    70

..........................................................


THE ANCHORAGE AK CLIMATE NORMALS FOR TODAY
                         NORMAL    RECORD    YEAR
 MAXIMUM TEMPERATURE (F)   66        79      1977
 MINIMUM TEMPERATURE (F)   53        44      1971


SUNRISE AND SUNSET
JULY 29 2016..........SUNRISE   527 AM AKDT  SUNSET  1044 PM AKDT
JULY 30 2016..........SUNRISE   529 AM AKDT  SUNSET  1042 PM AKDT

CIVIL TWILIGHT
JULY 29 2016            START   419 AM AKDT     END  1152 PM AKDT
JULY 30 2016            START   422 AM AKDT     END  1148 PM AKDT



-  INDICATES NEGATIVE NUMBERS.
R  INDICATES RECORD WAS SET OR TIED.
MM INDICATES DATA IS MISSING.
T  INDICATES TRACE AMOUNT.




$$
&&
------------------------------------------------------
AMOUNT OF DAYLIGHT TODAY  (HOUR:MIN)........17:18
GAIN/LOSS SINCE YESTERDAY (HOUR:MIN:SEC)....-0:05:06

-
