000
CDAK48 PAFC 011234
CLIANC


CLIMATE REPORT
NATIONAL WEATHER SERVICE ANCHORAGE, AK
434 AM AKDT SAT AUG 1 2015


...................................

...THE ANCHORAGE AK CLIMATE SUMMARY FOR JULY 31 2015...

CLIMATE NORMAL PERIOD 1981 TO 2010
CLIMATE RECORD PERIOD 1952 TO 2015


WEATHER ITEM   OBSERVED RECORD YEAR NORMAL DEPARTURE LAST
                VALUE   VALUE       VALUE  FROM      YEAR
                                           NORMAL
...........................................................
TEMPERATURE (F)
 YESTERDAY
  MAXIMUM         74     79    2002  65      9       67
  MINIMUM         53     46    1996  53      0       55
  AVERAGE         64                 59      5       61

PRECIPITATION (IN)
  YESTERDAY        0.00   2.00 1956   0.08  -0.08
  MONTH TO DATE    2.34               1.83   0.51
  SINCE JUN 1      3.27               2.80   0.47
  SINCE JAN 1      6.33               6.04   0.29

SNOWFALL (IN)
  YESTERDAY        0.0    0.0    MM   0.0    0.0
  MONTH TO DATE    0.0                0.0    0.0
  SINCE JUN 1      0.0                0.0    0.0
  SINCE JUL 1      0.0                0.0    0.0
  SNOW DEPTH       0

DEGREE DAYS
 HEATING
  YESTERDAY        1                        -5
  MONTH TO DATE   93                      -102
  SINCE JUN 1    266                      -221
  SINCE JUL 1     93                      -101

 COOLING
  YESTERDAY        0                         0
  MONTH TO DATE   10                         8
  SINCE JUN 1     26                        24
  SINCE JAN 1     26                        24
...........................................................


WIND (MPH)
  HIGHEST WIND SPEED     8   HIGHEST WIND DIRECTION     S (200)
  HIGHEST GUST SPEED    MM   HIGHEST GUST DIRECTION    MM
  AVERAGE WIND SPEED     5.4




RELATIVE HUMIDITY (PERCENT)
 HIGHEST    86
 LOWEST     49
 AVERAGE    68

..........................................................


THE ANCHORAGE AK CLIMATE NORMALS FOR TODAY
                         NORMAL    RECORD    YEAR
 MAXIMUM TEMPERATURE (F)   65        79      1978
 MINIMUM TEMPERATURE (F)   53        43      1990


SUNRISE AND SUNSET
AUGUST  1 2015........SUNRISE   533 AM AKDT  SUNSET  1038 PM AKDT
AUGUST  2 2015........SUNRISE   535 AM AKDT  SUNSET  1036 PM AKDT


-  INDICATES NEGATIVE NUMBERS.
R  INDICATES RECORD WAS SET OR TIED.
MM INDICATES DATA IS MISSING.
T  INDICATES TRACE AMOUNT.




$$
