000
CDAK48 PAFC 010048
CLIANC

CLIMATE REPORT
NATIONAL WEATHER SERVICE ANCHORAGE, AK
447 PM AKDT SUN APR 30 2017


...................................

...THE ANCHORAGE AK CLIMATE SUMMARY FOR APRIL 30 2017...
VALID TODAY AS OF 0400 PM LOCAL TIME.

CLIMATE NORMAL PERIOD 1981 TO 2010
CLIMATE RECORD PERIOD 1952 TO 2017


WEATHER ITEM   OBSERVED TIME   RECORD YEAR NORMAL DEPARTURE LAST
                VALUE   (LST)  VALUE       VALUE  FROM      YEAR
                                                  NORMAL
..................................................................
TEMPERATURE (F)
 TODAY
  MAXIMUM         53    100 PM  67    2005  51      2       53
  MINIMUM         40        MM  25    1957  35      5       37
  AVERAGE         47                        42      5       45

PRECIPITATION (IN)
  TODAY            0.00          0.14 1973   0.02  -0.02     0.00
  MONTH TO DATE    0.40                      0.47  -0.07     0.02
  SINCE MAR 1      1.07                      1.07   0.00     1.25
  SINCE JAN 1      3.77                      2.52   1.25     1.83

SNOWFALL (IN)
  TODAY            0.0           0.2  1965   0.1   -0.1      0.0
  MONTH TO DATE    T                         4.0   -4.0      0.0
  SINCE MAR 1     10.3                      13.9   -3.6     10.7
  SINCE JUL 1     82.4                      74.2    8.2     38.3
  SNOW DEPTH       0

DEGREE DAYS
 HEATING
  TODAY           18                        22     -4       20
  MONTH TO DATE  733                       845   -112      639
  SINCE MAR 1   2142                      2038    104     1609
  SINCE JUL 1   9180                      9367   -187     7945

 COOLING
  TODAY            0                         0      0        0
  MONTH TO DATE    0                         0      0        0
  SINCE MAR 1      0                         0      0        0
  SINCE JAN 1      0                         0      0        0
..................................................................


WIND (MPH)
  RESULTANT WIND SPEED   7   RESULTANT WIND DIRECTION  SE (140)
  HIGHEST WIND SPEED    15   HIGHEST WIND DIRECTION    SE (140)
  HIGHEST GUST SPEED    30   HIGHEST GUST DIRECTION    SE (150)
  AVERAGE WIND SPEED     7.7


SKY COVER
  POSSIBLE SUNSHINE  MM
  AVERAGE SKY COVER 0.8


WEATHER CONDITIONS
 THE FOLLOWING WEATHER WAS RECORDED TODAY.
  NO SIGNIFICANT WEATHER WAS OBSERVED.


RELATIVE HUMIDITY (PERCENT)
 HIGHEST    65           400 AM
 LOWEST     42          1000 AM
 AVERAGE    54

..........................................................


THE ANCHORAGE AK CLIMATE NORMALS FOR TOMORROW
                         NORMAL    RECORD    YEAR
 MAXIMUM TEMPERATURE (F)   51        68      1995
 MINIMUM TEMPERATURE (F)   35        27      1982
                                             1957


SUNRISE AND SUNSET
APRIL 30 2017.........SUNRISE   553 AM AKDT  SUNSET  1003 PM AKDT
MAY  1 2017...........SUNRISE   550 AM AKDT  SUNSET  1006 PM AKDT

CIVIL TWILIGHT
APRIL 30 2017           START    457 AM GMT     END   1101 PM GMT
MAY 1 2017              START    453 AM GMT     END   1104 PM GMT



-  INDICATES NEGATIVE NUMBERS.
R  INDICATES RECORD WAS SET OR TIED.
MM INDICATES DATA IS MISSING.
T  INDICATES TRACE AMOUNT.




$$
&&
------------------------------------------------------
AMOUNT OF DAYLIGHT TODAY  (HOUR:MIN)........16:10
GAIN/LOSS SINCE YESTERDAY (HOUR:MIN:SEC)....+0:05:33
