000
CDUS43 KAPX 200526
CLIANJ


CLIMATE REPORT
NATIONAL WEATHER SERVICE GAYLORD MI
126 AM EDT THU JUL 20 2017


...................................

...THE SAULT STE MARIE MI CLIMATE SUMMARY FOR JULY 19 2017...

CLIMATE NORMAL PERIOD 1981 TO 2010
CLIMATE RECORD PERIOD 1888 TO 2017


WEATHER ITEM   OBSERVED TIME   RECORD YEAR NORMAL DEPARTURE LAST
                VALUE   (LST)  VALUE       VALUE  FROM      YEAR
                                                  NORMAL
..................................................................
TEMPERATURE (F)
 YESTERDAY
  MAXIMUM         80    403 PM  94    1916  77      3       75
                                      1894
  MINIMUM         62   1131 PM  40    1891  55      7       52
  AVERAGE         71                        66      5       64

PRECIPITATION (IN)
  YESTERDAY        T             1.51 1970   0.09  -0.09     0.00
  MONTH TO DATE    2.20                      1.65   0.55     2.65
  SINCE JUN 1      5.92                      4.35   1.57     4.53
  SINCE JAN 1     19.36                     14.79   4.57    15.08

DEGREE DAYS
 HEATING
  YESTERDAY        0                         2     -2        1
  MONTH TO DATE   26                        48    -22       23
  SINCE JUN 1    138                       228    -90      186
  SINCE JUL 1     26                        48    -22       23

 COOLING
  YESTERDAY        6                         3      3        0
  MONTH TO DATE   30                        48    -18       56
  SINCE JUN 1     48                        78    -30       92
  SINCE JAN 1     49                        83    -34      103
..................................................................


WIND (MPH)
  HIGHEST WIND SPEED    14   HIGHEST WIND DIRECTION     W (290)
  HIGHEST GUST SPEED    19   HIGHEST GUST DIRECTION     W (290)
  AVERAGE WIND SPEED     5.8




RELATIVE HUMIDITY (PERCENT)
 HIGHEST    93
 LOWEST     42
 AVERAGE    68

..........................................................


THE SAULT STE MARIE MI CLIMATE NORMALS FOR TODAY
                         NORMAL    RECORD    YEAR
 MAXIMUM TEMPERATURE (F)   77        91      1977
 MINIMUM TEMPERATURE (F)   55        40      1891


SUNRISE AND SUNSET
JULY 20 2017..........SUNRISE   605 AM EDT   SUNSET   922 PM EDT
JULY 21 2017..........SUNRISE   606 AM EDT   SUNSET   921 PM EDT


-  INDICATES NEGATIVE NUMBERS.
R  INDICATES RECORD WAS SET OR TIED.
MM INDICATES DATA IS MISSING.
T  INDICATES TRACE AMOUNT.




$$
