000
CDUS43 KAPX 200527
CLIANJ


CLIMATE REPORT
NATIONAL WEATHER SERVICE GAYLORD MI
127 AM EDT MON OCT 20 2014


...................................

...THE SAULT STE MARIE MI CLIMATE SUMMARY FOR OCTOBER 19 2014...

CLIMATE NORMAL PERIOD 1981 TO 2010
CLIMATE RECORD PERIOD 1888 TO 2014


WEATHER ITEM   OBSERVED TIME   RECORD YEAR NORMAL DEPARTURE LAST
                VALUE   (LST)  VALUE       VALUE  FROM      YEAR
                                                  NORMAL
..................................................................
TEMPERATURE (F)
 YESTERDAY
  MAXIMUM         MM        MM  78    1910  52     MM       51
  MINIMUM         MM        MM  21    1992  37     MM       36
  AVERAGE         MM                        44     MM       44

PRECIPITATION (IN)
  YESTERDAY        0.07          1.13 1979   0.12  -0.05     0.01
  MONTH TO DATE    6.39                      2.39   4.00     1.67
  SINCE SEP 1     10.36                      6.21   4.15     8.49
  SINCE JAN 1     29.28                     25.38   3.90    36.78

SNOWFALL (IN)
  YESTERDAY        0.0           6.0  1930   0.0    0.0      0.0
  MONTH TO DATE    0.0                       0.4   -0.4      0.0
  SINCE OCT 1      0.0                       0.4   -0.4      0.0
  SINCE JUL 1      0.0                       0.4   -0.4      0.0
  SNOW DEPTH       0

DEGREE DAYS
 HEATING
  YESTERDAY       MM                        21     MM       21
  MONTH TO DATE  308                       329    -21      231
  SINCE SEP 1    558                       583    -25      484
  SINCE JUL 1    739                       730      9      600

 COOLING
  YESTERDAY       MM                         0     MM        0
  MONTH TO DATE    0                         0      0        0
  SINCE SEP 1      5                        17    -12       14
  SINCE JAN 1    113                       195    -82      266
..................................................................


WIND (MPH)
  HIGHEST WIND SPEED     9   HIGHEST WIND DIRECTION     S (160)
  HIGHEST GUST SPEED    MM   HIGHEST GUST DIRECTION    MM
  AVERAGE WIND SPEED     4.7




RELATIVE HUMIDITY (PERCENT)
 HIGHEST    96
 LOWEST     65
 AVERAGE    81

..........................................................


THE SAULT STE MARIE MI CLIMATE NORMALS FOR TODAY
                         NORMAL    RECORD    YEAR
 MAXIMUM TEMPERATURE (F)   52        76      1920
 MINIMUM TEMPERATURE (F)   37        20      1974
                                             1922


SUNRISE AND SUNSET
OCTOBER 20 2014.......SUNRISE   802 AM EDT   SUNSET   642 PM EDT
OCTOBER 21 2014.......SUNRISE   803 AM EDT   SUNSET   640 PM EDT


-  INDICATES NEGATIVE NUMBERS.
R  INDICATES RECORD WAS SET OR TIED.
MM INDICATES DATA IS MISSING.
T  INDICATES TRACE AMOUNT.




$$
