000
CDUS43 KAPX 280539
CLIANJ


CLIMATE REPORT
NATIONAL WEATHER SERVICE GAYLORD MI
1233 AM EST FRI NOV 28 2014


...................................

...THE SAULT STE MARIE MI CLIMATE SUMMARY FOR NOVEMBER 27 2014...

CLIMATE NORMAL PERIOD 1981 TO 2010
CLIMATE RECORD PERIOD 1888 TO 2014


WEATHER ITEM   OBSERVED TIME   RECORD YEAR NORMAL DEPARTURE LAST
                VALUE   (LST)  VALUE       VALUE  FROM      YEAR
                                                  NORMAL
..................................................................
TEMPERATURE (F)
 YESTERDAY
  MAXIMUM         26        MM  53    1896  35     -9       22
  MINIMUM          2        MM  -5    1951  24    -22       11
  AVERAGE         14                        30    -16       17

PRECIPITATION (IN)
  YESTERDAY        0.10          1.13 1966   0.11  -0.01      T
  MONTH TO DATE    6.66                      3.04   3.62     6.23
  SINCE SEP 1     18.25                     10.66   7.59    17.58
  SINCE JAN 1     37.17                     29.83   7.34    45.87

SNOWFALL (IN)
  YESTERDAY        2.7           7.5  1991   0.7    2.0      0.1
  MONTH TO DATE   65.2                      12.7   52.5     13.9
  SINCE OCT 1     65.2                      14.3   50.9     20.6
  SINCE JUL 1     65.2                      14.3   50.9     20.6
  SNOW DEPTH      15

DEGREE DAYS
 HEATING
  YESTERDAY       51                        35     16       48
  MONTH TO DATE 1000                       817    183      841
  SINCE SEP 1   1857                      1675    182     1643
  SINCE JUL 1   2038                      1822    216     1759
..................................................................


WIND (MPH)
  HIGHEST WIND SPEED    18   HIGHEST WIND DIRECTION    NW (310)
  HIGHEST GUST SPEED    28   HIGHEST GUST DIRECTION    NW (320)
  AVERAGE WIND SPEED    10.4




RELATIVE HUMIDITY (PERCENT)
 HIGHEST    88
 LOWEST     65
 AVERAGE    77

..........................................................


THE SAULT STE MARIE MI CLIMATE NORMALS FOR TODAY
                         NORMAL    RECORD    YEAR
 MAXIMUM TEMPERATURE (F)   35        55      1990
 MINIMUM TEMPERATURE (F)   23        -9      1929


SUNRISE AND SUNSET
NOVEMBER 28 2014......SUNRISE   757 AM EST   SUNSET   454 PM EST
NOVEMBER 29 2014......SUNRISE   758 AM EST   SUNSET   453 PM EST


-  INDICATES NEGATIVE NUMBERS.
R  INDICATES RECORD WAS SET OR TIED.
MM INDICATES DATA IS MISSING.
T  INDICATES TRACE AMOUNT.




$$
