000
CDUS43 KAPX 030533
CLIANJ


CLIMATE REPORT
NATIONAL WEATHER SERVICE GAYLORD MI
133 AM EDT TUE MAY 3 2016


...................................

...THE SAULT STE MARIE MI CLIMATE SUMMARY FOR MAY 2 2016...

CLIMATE NORMAL PERIOD 1981 TO 2010
CLIMATE RECORD PERIOD 1888 TO 2016


WEATHER ITEM   OBSERVED TIME   RECORD YEAR NORMAL DEPARTURE LAST
                VALUE   (LST)  VALUE       VALUE  FROM      YEAR
                                                  NORMAL
..................................................................
TEMPERATURE (F)
 YESTERDAY
  MAXIMUM         62    228 PM  82    1951  58      4       71
  MINIMUM         39   1138 PM  21    1958  37      2       45
  AVERAGE         51                        48      3       58

PRECIPITATION (IN)
  YESTERDAY        0.00          0.95 1936   0.07  -0.07      T
  MONTH TO DATE    0.00                      0.15  -0.15      T
  SINCE MAR 1      5.08                      4.49   0.59     3.16
  SINCE JAN 1      8.79                      8.02   0.77     6.53

DEGREE DAYS
 HEATING
  YESTERDAY       14                        18     -4        7
  MONTH TO DATE   27                        36     -9       19
  SINCE MAR 1   1881                      1979    -98     2142
  SINCE JUL 1   7022                      8105  -1083     8921

 COOLING
  YESTERDAY        0                         0      0        0
  MONTH TO DATE    0                         0      0        0
  SINCE MAR 1      0                         0      0        0
  SINCE JAN 1      0                         0      0        0
..................................................................


WIND (MPH)
  HIGHEST WIND SPEED    15   HIGHEST WIND DIRECTION    NW (300)
  HIGHEST GUST SPEED    19   HIGHEST GUST DIRECTION    NW (310)
  AVERAGE WIND SPEED     5.8




RELATIVE HUMIDITY (PERCENT)
 HIGHEST    73
 LOWEST     32
 AVERAGE    53

..........................................................


THE SAULT STE MARIE MI CLIMATE NORMALS FOR TODAY
                         NORMAL    RECORD    YEAR
 MAXIMUM TEMPERATURE (F)   58        82      1934
 MINIMUM TEMPERATURE (F)   38        22      1926


SUNRISE AND SUNSET
MAY  3 2016...........SUNRISE   619 AM EDT   SUNSET   850 PM EDT
MAY  4 2016...........SUNRISE   618 AM EDT   SUNSET   851 PM EDT


-  INDICATES NEGATIVE NUMBERS.
R  INDICATES RECORD WAS SET OR TIED.
MM INDICATES DATA IS MISSING.
T  INDICATES TRACE AMOUNT.




$$
