000
CDUS43 KAPX 220539
CLIANJ


CLIMATE REPORT
NATIONAL WEATHER SERVICE GAYLORD MI
1239 AM EST MON DEC 22 2014


...................................

...THE SAULT STE MARIE MI CLIMATE SUMMARY FOR DECEMBER 21 2014...

CLIMATE NORMAL PERIOD 1981 TO 2010
CLIMATE RECORD PERIOD 1888 TO 2014


WEATHER ITEM   OBSERVED TIME   RECORD YEAR NORMAL DEPARTURE LAST
                VALUE   (LST)  VALUE       VALUE  FROM      YEAR
                                                  NORMAL
..................................................................
TEMPERATURE (F)
 YESTERDAY
  MAXIMUM         32   1159 PM  47    1894  27      5       23
  MINIMUM         24    607 AM -22    1989  14     10       17
  AVERAGE         28                        20      8       20

PRECIPITATION (IN)
  YESTERDAY        T             0.83 1918   0.08  -0.08      T
  MONTH TO DATE    1.80                      1.97  -0.17     1.93
  SINCE DEC 1      1.80                      1.97  -0.17     1.93
  SINCE JAN 1     38.98                     32.13   6.85    47.91

SNOWFALL (IN)
  YESTERDAY        T             5.7  1980   1.2   -1.2      0.1
  MONTH TO DATE   18.2                      22.3   -4.1     21.3
  SINCE OCT 1     83.6                      39.0   44.6     43.0
  SINCE JUL 1     83.6                      39.0   44.6     43.0
  SNOW DEPTH      10

DEGREE DAYS
 HEATING
  YESTERDAY       37                        45     -8       45
  MONTH TO DATE  843                       863    -20     1060
  SINCE DEC 1    843                       863    -20     1060
  SINCE JUL 1   3005                      2795    210     2953
..................................................................


WIND (MPH)
  HIGHEST WIND SPEED    13   HIGHEST WIND DIRECTION    SE (130)
  HIGHEST GUST SPEED    19   HIGHEST GUST DIRECTION    SE (140)
  AVERAGE WIND SPEED     5.2




RELATIVE HUMIDITY (PERCENT)
 HIGHEST    92
 LOWEST     72
 AVERAGE    82

..........................................................


THE SAULT STE MARIE MI CLIMATE NORMALS FOR TODAY
                         NORMAL    RECORD    YEAR
 MAXIMUM TEMPERATURE (F)   27        45      1891
 MINIMUM TEMPERATURE (F)   13       -10      1924


SUNRISE AND SUNSET
DECEMBER 22 2014......SUNRISE   819 AM EST   SUNSET   453 PM EST
DECEMBER 23 2014......SUNRISE   819 AM EST   SUNSET   454 PM EST


-  INDICATES NEGATIVE NUMBERS.
R  INDICATES RECORD WAS SET OR TIED.
MM INDICATES DATA IS MISSING.
T  INDICATES TRACE AMOUNT.




$$
