000
CDUS43 KAPX 220536
CLIANJ


CLIMATE REPORT
NATIONAL WEATHER SERVICE GAYLORD MI
1235 AM EST THU FEB 22 2018


...................................

...THE SAULT STE MARIE MI CLIMATE SUMMARY FOR FEBRUARY 21 2018...

CLIMATE NORMAL PERIOD 1981 TO 2010
CLIMATE RECORD PERIOD 1888 TO 2018


WEATHER ITEM   OBSERVED TIME   RECORD YEAR NORMAL DEPARTURE LAST
                VALUE   (LST)  VALUE       VALUE  FROM      YEAR
                                                  NORMAL
..................................................................
TEMPERATURE (F)
 YESTERDAY
  MAXIMUM         29   1223 AM  46    2017  27      2       46
  MINIMUM         13   1157 PM -17    1936  11      2       33
  AVERAGE         21                        19      2       40

PRECIPITATION (IN)
  YESTERDAY        T             0.54 1937   0.05  -0.05     0.30
  MONTH TO DATE    0.73                      1.00  -0.27     2.36
  SINCE DEC 1      6.24                      5.98   0.26     9.27
  SINCE JAN 1      2.52                      3.19  -0.67     5.02

SNOWFALL (IN)
  YESTERDAY        0.1           5.2  1933   0.6   -0.5      0.0
  MONTH TO DATE   10.7                      14.7   -4.0     32.7
  SINCE OCT 1     85.6                      96.3  -10.7    117.7
  SINCE JUL 1     85.6                      96.3  -10.7    117.7
  SNOW DEPTH      17

DEGREE DAYS
 HEATING
  YESTERDAY       44                        46     -2       25
  MONTH TO DATE 1046                      1010     36      860
  SINCE DEC 1   4007                      3878    129     3358
  SINCE JUL 1   5592                      5810   -218     4628
..................................................................


WIND (MPH)
  HIGHEST WIND SPEED    23   HIGHEST WIND DIRECTION     W (290)
  HIGHEST GUST SPEED    31   HIGHEST GUST DIRECTION     W (290)
  AVERAGE WIND SPEED     9.1




RELATIVE HUMIDITY (PERCENT)
 HIGHEST    85
 LOWEST     68
 AVERAGE    77

..........................................................


THE SAULT STE MARIE MI CLIMATE NORMALS FOR TODAY
                         NORMAL    RECORD    YEAR
 MAXIMUM TEMPERATURE (F)   28        47      2017
 MINIMUM TEMPERATURE (F)   11       -23      1907


SUNRISE AND SUNSET
FEBRUARY 22 2018......SUNRISE   729 AM EST   SUNSET   613 PM EST
FEBRUARY 23 2018......SUNRISE   727 AM EST   SUNSET   615 PM EST


-  INDICATES NEGATIVE NUMBERS.
R  INDICATES RECORD WAS SET OR TIED.
MM INDICATES DATA IS MISSING.
T  INDICATES TRACE AMOUNT.




$$
