000
CDUS43 KAPX 260530
CLIANJ


CLIMATE REPORT
NATIONAL WEATHER SERVICE GAYLORD MI
128 AM EDT THU MAY 26 2016


...................................

...THE SAULT STE MARIE MI CLIMATE SUMMARY FOR MAY 25 2016...

CLIMATE NORMAL PERIOD 1981 TO 2010
CLIMATE RECORD PERIOD 1888 TO 2016


WEATHER ITEM   OBSERVED TIME   RECORD YEAR NORMAL DEPARTURE LAST
                VALUE   (LST)  VALUE       VALUE  FROM      YEAR
                                                  NORMAL
..................................................................
TEMPERATURE (F)
 YESTERDAY
  MAXIMUM         75    447 PM  86    2010  66      9       62
  MINIMUM         51    231 AM  28    1969  43      8       54
  AVERAGE         63                        54      9       58

PRECIPITATION (IN)
  YESTERDAY        0.00          1.55 2001   0.08  -0.08     0.85
  MONTH TO DATE    0.69                      2.03  -1.34     1.87
  SINCE MAR 1      5.77                      6.37  -0.60     5.03
  SINCE JAN 1      9.48                      9.90  -0.42     8.40

DEGREE DAYS
 HEATING
  YESTERDAY        2                        11     -9        7
  MONTH TO DATE  339                       353    -14      314
  SINCE MAR 1   2193                      2296   -103     2437
  SINCE JUL 1   7334                      8422  -1088     9216

 COOLING
  YESTERDAY        0                         0      0        0
  MONTH TO DATE    1                         0      1        0
  SINCE MAR 1      1                         0      1        0
  SINCE JAN 1      1                         0      1        0
..................................................................


WIND (MPH)
  HIGHEST WIND SPEED    12   HIGHEST WIND DIRECTION    SE (130)
  HIGHEST GUST SPEED    16   HIGHEST GUST DIRECTION    SE (140)
  AVERAGE WIND SPEED     4.6




RELATIVE HUMIDITY (PERCENT)
 HIGHEST   100
 LOWEST     49
 AVERAGE    75

..........................................................


THE SAULT STE MARIE MI CLIMATE NORMALS FOR TODAY
                         NORMAL    RECORD    YEAR
 MAXIMUM TEMPERATURE (F)   66        86      2010
 MINIMUM TEMPERATURE (F)   43        24      1969


SUNRISE AND SUNSET
MAY 26 2016...........SUNRISE   552 AM EDT   SUNSET   917 PM EDT
MAY 27 2016...........SUNRISE   551 AM EDT   SUNSET   918 PM EDT


-  INDICATES NEGATIVE NUMBERS.
R  INDICATES RECORD WAS SET OR TIED.
MM INDICATES DATA IS MISSING.
T  INDICATES TRACE AMOUNT.




$$
