000
CDUS43 KAPX 292127
CLIANJ


CLIMATE REPORT
NATIONAL WEATHER SERVICE GAYLORD MI
527 PM EDT FRI JUL 29 2016


...................................

...THE SAULT STE MARIE MI CLIMATE SUMMARY FOR JULY 29 2016...
VALID TODAY AS OF 0500 PM LOCAL TIME.

CLIMATE NORMAL PERIOD 1981 TO 2010
CLIMATE RECORD PERIOD 1888 TO 2016


WEATHER ITEM   OBSERVED TIME   RECORD YEAR NORMAL DEPARTURE LAST
                VALUE   (LST)  VALUE       VALUE  FROM      YEAR
                                                  NORMAL
..................................................................
TEMPERATURE (F)
 TODAY
  MAXIMUM         79    245 PM  96    1916  77      2       85
  MINIMUM         58    531 AM  40    1968  56      2       63
  AVERAGE         69                        66      3       74

PRECIPITATION (IN)
  TODAY            0.00          1.59 1996   0.10  -0.10     0.00
  MONTH TO DATE    3.33                      2.65   0.68     3.05
  SINCE JUN 1      5.21                      5.35  -0.14     5.78
  SINCE JAN 1     15.76                     15.79  -0.03    14.48

DEGREE DAYS
 HEATING
  TODAY            0                         2     -2        0
  MONTH TO DATE   23                        68    -45       51
  SINCE JUN 1    186                       248    -62      239
  SINCE JUL 1     23                        68    -45       51

 COOLING
  TODAY            4                         3      1        9
  MONTH TO DATE  122                        78     44       91
  SINCE JUN 1    158                       108     50       98
  SINCE JAN 1    169                       113     56      100
..................................................................


WIND (MPH)
  RESULTANT WIND SPEED   2   RESULTANT WIND DIRECTION  NE (60)
  HIGHEST WIND SPEED    12   HIGHEST WIND DIRECTION    NW (310)
  HIGHEST GUST SPEED    16   HIGHEST GUST DIRECTION    NW (310)
  AVERAGE WIND SPEED     4.2


SKY COVER
  POSSIBLE SUNSHINE  MM
  AVERAGE SKY COVER 0.1


WEATHER CONDITIONS
 THE FOLLOWING WEATHER WAS RECORDED TODAY.
  NO SIGNIFICANT WEATHER WAS OBSERVED.


RELATIVE HUMIDITY (PERCENT)
 HIGHEST    80           500 AM
 LOWEST     39           200 PM
 AVERAGE    60

..........................................................


THE SAULT STE MARIE MI CLIMATE NORMALS FOR TOMORROW
                         NORMAL    RECORD    YEAR
 MAXIMUM TEMPERATURE (F)   76        98      1916
 MINIMUM TEMPERATURE (F)   56        40      1992
                                             1971


SUNRISE AND SUNSET
JULY 29 2016..........SUNRISE   615 AM EDT   SUNSET   912 PM EDT
JULY 30 2016..........SUNRISE   617 AM EDT   SUNSET   910 PM EDT


-  INDICATES NEGATIVE NUMBERS.
R  INDICATES RECORD WAS SET OR TIED.
MM INDICATES DATA IS MISSING.
T  INDICATES TRACE AMOUNT.




$$
