000
CDUS43 KAPX 302127
CLIANJ


CLIMATE REPORT
NATIONAL WEATHER SERVICE GAYLORD MI
527 PM EDT THU MAR 30 2017


...................................

...THE SAULT STE MARIE MI CLIMATE SUMMARY FOR MARCH 30 2017...
VALID TODAY AS OF 0500 PM LOCAL TIME.

CLIMATE NORMAL PERIOD 1981 TO 2010
CLIMATE RECORD PERIOD 1888 TO 2017


WEATHER ITEM   OBSERVED TIME   RECORD YEAR NORMAL DEPARTURE LAST
                VALUE   (LST)  VALUE       VALUE  FROM      YEAR
                                                  NORMAL
..................................................................
TEMPERATURE (F)
 TODAY
  MAXIMUM         42    201 PM  63    1910  41      1       43
  MINIMUM         33    103 AM   0    1923  24      9       31
  AVERAGE         38                        32      6       37

PRECIPITATION (IN)
  TODAY            0.00          0.94 1976   0.08  -0.08     0.26
  MONTH TO DATE    1.95                      1.88   0.07     2.16
  SINCE MAR 1      1.95                      1.88   0.07     2.16
  SINCE JAN 1      7.91                      5.41   2.50     5.87

SNOWFALL (IN)
  TODAY            0.0           3.8  1988   0.3             0.0
  MONTH TO DATE   13.8                      13.1             8.2
  SINCE OCT 1    136.9                     113.3            72.4
  SINCE JUL 1    136.9                     113.3            72.4

DEGREE DAYS
 HEATING
  TODAY           27                        33     -6       28
  MONTH TO DATE 1176                      1168      8      980
  SINCE MAR 1   1176                      1168      8      980
  SINCE JUL 1   6050                      7294  -1244     6121

 COOLING
  TODAY            0                         0      0        0
  MONTH TO DATE    0                         0      0        0
  SINCE MAR 1      0                         0      0        0
  SINCE JAN 1      0                         0      0        0
..................................................................


WIND (MPH)
  RESULTANT WIND SPEED   9   RESULTANT WIND DIRECTION   E (110)
  HIGHEST WIND SPEED    18   HIGHEST WIND DIRECTION    SE (140)
  HIGHEST GUST SPEED    28   HIGHEST GUST DIRECTION    SE (120)
  AVERAGE WIND SPEED     9.1


SKY COVER
  POSSIBLE SUNSHINE  MM
  AVERAGE SKY COVER 0.3


WEATHER CONDITIONS
 THE FOLLOWING WEATHER WAS RECORDED TODAY.
  NO SIGNIFICANT WEATHER WAS OBSERVED.


RELATIVE HUMIDITY (PERCENT)
 HIGHEST    69          1200 AM
 LOWEST     46           200 PM
 AVERAGE    58

..........................................................


THE SAULT STE MARIE MI CLIMATE NORMALS FOR TOMORROW
                         NORMAL    RECORD    YEAR
 MAXIMUM TEMPERATURE (F)   41        63      1999
 MINIMUM TEMPERATURE (F)   24        -6      1923


SUNRISE AND SUNSET
MARCH 30 2017.........SUNRISE   720 AM EDT   SUNSET   804 PM EDT
MARCH 31 2017.........SUNRISE   718 AM EDT   SUNSET   805 PM EDT


-  INDICATES NEGATIVE NUMBERS.
R  INDICATES RECORD WAS SET OR TIED.
MM INDICATES DATA IS MISSING.
T  INDICATES TRACE AMOUNT.




$$
