000
CDUS43 KAPX 162130
CLIANJ


CLIMATE REPORT
NATIONAL WEATHER SERVICE GAYLORD MI
530 PM EDT TUE SEP 16 2014


...................................

...THE SAULT STE MARIE MI CLIMATE SUMMARY FOR SEPTEMBER 16 2014...
VALID TODAY AS OF 0500 PM LOCAL TIME.

CLIMATE NORMAL PERIOD 1981 TO 2010
CLIMATE RECORD PERIOD 1888 TO 2014


WEATHER ITEM   OBSERVED TIME   RECORD YEAR NORMAL DEPARTURE LAST
                VALUE   (LST)  VALUE       VALUE  FROM      YEAR
                                                  NORMAL
..................................................................
TEMPERATURE (F)
 TODAY
  MAXIMUM         65    208 PM  81    1946  67     -2       55
  MINIMUM         40    701 AM  29    1964  48     -8       37
  AVERAGE         53                        57     -4       46

PRECIPITATION (IN)
  TODAY            0.00          1.51 1931   0.13  -0.13     0.00
  MONTH TO DATE    3.02                      1.98   1.04     5.83
  SINCE SEP 1      3.02                      1.98   1.04     5.83
  SINCE JAN 1     21.94                     21.15   0.79    34.12

DEGREE DAYS
 HEATING
  TODAY           12                         8      4       19
  MONTH TO DATE  124                       100     24      123
  SINCE SEP 1    124                       100     24      123
  SINCE JUL 1    305                       247     58      239

 COOLING
  TODAY            0                         0      0        0
  MONTH TO DATE    4                        15    -11       12
  SINCE SEP 1      4                        15    -11       12
  SINCE JAN 1    112                       193    -81      264
..................................................................


WIND (MPH)
  RESULTANT WIND SPEED   7   RESULTANT WIND DIRECTION   W (250)
  HIGHEST WIND SPEED    17   HIGHEST WIND DIRECTION    SW (230)
  HIGHEST GUST SPEED    23   HIGHEST GUST DIRECTION    SW (230)
  AVERAGE WIND SPEED     7.1


SKY COVER
  POSSIBLE SUNSHINE  MM
  AVERAGE SKY COVER 0.1


WEATHER CONDITIONS
 THE FOLLOWING WEATHER WAS RECORDED TODAY.
  NO SIGNIFICANT WEATHER WAS OBSERVED.


RELATIVE HUMIDITY (PERCENT)
 HIGHEST    93          1200 AM
 LOWEST     37           100 PM
 AVERAGE    65

..........................................................


THE SAULT STE MARIE MI CLIMATE NORMALS FOR TOMORROW
                         NORMAL    RECORD    YEAR
 MAXIMUM TEMPERATURE (F)   66        86      1891
 MINIMUM TEMPERATURE (F)   47        27      1990


SUNRISE AND SUNSET
SEPTEMBER 16 2014.....SUNRISE   717 AM EDT   SUNSET   747 PM EDT
SEPTEMBER 17 2014.....SUNRISE   718 AM EDT   SUNSET   745 PM EDT


-  INDICATES NEGATIVE NUMBERS.
R  INDICATES RECORD WAS SET OR TIED.
MM INDICATES DATA IS MISSING.
T  INDICATES TRACE AMOUNT.




$$
