000
CDUS43 KAPX 240537
CLIANJ


CLIMATE REPORT
NATIONAL WEATHER SERVICE GAYLORD MI
137 AM EDT SUN MAY 24 2015


...................................

...THE SAULT STE MARIE MI CLIMATE SUMMARY FOR MAY 23 2015...

CLIMATE NORMAL PERIOD 1981 TO 2010
CLIMATE RECORD PERIOD 1888 TO 2015


WEATHER ITEM   OBSERVED TIME   RECORD YEAR NORMAL DEPARTURE LAST
                VALUE   (LST)  VALUE       VALUE  FROM      YEAR
                                                  NORMAL
..................................................................
TEMPERATURE (F)
 YESTERDAY
  MAXIMUM         74    338 PM  89    1975  65      9       64
  MINIMUM         30    447 AM  28    1963  43    -13       38
                                      1956
  AVERAGE         52                        54     -2       51

PRECIPITATION (IN)
  YESTERDAY        0.00          1.12 1910   0.09  -0.09     0.00
  MONTH TO DATE    1.02                      1.86  -0.84     2.77
  SINCE MAR 1      4.18                      6.20  -2.02     8.68
  SINCE JAN 1      7.55                      9.73  -2.18    12.04

DEGREE DAYS
 HEATING
  YESTERDAY       13                        11      2       14
  MONTH TO DATE  304                       331    -27      430
  SINCE MAR 1   2427                      2274    153     2814
  SINCE JUL 1   9206                      8400    806     9594

 COOLING
  YESTERDAY        0                         0      0        0
  MONTH TO DATE    0                         0      0        0
  SINCE MAR 1      0                         0      0        0
  SINCE JAN 1      0                         0      0        0
..................................................................


WIND (MPH)
  HIGHEST WIND SPEED    24   HIGHEST WIND DIRECTION    SW (240)
  HIGHEST GUST SPEED    32   HIGHEST GUST DIRECTION     W (250)
  AVERAGE WIND SPEED     8.5




RELATIVE HUMIDITY (PERCENT)
 HIGHEST    85
 LOWEST     25
 AVERAGE    55

..........................................................


THE SAULT STE MARIE MI CLIMATE NORMALS FOR TODAY
                         NORMAL    RECORD    YEAR
 MAXIMUM TEMPERATURE (F)   65        87      1980
                                             1975
 MINIMUM TEMPERATURE (F)   43        27      1956
                                             1925


SUNRISE AND SUNSET
MAY 24 2015...........SUNRISE   555 AM EDT   SUNSET   915 PM EDT
MAY 25 2015...........SUNRISE   554 AM EDT   SUNSET   916 PM EDT


-  INDICATES NEGATIVE NUMBERS.
R  INDICATES RECORD WAS SET OR TIED.
MM INDICATES DATA IS MISSING.
T  INDICATES TRACE AMOUNT.




$$
