000
CDAK47 PANT 200005
CLIANN

CLIMATE REPORT
NATIONAL WEATHER SERVICE ANNETTE, AK
405 PM AKDT TUE AUG 19 2014

...................................
...THE ANNETTE WSO AP CLIMATE SUMMARY FOR AUGUST 19 2014...
VALID TODAY AS OF 2:00 PM LOCAL TIME

CLIMATE NORMAL PERIOD  1981 TO  2010
CLIMATE RECORD PERIOD  1948 TO  2014

WEATHER ITEM   OBSERVED TIME    RECORD YEAR NORMAL DEPARTURE LAST
               VALUE    (LST)   VALUE       VALUE  FROM      YEAR
                                                   NORMAL
...................................................................
TEMPERATURE
TODAY
 MAXIMUM            70  0159 PM    85  1977     65       5     63
 MINIMUM            51  0524 AM    43  1973     53      -2     53
 AVERAGE            61                          59       2     58

PRECIPITATION
(INCHES)
 TODAY            0.00           1.61  2011   0.24   -0.24   0.19
 MONTH TO DATE    3.05                        3.81   -0.76   2.37
 SINCE JUN 1     18.40                       13.34    5.06   9.95
 SINCE JAN 1     59.20                       51.76    7.44  49.26

SNOWFALL
(INCHES)
 TODAY             0.0            0.0  2014    0.0     0.0    0.0
 MONTH TO DATE     0.0                         0.0     0.0    0.0
 SINCE JUN 1       0.0                         0.0     0.0    0.0
 SINCE JUL 1       0.0                         0.0     0.0    0.0
 SNOW DEPTH (IN)     0                                          0

DEGREE DAYS
 HEATING
  TODAY              4                           6      -2      7
  MONTH TO DATE     MM                         108      MM     85
  SINCE JUN 1      829                         612     217    456
  SINCE JUL 1      502                         314     188    236

 COOLING
  TODAY              0                           0       0      0
  MONTH TO DATE     MM                           0      MM      2
  SINCE JUN 1       13                           0      13     22
  SINCE JAN 1       MM                           0      MM     22
...................................................................

WIND (MPH)
 HIGHEST WIND SPEED    14     HIGHEST WIND DIRECTION    320
 HIGHEST GUST SPEED    18     HIGHEST GUST DIRECTION    310
 AVERAGE WIND SPEED   0.0

SKY COVER
  POSSIBLE SUNSHINE  MM            AVERAGE SKY COVER MM

WEATHER CONDITIONS
 THE FOLLOWING WEATHER WAS RECORDED TODAY.
NO SIGNIFICANT WEATHER WAS OBSERVED.

RELATIVE HUMIDITY
 HIGHEST RH     MM PERCENT       MM
 LOWEST  RH     MM PERCENT       MM
 AVERAGE RH     MM PERCENT       MM
...................................................................

THE ANNETTE CLIMATE NORMALS FOR TOMORROW
                        NORMAL    RECORD   YEAR
 MAXIMUM TEMPERATURE      65        83     1979
 MINIMUM TEMPERATURE      53        45     1987

SUNRISE AND SUNSET
 AUG 19 2014..........SUNRISE  5:29 AM      SUNSET  8:10 PM
 AUG 20 2014..........SUNRISE  5:31 AM      SUNSET  8:08 PM

-  INDICATES NEGATIVE NUMBERS.
R  INDICATES RECORD HAS BEEN SET OR TIED.
MM INDICATES DATA IS MISSING.
T  INDICATES TRACE OF PRECIPITATION.

&&
-------------------------------------------------------------------

AMOUNT OF DAYLIGHT TODAY  (HOUR:MIN)........14 HOURS 41 MINUTES
GAIN/LOSS SINCE YESTERDAY (HOUR:MIN:SEC)....-0:04:12

$$
TR AUG 14
