854
CDAK47 PAJK 241316
CLIANN
CLIMATE REPORT
NATIONAL WEATHER SERVICE JUNEAU, AK
414 AM AKST FRI NOV 44 2017


...................................

...THE ANNETTE ISLAND CLIMATE SUMMARY FOR NOVEMBER 23 2017...

CLIMATE NORMAL PERIOD 1981 TO 2010
CLIMATE RECORD PERIOD 1941 TO 2017


WEATHER ITEM   OBSERVED RECORD YEAR NORMAL DEPARTURE LAST
                VALUE   VALUE       VALUE  FROM      YEAR
                                           NORMAL
...........................................................
TEMPERATURE (F)
 YESTERDAY
  MAXIMUM         44     53    2005  43      1       49
                               2002
                               1995
  MINIMUM         35     14    1985  34      1       41
  AVERAGE         40                 39      1       45

PRECIPITATION (IN)
  YESTERDAY        0.40   2.67 1957   0.39   0.01     0.34
  MONTH TO DATE    4.71               9.62  -4.91     8.16
  SINCE JAN 1     85.20              88.24  -3.04    84.53

SNOWFALL (IN)
  YESTERDAY        0.0    7.0  1973   0.2   -0.2      0.0
  MONTH TO DATE    0.0                2.4   -2.4      0.0
  SINCE JUL 1      0.0                2.5   -2.5      0.0
  SNOW DEPTH       0

DEGREE DAYS
 HEATING
  YESTERDAY       25                 26     -1       20
  MONTH TO DATE  604                563     41      421
...........................................................


WIND (MPH)
  HIGHEST WIND SPEED    13   HIGHEST WIND DIRECTION     S (160)
  HIGHEST GUST SPEED    30   HIGHEST GUST DIRECTION    SE (150)
  AVERAGE WIND SPEED     5.8


SKY COVER
  AVERAGE SKY COVER 0.7


WEATHER CONDITIONS
 THE FOLLOWING WEATHER WAS RECORDED YESTERDAY.
  HEAVY RAIN
  RAIN
  LIGHT RAIN
  FOG


..........................................................


THE ANNETTE ISLAND CLIMATE NORMALS FOR TODAY
                         NORMAL    RECORD    YEAR
 MAXIMUM TEMPERATURE (F)   43        57      1992
                                             1943
 MINIMUM TEMPERATURE (F)   34        13      1955


SUNRISE AND SUNSET
NOVEMBER 24 2017......SUNRISE   736 AM AKST  SUNSET   329 PM AKST
NOVEMBER 25 2017......SUNRISE   738 AM AKST  SUNSET   328 PM AKST


-  INDICATES NEGATIVE NUMBERS.
R  INDICATES RECORD WAS SET OR TIED.
MM INDICATES DATA IS MISSING.
T  INDICATES TRACE AMOUNT.




$$
--------------------------------------------------------------

AMOUNT OF DAYLIGHT TODAY (HOUR:MIN)......... 7 HOURS 53 MINUTES
GAIN/LOSS SINCE YESTERDAY (HOUR:MIN:SEC).... -0:03:01

$$
