963
CDAK47 PANT 120911
CLIANN

CLIMATE REPORT
NATIONAL WEATHER SERVICE ANNETTE, AK
1211 AM AKST FRI FEB 12 2016

...................................
...THE ANNETTE WSO AP CLIMATE SUMMARY FOR FEBRUARY 11 2016...

CLIMATE NORMAL PERIOD  1981 TO  2010
CLIMATE RECORD PERIOD  1948 TO  2016

WEATHER ITEM   OBSERVED TIME    RECORD YEAR NORMAL DEPARTURE LAST
               VALUE    (LST)   VALUE       VALUE  FROM      YEAR
                                                   NORMAL
...................................................................
TEMPERATURE
YESTERDAY
 MAXIMUM            54  0757 PM    60  1993     43      11     48
 MINIMUM            47  1159 PM     7  1975     33      14     42
 AVERAGE            51                          38      13     45

PRECIPITATION
(INCHES)
 YESTERDAY        0.05           2.40  2005   0.26   -0.21   1.30
 MONTH TO DATE    7.50                        3.09    4.41   4.73
 SINCE DEC 1     23.93                       24.54   -0.61  32.40
 SINCE JAN 1     17.00                       13.82    3.18  19.44

SNOWFALL
(INCHES)
 YESTERDAY         0.0            8.9  1999    0.3    -0.3    0.0
 MONTH TO DATE       T                         2.8    -2.8    2.3
 SINCE DEC 1       4.1                        18.5   -14.4    6.0
 SINCE JUL 1       5.0                        22.1   -17.1   10.2
 SNOW DEPTH (IN)     0                                          0

DEGREE DAYS
 HEATING
  YESTERDAY         14                          27     -13     20
  MONTH TO DATE    244                         300     -56    294
  SINCE DEC 1     1877                        2029    -152   1713
  SINCE JUL 1     3650                        4079    -429     MM

 COOLING
  YESTERDAY          0                           0       0      0
  MONTH TO DATE      0                           0       0      0
  SINCE DEC 1        0                           0       0      0
  SINCE JAN 1        0                           0       0      0
...................................................................

WIND (MPH)
 HIGHEST WIND SPEED    29     HIGHEST WIND DIRECTION    140
 HIGHEST GUST SPEED    43     HIGHEST GUST DIRECTION    130
 AVERAGE WIND SPEED  11.4

SKY COVER
  POSSIBLE SUNSHINE    MM          AVERAGE SKY COVER     MM

WEATHER CONDITIONS
 THE FOLLOWING WEATHER WAS RECORDED YESTERDAY.
  RAIN


RELATIVE HUMIDITY
 HIGHEST RH     MM PERCENT       MM
 LOWEST  RH     MM PERCENT       MM
 AVERAGE RH     MM PERCENT       MM
...................................................................

THE ANNETTE CLIMATE NORMALS FOR TODAY
                           NORMAL    RECORD   YEAR
 MAXIMUM TEMPERATURE (F)     43        54     1963
 MINIMUM TEMPERATURE (F)     33        10     1975

SUNRISE AND SUNSET
 FEB 12 2016..........SUNRISE  7:16 AM      SUNSET  4:46 PM
 FEB 13 2016..........SUNRISE  7:14 AM      SUNSET  4:49 PM

-  INDICATES NEGATIVE NUMBERS.
R  INDICATES RECORD HAS BEEN SET OR TIED.
MM INDICATES DATA IS MISSING.
T  INDICATES TRACE OF PRECIPITATION.

&&
-------------------------------------------------------------------

AMOUNT OF DAYLIGHT TODAY  (HOUR:MIN)........9 HOURS 30 MINUTES
GAIN/LOSS SINCE YESTERDAY (HOUR:MIN:SEC)....+0:04:13

$$
MM FEB 16
