000
CDAK47 PANT 050930
CLIANN

CLIMATE REPORT
NATIONAL WEATHER SERVICE ANNETTE, AK
130 AM AKDT SAT SEP 5 2015

...................................
...THE ANNETTE WSO AP CLIMATE SUMMARY FOR SEPTEMBER 4 2015...

CLIMATE NORMAL PERIOD  1981 TO  2010
CLIMATE RECORD PERIOD  1948 TO  2015

WEATHER ITEM   OBSERVED TIME    RECORD YEAR NORMAL DEPARTURE LAST
               VALUE    (LST)   VALUE       VALUE  FROM      YEAR
                                                   NORMAL
...................................................................
TEMPERATURE
YESTERDAY
 MAXIMUM            65  1155 AM    77  1949     62       3     60
 MINIMUM            43  0551 AM    41  1992     50      -7     50
 AVERAGE            54                          56      -2     55

PRECIPITATION
(INCHES)
 YESTERDAY        0.00           2.20  1975   0.29   -0.29      T
 MONTH TO DATE    1.05                        1.15   -0.10   0.04
 SINCE SEP 1      1.05                        1.15   -0.10   0.04
 SINCE JAN 1     65.77                       56.06    9.71  62.12

SNOWFALL
(INCHES)
 YESTERDAY         0.0            0.0  2015    0.0     0.0    0.0
 MONTH TO DATE     0.0                         0.0     0.0    0.0
 SINCE SEP 1       0.0                         0.0     0.0    0.0
 SINCE JUL 1       0.0                         0.0     0.0    0.0
 SNOW DEPTH (IN)     0                                          0

DEGREE DAYS
 HEATING
  YESTERDAY         11                           9       2     10
  MONTH TO DATE     46                          35      11     32
  SINCE SEP 1       46                          35      11     32
  SINCE JUL 1      338                         436     -98     MM

 COOLING
  YESTERDAY          0                           0       0      0
  MONTH TO DATE      0                           0       0      0
  SINCE SEP 1        0                           0       0      0
  SINCE JAN 1       37                           0      37     MM
...................................................................

WIND (MPH)
 HIGHEST WIND SPEED     9     HIGHEST WIND DIRECTION    130
 HIGHEST GUST SPEED    15     HIGHEST GUST DIRECTION    120
 AVERAGE WIND SPEED   3.4

SKY COVER
  POSSIBLE SUNSHINE    MM          AVERAGE SKY COVER     MM

WEATHER CONDITIONS
 THE FOLLOWING WEATHER WAS RECORDED YESTERDAY.
  FOG


RELATIVE HUMIDITY
 HIGHEST RH     MM PERCENT       MM
 LOWEST  RH     MM PERCENT       MM
 AVERAGE RH     MM PERCENT       MM
...................................................................

THE ANNETTE CLIMATE NORMALS FOR TODAY
                           NORMAL    RECORD   YEAR
 MAXIMUM TEMPERATURE (F)     62        78     1993
 MINIMUM TEMPERATURE (F)     50        43     1998

SUNRISE AND SUNSET
 SEP 5 2015..........SUNRISE  6:00 AM      SUNSET  7:29 PM
 SEP 6 2015..........SUNRISE  6:02 AM      SUNSET  7:27 PM

-  INDICATES NEGATIVE NUMBERS.
R  INDICATES RECORD HAS BEEN SET OR TIED.
MM INDICATES DATA IS MISSING.
T  INDICATES TRACE OF PRECIPITATION.

&&
-------------------------------------------------------------------

AMOUNT OF DAYLIGHT TODAY  (HOUR:MIN)........13 HOURS 29 MINUTES
GAIN/LOSS SINCE YESTERDAY (HOUR:MIN:SEC)....-0:04:23

$$
JH SEP 15
