000
CDUS41 KCTP 030636
CLIAOO


CLIMATE REPORT
NATIONAL WEATHER SERVICE STATE COLLEGE PA
236 AM EDT MON AUG 3 2015


...................................

...THE ALTOONA CLIMATE SUMMARY FOR AUGUST 2 2015...

CLIMATE NORMAL PERIOD 1981 TO 2010
CLIMATE RECORD PERIOD 1948 TO 2015


WEATHER ITEM   OBSERVED TIME   RECORD YEAR NORMAL DEPARTURE LAST
                VALUE   (LST)  VALUE       VALUE  FROM      YEAR
                                                  NORMAL
..................................................................
TEMPERATURE (F)
 YESTERDAY
  MAXIMUM         83    427 PM  97    1955  81      2       79
  MINIMUM         58    541 AM  50    1998  60     -2       60
  AVERAGE         71                        71      0       70

PRECIPITATION (IN)
  YESTERDAY        0.00          1.59 2003   0.10  -0.10     0.00
  MONTH TO DATE    0.00                      0.20  -0.20     0.00
  SINCE JUN 1     13.27                      6.94   6.33    10.17
  SINCE JAN 1     22.77                     21.12   1.65    23.67

DEGREE DAYS
 HEATING
  YESTERDAY        0                         0      0        0
  MONTH TO DATE    0                         0      0        0
  SINCE JUN 1     42                        68    -26       29
  SINCE JUL 1      3                        10     -7       14

 COOLING
  YESTERDAY        6                         6      0        5
  MONTH TO DATE   13                        12      1        7
  SINCE JUN 1    347                       306     41      311
  SINCE JAN 1    451                       339    112      358
..................................................................


WIND (MPH)
  HIGHEST WIND SPEED    13   HIGHEST WIND DIRECTION    SW (230)
  HIGHEST GUST SPEED    20   HIGHEST GUST DIRECTION    SW (220)
  AVERAGE WIND SPEED     5.8


SKY COVER
  POSSIBLE SUNSHINE  MM
  AVERAGE SKY COVER 0.2


WEATHER CONDITIONS
 THE FOLLOWING WEATHER WAS RECORDED YESTERDAY.
  NO SIGNIFICANT WEATHER WAS OBSERVED.


RELATIVE HUMIDITY (PERCENT)
 HIGHEST    93           200 AM
 LOWEST     47           200 PM
 AVERAGE    70

..........................................................


THE ALTOONA CLIMATE NORMALS FOR TODAY
                         NORMAL    RECORD    YEAR
 MAXIMUM TEMPERATURE (F)   81        93      1955
 MINIMUM TEMPERATURE (F)   60        48      1959


SUNRISE AND SUNSET
AUGUST  3 2015........SUNRISE   613 AM EDT   SUNSET   826 PM EDT
AUGUST  4 2015........SUNRISE   614 AM EDT   SUNSET   825 PM EDT


-  INDICATES NEGATIVE NUMBERS.
R  INDICATES RECORD WAS SET OR TIED.
MM INDICATES DATA IS MISSING.
T  INDICATES TRACE AMOUNT.




$$
