000
CDUS41 KCTP 190619
CLIAOO


CLIMATE REPORT
NATIONAL WEATHER SERVICE STATE COLLEGE PA
219 AM EDT SAT APR 19 2014


...................................

...THE ALTOONA CLIMATE SUMMARY FOR APRIL 18 2014...

CLIMATE NORMAL PERIOD 1981 TO 2010
CLIMATE RECORD PERIOD 1948 TO 2014


WEATHER ITEM   OBSERVED TIME   RECORD YEAR NORMAL DEPARTURE LAST
                VALUE   (LST)  VALUE       VALUE  FROM      YEAR
                                                  NORMAL
..................................................................
TEMPERATURE (F)
 YESTERDAY
  MAXIMUM         59    406 PM  89    1976  61     -2       70
  MINIMUM         33    620 AM  26    1983  39     -6       59
  AVERAGE         46                        50     -4       65

PRECIPITATION (IN)
  YESTERDAY        0.00          0.88 1963   0.10  -0.10     0.00
  MONTH TO DATE    2.05                      1.92   0.13     1.79
  SINCE MAR 1      4.10                      4.99  -0.89     3.98
  SINCE JAN 1      7.46                      9.20  -1.74     7.65

DEGREE DAYS
 HEATING
  YESTERDAY       19                        15      4        1
  MONTH TO DATE  290                       330    -40      257
  SINCE MAR 1   1237                      1189     48     1230
  SINCE JUL 1   5981                      5744    237     5552

 COOLING
  YESTERDAY        0                         0      0        0
  MONTH TO DATE    6                         0      6       11
  SINCE MAR 1      6                         1      5       11
  SINCE JAN 1      6                         1      5       11
..................................................................


WIND (MPH)
  HIGHEST WIND SPEED    13   HIGHEST WIND DIRECTION     S (180)
  HIGHEST GUST SPEED    15   HIGHEST GUST DIRECTION    SW (220)
  AVERAGE WIND SPEED     6.0


SKY COVER
  POSSIBLE SUNSHINE  MM
  AVERAGE SKY COVER 0.0


WEATHER CONDITIONS
 THE FOLLOWING WEATHER WAS RECORDED YESTERDAY.
  NO SIGNIFICANT WEATHER WAS OBSERVED.


RELATIVE HUMIDITY (PERCENT)
 HIGHEST    89           600 AM
 LOWEST     37           300 PM
 AVERAGE    63

..........................................................


THE ALTOONA CLIMATE NORMALS FOR TODAY
                         NORMAL    RECORD    YEAR
 MAXIMUM TEMPERATURE (F)   61        85      1972
 MINIMUM TEMPERATURE (F)   39        23      1983


SUNRISE AND SUNSET
APRIL 19 2014.........SUNRISE   629 AM EDT   SUNSET   756 PM EDT
APRIL 20 2014.........SUNRISE   628 AM EDT   SUNSET   757 PM EDT


-  INDICATES NEGATIVE NUMBERS.
R  INDICATES RECORD WAS SET OR TIED.
MM INDICATES DATA IS MISSING.
T  INDICATES TRACE AMOUNT.




$$
