000
CDUS41 KCTP 062118
CLIAOO


CLIMATE REPORT
NATIONAL WEATHER SERVICE STATE COLLEGE PA
518 PM EDT MON JUL 6 2015


...................................

...THE ALTOONA CLIMATE SUMMARY FOR JULY 6 2015...
VALID TODAY AS OF 0500 PM LOCAL TIME.

CLIMATE NORMAL PERIOD 1981 TO 2010
CLIMATE RECORD PERIOD 1948 TO 2015


WEATHER ITEM   OBSERVED TIME   RECORD YEAR NORMAL DEPARTURE LAST
                VALUE   (LST)  VALUE       VALUE  FROM      YEAR
                                                  NORMAL
..................................................................
TEMPERATURE (F)
 TODAY
  MAXIMUM         76    110 PM  97    1994  81     -5       81
  MINIMUM         66    431 AM  42    1979  60      6       54
  AVERAGE         71                        71      0       68

PRECIPITATION (IN)
  TODAY            0.14          1.25 1949   0.10   0.04     0.00
  MONTH TO DATE    1.66                      0.63   1.03     1.13
  SINCE JUN 1      9.27                      4.11   5.16     7.90
  SINCE JAN 1     18.77                     18.29   0.48    21.40

DEGREE DAYS
 HEATING
  TODAY            0                         0      0        0
  MONTH TO DATE    0                         1     -1        0
  SINCE JUN 1     39                        59    -20       15
  SINCE JUL 1      0                         1     -1        0

 COOLING
  TODAY            6                         6      0        3
  MONTH TO DATE   15                        35    -20       40
  SINCE JUN 1    163                       144     19      177
  SINCE JAN 1    267                       177     90      224
..................................................................


WIND (MPH)
  HIGHEST WIND SPEED    12   HIGHEST WIND DIRECTION     S (160)
  HIGHEST GUST SPEED    20   HIGHEST GUST DIRECTION     S (170)
  AVERAGE WIND SPEED     2.3


SKY COVER
  POSSIBLE SUNSHINE  MM
  AVERAGE SKY COVER 0.8


WEATHER CONDITIONS
 THE FOLLOWING WEATHER WAS RECORDED TODAY.
  THUNDERSTORM
  HEAVY RAIN
  RAIN
  LIGHT RAIN
  FOG
  HAZE


RELATIVE HUMIDITY (PERCENT)
 HIGHEST    93           500 AM
 LOWEST     82           100 PM
 AVERAGE    88

..........................................................


THE ALTOONA CLIMATE NORMALS FOR TOMORROW
                         NORMAL    RECORD    YEAR
 MAXIMUM TEMPERATURE (F)   81        99      1988
 MINIMUM TEMPERATURE (F)   60        46      1979


SUNRISE AND SUNSET
JULY  6 2015..........SUNRISE   550 AM EDT   SUNSET   846 PM EDT
JULY  7 2015..........SUNRISE   550 AM EDT   SUNSET   846 PM EDT


-  INDICATES NEGATIVE NUMBERS.
R  INDICATES RECORD WAS SET OR TIED.
MM INDICATES DATA IS MISSING.
T  INDICATES TRACE AMOUNT.




$$
