000
CDUS41 KCTP 170653
CLIAOO


CLIMATE REPORT
NATIONAL WEATHER SERVICE STATE COLLEGE PA
153 AM EST WED JAN 17 2018


...................................

...THE ALTOONA CLIMATE SUMMARY FOR JANUARY 16 2018...

CLIMATE NORMAL PERIOD 1981 TO 2010
CLIMATE RECORD PERIOD 1948 TO 2018


WEATHER ITEM   OBSERVED TIME   RECORD YEAR NORMAL DEPARTURE LAST
                VALUE   (LST)  VALUE       VALUE  FROM      YEAR
                                                  NORMAL
..................................................................
TEMPERATURE (F)
 YESTERDAY
  MAXIMUM         27    433 PM  59    1949  34     -7       37
  MINIMUM         20   1159 PM -12    1994  20      0       22
  AVERAGE         24                        27     -3       30

PRECIPITATION (IN)
  YESTERDAY        0.07          0.33 1959   0.07   0.00     0.03
  MONTH TO DATE    0.98                      1.10  -0.12     1.50
  SINCE DEC 1      1.93                      3.52  -1.59     3.82
  SINCE JAN 1      0.98                      1.10  -0.12     1.50

DEGREE DAYS
 HEATING
  YESTERDAY       41                        38      3       35
  MONTH TO DATE  694                       608     86      550
  SINCE DEC 1   1773                      1673    100     1549
  SINCE JUL 1   2838                      2992   -154     2540

 COOLING
  YESTERDAY        0                         0      0        0
  MONTH TO DATE    0                         0      0        0
  SINCE DEC 1      0                         0      0        0
  SINCE JAN 1      0                         0      0        0
..................................................................


WIND (MPH)
  HIGHEST WIND SPEED    16   HIGHEST WIND DIRECTION    NW (310)
  HIGHEST GUST SPEED    21   HIGHEST GUST DIRECTION    NW (300)
  AVERAGE WIND SPEED     3.2


SKY COVER
  POSSIBLE SUNSHINE  MM
  AVERAGE SKY COVER 1.0


WEATHER CONDITIONS
 THE FOLLOWING WEATHER WAS RECORDED YESTERDAY.
  LIGHT SNOW
  FOG
  HAZE


RELATIVE HUMIDITY (PERCENT)
 HIGHEST   100           900 PM
 LOWEST     68           100 AM
 AVERAGE    84

..........................................................


THE ALTOONA CLIMATE NORMALS FOR TODAY
                         NORMAL    RECORD    YEAR
 MAXIMUM TEMPERATURE (F)   34        64      1990
 MINIMUM TEMPERATURE (F)   20       -20      1982


SUNRISE AND SUNSET
JANUARY 17 2018.......SUNRISE   733 AM EST   SUNSET   514 PM EST
JANUARY 18 2018.......SUNRISE   733 AM EST   SUNSET   515 PM EST


-  INDICATES NEGATIVE NUMBERS.
R  INDICATES RECORD WAS SET OR TIED.
MM INDICATES DATA IS MISSING.
T  INDICATES TRACE AMOUNT.




$$
