000
CDUS41 KCTP 202116
CLIAOO


CLIMATE REPORT
NATIONAL WEATHER SERVICE STATE COLLEGE PA
516 PM EDT WED SEP 20 2017


...................................

...THE ALTOONA CLIMATE SUMMARY FOR SEPTEMBER 20 2017...
VALID TODAY AS OF 0500 PM LOCAL TIME.

CLIMATE NORMAL PERIOD 1981 TO 2010
CLIMATE RECORD PERIOD 1948 TO 2017


WEATHER ITEM   OBSERVED TIME   RECORD YEAR NORMAL DEPARTURE LAST
                VALUE   (LST)  VALUE       VALUE  FROM      YEAR
                                                  NORMAL
..................................................................
TEMPERATURE (F)
 TODAY
  MAXIMUM         83    314 PM  87    1965  71     12       83
  MINIMUM         53    636 AM  33    1956  50      3       57
  AVERAGE         68                        60      8       70

PRECIPITATION (IN)
  TODAY            0.00          0.73 1957   0.12  -0.12     0.00
  MONTH TO DATE    1.47                      2.36  -0.89     0.72
  SINCE SEP 1      1.47                      2.36  -0.89     0.72
  SINCE JAN 1     31.89                     23.28   8.61    18.38

DEGREE DAYS
 HEATING
  TODAY            0                         6     -6        0
  MONTH TO DATE   87                        69     18        8
  SINCE SEP 1     87                        69     18        8
  SINCE JUL 1    121                        93     28       12

 COOLING
  TODAY            3                         1      2        5
  MONTH TO DATE   20                        39    -19      104
  SINCE SEP 1     20                        39    -19      104
  SINCE JAN 1    562                       512     50      848
..................................................................


WIND (MPH)
  HIGHEST WIND SPEED    12   HIGHEST WIND DIRECTION     N (10)
  HIGHEST GUST SPEED    15   HIGHEST GUST DIRECTION     N (20)
  AVERAGE WIND SPEED     2.5


SKY COVER
  POSSIBLE SUNSHINE  MM
  AVERAGE SKY COVER 0.4


WEATHER CONDITIONS
 THE FOLLOWING WEATHER WAS RECORDED TODAY.
  FOG
  FOG W/VISIBILITY <= 1/4 MILE


RELATIVE HUMIDITY (PERCENT)
 HIGHEST   100          1200 AM
 LOWEST     40           200 PM
 AVERAGE    70

..........................................................


THE ALTOONA CLIMATE NORMALS FOR TOMORROW
                         NORMAL    RECORD    YEAR
 MAXIMUM TEMPERATURE (F)   70        87      1965
 MINIMUM TEMPERATURE (F)   49        30      1956


SUNRISE AND SUNSET
SEPTEMBER 20 2017.....SUNRISE   659 AM EDT   SUNSET   713 PM EDT
SEPTEMBER 21 2017.....SUNRISE   700 AM EDT   SUNSET   712 PM EDT


-  INDICATES NEGATIVE NUMBERS.
R  INDICATES RECORD WAS SET OR TIED.
MM INDICATES DATA IS MISSING.
T  INDICATES TRACE AMOUNT.




$$
