000
CDUS41 KCTP 012218
CLIAOO


CLIMATE REPORT
NATIONAL WEATHER SERVICE STATE COLLEGE PA
517 PM EST SUN FEB 1 2015


...................................

...THE ALTOONA CLIMATE SUMMARY FOR FEBRUARY 1 2015...
VALID TODAY AS OF 0500 PM LOCAL TIME.

CLIMATE NORMAL PERIOD 1981 TO 2010
CLIMATE RECORD PERIOD 1948 TO 2015


WEATHER ITEM   OBSERVED TIME   RECORD YEAR NORMAL DEPARTURE LAST
                VALUE   (LST)  VALUE       VALUE  FROM      YEAR
                                                  NORMAL
..................................................................
TEMPERATURE (F)
 TODAY
  MAXIMUM         32    233 PM  64    1989  35     -3       43
  MINIMUM         15   1201 AM  -1    1961  20     -5       27
  AVERAGE         24                        27     -3       35

PRECIPITATION (IN)
  TODAY            0.10          1.01 2008   0.08   0.02     0.00
  MONTH TO DATE    0.10                      0.08   0.02     0.00
  SINCE DEC 1      3.56                      4.67  -1.11     3.43
  SINCE JAN 1      1.70                      2.25  -0.55     0.84

DEGREE DAYS
 HEATING
  TODAY           41                        38      3       30
  MONTH TO DATE   41                        38      3       30
  SINCE DEC 1   2237                      2285    -48     2331
  SINCE JUL 1   3539                      3591    -52     3641

 COOLING
  TODAY            0                         0      0        0
  MONTH TO DATE    0                         0      0        0
  SINCE DEC 1      0                         0      0        0
  SINCE JAN 1      0                         0      0        0
..................................................................


WIND (MPH)
  HIGHEST WIND SPEED    10   HIGHEST WIND DIRECTION    SW (230)
  HIGHEST GUST SPEED    13   HIGHEST GUST DIRECTION     E (110)
  AVERAGE WIND SPEED     5.8


SKY COVER
  POSSIBLE SUNSHINE  MM
  AVERAGE SKY COVER 0.9


WEATHER CONDITIONS
 THE FOLLOWING WEATHER WAS RECORDED TODAY.
  SNOW
  LIGHT SNOW
  FOG
  HAZE


RELATIVE HUMIDITY (PERCENT)
 HIGHEST    92           300 PM
 LOWEST     62           200 AM
 AVERAGE    77

..........................................................


THE ALTOONA CLIMATE NORMALS FOR TOMORROW
                         NORMAL    RECORD    YEAR
 MAXIMUM TEMPERATURE (F)   35        58      1988
 MINIMUM TEMPERATURE (F)   20       -11      1961


SUNRISE AND SUNSET
FEBRUARY  1 2015......SUNRISE   723 AM EST   SUNSET   532 PM EST
FEBRUARY  2 2015......SUNRISE   722 AM EST   SUNSET   533 PM EST


-  INDICATES NEGATIVE NUMBERS.
R  INDICATES RECORD WAS SET OR TIED.
MM INDICATES DATA IS MISSING.
T  INDICATES TRACE AMOUNT.




$$
