000
CDUS41 KCTP 010642
CLIAOO


CLIMATE REPORT
NATIONAL WEATHER SERVICE STATE COLLEGE PA
242 AM EDT FRI AUG 1 2014


...................................

...THE ALTOONA CLIMATE SUMMARY FOR JULY 31 2014...

CLIMATE NORMAL PERIOD 1981 TO 2010
CLIMATE RECORD PERIOD 1948 TO 2014


WEATHER ITEM   OBSERVED TIME   RECORD YEAR NORMAL DEPARTURE LAST
                VALUE   (LST)  VALUE       VALUE  FROM      YEAR
                                                  NORMAL
..................................................................
TEMPERATURE (F)
 YESTERDAY
  MAXIMUM         78    411 PM  97    1999  81     -3       81
  MINIMUM         52    444 AM  47    1966  60     -8       54
  AVERAGE         65                        71     -6       68

PRECIPITATION (IN)
  YESTERDAY        0.00          0.88 1994   0.10  -0.10     0.09
  MONTH TO DATE    3.40                      3.26   0.14     2.11
  SINCE JUN 1     10.17                      6.74   3.43     5.40
  SINCE JAN 1     23.67                     20.92   2.75    16.25

DEGREE DAYS
 HEATING
  YESTERDAY        0                         0      0        0
  MONTH TO DATE   14                         1     13        5
  SINCE JUN 1     29                        68    -39       25
  SINCE JUL 1     14                        10      4        5

 COOLING
  YESTERDAY        0                         6     -6        3
  MONTH TO DATE  167                       185    -18      260
  SINCE JUN 1    304                       294     10      388
  SINCE JAN 1    351                       327     24      462
..................................................................


WIND (MPH)
  HIGHEST WIND SPEED    15   HIGHEST WIND DIRECTION     W (250)
  HIGHEST GUST SPEED    20   HIGHEST GUST DIRECTION     W (260)
  AVERAGE WIND SPEED     5.2


SKY COVER
  POSSIBLE SUNSHINE  MM
  AVERAGE SKY COVER 0.3


WEATHER CONDITIONS
 THE FOLLOWING WEATHER WAS RECORDED YESTERDAY.
  FOG
  FOG W/VISIBILITY <= 1/4 MILE


RELATIVE HUMIDITY (PERCENT)
 HIGHEST   100           100 AM
 LOWEST     47           400 PM
 AVERAGE    74

..........................................................


THE ALTOONA CLIMATE NORMALS FOR TODAY
                         NORMAL    RECORD    YEAR
 MAXIMUM TEMPERATURE (F)   81        94      1955
 MINIMUM TEMPERATURE (F)   60        50      1964


SUNRISE AND SUNSET
AUGUST  1 2014........SUNRISE   611 AM EDT   SUNSET   828 PM EDT
AUGUST  2 2014........SUNRISE   612 AM EDT   SUNSET   827 PM EDT


-  INDICATES NEGATIVE NUMBERS.
R  INDICATES RECORD WAS SET OR TIED.
MM INDICATES DATA IS MISSING.
T  INDICATES TRACE AMOUNT.




$$
