000
CDUS41 KCTP 282118
CLIAOO


CLIMATE REPORT
NATIONAL WEATHER SERVICE STATE COLLEGE PA
518 PM EDT THU APR 28 2016


...................................

...THE ALTOONA CLIMATE SUMMARY FOR APRIL 28 2016...
VALID TODAY AS OF 0500 PM LOCAL TIME.

CLIMATE NORMAL PERIOD 1981 TO 2010
CLIMATE RECORD PERIOD 1948 TO 2016


WEATHER ITEM   OBSERVED TIME   RECORD YEAR NORMAL DEPARTURE LAST
                VALUE   (LST)  VALUE       VALUE  FROM      YEAR
                                                  NORMAL
..................................................................
TEMPERATURE (F)
 TODAY
  MAXIMUM         49    518 AM  87    1962  64    -15       65
  MINIMUM         41   1218 PM  29    2004  42     -1       42
  AVERAGE         45                        53     -8       54

PRECIPITATION (IN)
  TODAY            0.35          1.45 2011   0.11   0.24     0.00
  MONTH TO DATE    1.52                      2.97  -1.45     3.05
  SINCE MAR 1      2.77                      6.04  -3.27     5.48
  SINCE JAN 1      6.61                     10.25  -3.64     8.00

DEGREE DAYS
 HEATING
  TODAY           20                        12      8       11
  MONTH TO DATE  459                       466     -7      415
  SINCE MAR 1   1059                      1325   -266     1341
  SINCE JUL 1   4883                      5880   -997     6134

 COOLING
  TODAY            0                         0      0        0
  MONTH TO DATE    0                         0      0        0
  SINCE MAR 1      0                         1     -1        0
  SINCE JAN 1      0                         1     -1        0
..................................................................


WIND (MPH)
  HIGHEST WIND SPEED    10   HIGHEST WIND DIRECTION    NE (50)
  HIGHEST GUST SPEED    15   HIGHEST GUST DIRECTION    NE (40)
  AVERAGE WIND SPEED     5.2


SKY COVER
  POSSIBLE SUNSHINE  MM
  AVERAGE SKY COVER 0.9


WEATHER CONDITIONS
 THE FOLLOWING WEATHER WAS RECORDED TODAY.
  HEAVY RAIN
  RAIN
  LIGHT RAIN
  FOG
  HAZE


RELATIVE HUMIDITY (PERCENT)
 HIGHEST   100          1200 AM
 LOWEST     76          1000 AM
 AVERAGE    88

..........................................................


THE ALTOONA CLIMATE NORMALS FOR TOMORROW
                         NORMAL    RECORD    YEAR
 MAXIMUM TEMPERATURE (F)   65        83      1956
 MINIMUM TEMPERATURE (F)   42        27      2001


SUNRISE AND SUNSET
APRIL 28 2016.........SUNRISE   616 AM EDT   SUNSET   806 PM EDT
APRIL 29 2016.........SUNRISE   615 AM EDT   SUNSET   807 PM EDT


-  INDICATES NEGATIVE NUMBERS.
R  INDICATES RECORD WAS SET OR TIED.
MM INDICATES DATA IS MISSING.
T  INDICATES TRACE AMOUNT.




$$
