000
CDUS41 KCTP 240613
CLIAOO


CLIMATE REPORT
NATIONAL WEATHER SERVICE STATE COLLEGE PA
212 AM EDT MON JUL 24 2017


...................................

...THE ALTOONA CLIMATE SUMMARY FOR JULY 23 2017...

CLIMATE NORMAL PERIOD 1981 TO 2010
CLIMATE RECORD PERIOD 1948 TO 2017


WEATHER ITEM   OBSERVED TIME   RECORD YEAR NORMAL DEPARTURE LAST
                VALUE   (LST)  VALUE       VALUE  FROM      YEAR
                                                  NORMAL
..................................................................
TEMPERATURE (F)
 YESTERDAY
  MAXIMUM         86    207 PM  97    2011  82      4       94
  MINIMUM         68    541 AM  50    1981  60      8       67
  AVERAGE         77                        71      6       81

PRECIPITATION (IN)
  YESTERDAY        0.08          1.47 1992   0.11  -0.03      T
  MONTH TO DATE    3.30                      2.45   0.85     0.82
  SINCE JUN 1      7.42                      5.93   1.49     3.33
  SINCE JAN 1     24.71                     20.11   4.60    13.31

DEGREE DAYS
 HEATING
  YESTERDAY        0                         0      0        0
  MONTH TO DATE    0                         1     -1        4
  SINCE JUN 1     31                        59    -28       27
  SINCE JUL 1      0                         1     -1        4

 COOLING
  YESTERDAY       12                         6      6       16
  MONTH TO DATE  194                       137     57      198
  SINCE JUN 1    350                       246    104      331
  SINCE JAN 1    423                       279    144      382
..................................................................


WIND (MPH)
  HIGHEST WIND SPEED    16   HIGHEST WIND DIRECTION    SW (210)
  HIGHEST GUST SPEED    21   HIGHEST GUST DIRECTION    SW (220)
  AVERAGE WIND SPEED     6.0


SKY COVER
  POSSIBLE SUNSHINE  MM
  AVERAGE SKY COVER 0.5


WEATHER CONDITIONS
 THE FOLLOWING WEATHER WAS RECORDED YESTERDAY.
  HEAVY RAIN
  LIGHT RAIN
  FOG


RELATIVE HUMIDITY (PERCENT)
 HIGHEST   100           100 AM
 LOWEST     61           100 PM
 AVERAGE    81

..........................................................


THE ALTOONA CLIMATE NORMALS FOR TODAY
                         NORMAL    RECORD    YEAR
 MAXIMUM TEMPERATURE (F)   82        95      2016
 MINIMUM TEMPERATURE (F)   60        50      1957


SUNRISE AND SUNSET
JULY 24 2017..........SUNRISE   604 AM EDT   SUNSET   835 PM EDT
JULY 25 2017..........SUNRISE   605 AM EDT   SUNSET   834 PM EDT


-  INDICATES NEGATIVE NUMBERS.
R  INDICATES RECORD WAS SET OR TIED.
MM INDICATES DATA IS MISSING.
T  INDICATES TRACE AMOUNT.




$$
