000
CDUS41 KCTP 282129
CLIAOO


CLIMATE REPORT
NATIONAL WEATHER SERVICE STATE COLLEGE PA
529 PM EDT SUN MAY 28 2017


...................................

...THE ALTOONA CLIMATE SUMMARY FOR MAY 28 2017...
VALID TODAY AS OF 0500 PM LOCAL TIME.

CLIMATE NORMAL PERIOD 1981 TO 2010
CLIMATE RECORD PERIOD 1948 TO 2017


WEATHER ITEM   OBSERVED TIME   RECORD YEAR NORMAL DEPARTURE LAST
                VALUE   (LST)  VALUE       VALUE  FROM      YEAR
                                                  NORMAL
..................................................................
TEMPERATURE (F)
 TODAY
  MAXIMUM         66    344 PM  88    2016  72     -6       88
  MINIMUM         58   1243 AM  35    1992  51      7       61
  AVERAGE         62                        62      0       75

PRECIPITATION (IN)
  TODAY            0.01          1.80 2009   0.12  -0.11     0.00
  MONTH TO DATE    4.78                      3.35   1.43     3.23
  SINCE MAR 1     11.39                      9.61   1.78     6.14
  SINCE JAN 1     16.02                     13.82   2.20     9.98

DEGREE DAYS
 HEATING
  TODAY            3                         5     -2        0
  MONTH TO DATE  212                       228    -16      249
  SINCE MAR 1   1302                      1576   -274     1344
  SINCE JUL 1   4969                      6132  -1163     5168

 COOLING
  TODAY            0                         2     -2       10
  MONTH TO DATE   41                        20     21       29
  SINCE MAR 1     61                        26     35       29
  SINCE JAN 1     61                        26     35       29
..................................................................


WIND (MPH)
  HIGHEST WIND SPEED    12   HIGHEST WIND DIRECTION    SE (150)
  HIGHEST GUST SPEED    27   HIGHEST GUST DIRECTION    SE (120)
  AVERAGE WIND SPEED     3.4


SKY COVER
  POSSIBLE SUNSHINE  MM
  AVERAGE SKY COVER 1.0


WEATHER CONDITIONS
 THE FOLLOWING WEATHER WAS RECORDED TODAY.
  THUNDERSTORM
  LIGHT RAIN
  FOG
  FOG W/VISIBILITY <= 1/4 MILE


RELATIVE HUMIDITY (PERCENT)
 HIGHEST   100          1200 AM
 LOWEST     87          1200 PM
 AVERAGE    94

..........................................................


THE ALTOONA CLIMATE NORMALS FOR TOMORROW
                         NORMAL    RECORD    YEAR
 MAXIMUM TEMPERATURE (F)   72        94      1969
 MINIMUM TEMPERATURE (F)   51        35      1949


SUNRISE AND SUNSET
MAY 28 2017...........SUNRISE   547 AM EDT   SUNSET   834 PM EDT
MAY 29 2017...........SUNRISE   547 AM EDT   SUNSET   835 PM EDT


-  INDICATES NEGATIVE NUMBERS.
R  INDICATES RECORD WAS SET OR TIED.
MM INDICATES DATA IS MISSING.
T  INDICATES TRACE AMOUNT.




$$
