493
CDUS41 KCTP 192218
CLIAOO


CLIMATE REPORT
NATIONAL WEATHER SERVICE STATE COLLEGE PA
518 PM EST SUN NOV 19 2017


...................................

...THE ALTOONA CLIMATE SUMMARY FOR NOVEMBER 19 2017...
VALID TODAY AS OF 0500 PM LOCAL TIME.

CLIMATE NORMAL PERIOD 1981 TO 2010
CLIMATE RECORD PERIOD 1948 TO 2017


WEATHER ITEM   OBSERVED TIME   RECORD YEAR NORMAL DEPARTURE LAST
                VALUE   (LST)  VALUE       VALUE  FROM      YEAR
                                                  NORMAL
..................................................................
TEMPERATURE (F)
 TODAY
  MAXIMUM         53    208 AM  72    1985  48      5       66
  MINIMUM         36    238 PM  12    2014  33      3       34
  AVERAGE         45                        40      5       50

PRECIPITATION (IN)
  TODAY            0.02          1.77 2003   0.12  -0.10     0.05
  MONTH TO DATE    1.84                      2.04  -0.20     0.61
  SINCE SEP 1      8.38                      8.10   0.28     5.46
  SINCE JAN 1     38.80                     32.03   6.77    23.12

DEGREE DAYS
 HEATING
  TODAY           20                        25     -5       15
  MONTH TO DATE  435                       406     29      307
  SINCE SEP 1    782                       989   -207      696
  SINCE JUL 1    816                      1021   -205      700

 COOLING
  TODAY            0                         0      0        0
  MONTH TO DATE    0                         0      0        0
  SINCE SEP 1    113                        52     61      129
  SINCE JAN 1    655                       531    124      873
..................................................................


WIND (MPH)
  HIGHEST WIND SPEED    35   HIGHEST WIND DIRECTION     W (270)
  HIGHEST GUST SPEED    47   HIGHEST GUST DIRECTION     W (280)
  AVERAGE WIND SPEED    18.4


SKY COVER
  POSSIBLE SUNSHINE  MM
  AVERAGE SKY COVER 0.9


WEATHER CONDITIONS
 THE FOLLOWING WEATHER WAS RECORDED TODAY.
  LIGHT RAIN
  LIGHT SNOW
  HAZE


RELATIVE HUMIDITY (PERCENT)
 HIGHEST    86           100 AM
 LOWEST     64          1200 PM
 AVERAGE    75

..........................................................


THE ALTOONA CLIMATE NORMALS FOR TOMORROW
                         NORMAL    RECORD    YEAR
 MAXIMUM TEMPERATURE (F)   48        75      1991
 MINIMUM TEMPERATURE (F)   32        15      1984


SUNRISE AND SUNSET
NOVEMBER 19 2017......SUNRISE   704 AM EST   SUNSET   453 PM EST
NOVEMBER 20 2017......SUNRISE   705 AM EST   SUNSET   452 PM EST


-  INDICATES NEGATIVE NUMBERS.
R  INDICATES RECORD WAS SET OR TIED.
MM INDICATES DATA IS MISSING.
T  INDICATES TRACE AMOUNT.




$$
