000
CDUS41 KCTP 250611
CLIAOO


CLIMATE REPORT
NATIONAL WEATHER SERVICE STATE COLLEGE PA
211 AM EDT SAT MAR 25 2017


...................................

...THE ALTOONA CLIMATE SUMMARY FOR MARCH 24 2017...

CLIMATE NORMAL PERIOD 1981 TO 2010
CLIMATE RECORD PERIOD 1948 TO 2017


WEATHER ITEM   OBSERVED TIME   RECORD YEAR NORMAL DEPARTURE LAST
                VALUE   (LST)  VALUE       VALUE  FROM      YEAR
                                                  NORMAL
..................................................................
TEMPERATURE (F)
 YESTERDAY
  MAXIMUM         72    538 PM  74    1988  50     22       72
  MINIMUM         34    116 AM  15    2014  31      3       39
  AVERAGE         53                        40     13       56

PRECIPITATION (IN)
  YESTERDAY        0.01          1.64 1979   0.10  -0.09      T
  MONTH TO DATE    2.83                      2.30   0.53     1.00
  SINCE MAR 1      2.83                      2.30   0.53     1.00
  SINCE JAN 1      7.46                      6.51   0.95     4.84

DEGREE DAYS
 HEATING
  YESTERDAY       12                        25    -13        9
  MONTH TO DATE  742                       697     45      473
  SINCE MAR 1    742                       697     45      473
  SINCE JUL 1   4409                      5252   -843     4297

 COOLING
  YESTERDAY        0                         0      0        0
  MONTH TO DATE    0                         0      0        0
  SINCE MAR 1      0                         0      0        0
  SINCE JAN 1      0                         0      0        0
..................................................................


WIND (MPH)
  HIGHEST WIND SPEED    22   HIGHEST WIND DIRECTION    SW (240)
  HIGHEST GUST SPEED    26   HIGHEST GUST DIRECTION    SW (240)
  AVERAGE WIND SPEED     9.9


SKY COVER
  POSSIBLE SUNSHINE  MM
  AVERAGE SKY COVER 0.3


WEATHER CONDITIONS
 THE FOLLOWING WEATHER WAS RECORDED YESTERDAY.
  LIGHT RAIN


RELATIVE HUMIDITY (PERCENT)
 HIGHEST    82          1000 AM
 LOWEST     35           100 AM
 AVERAGE    59

..........................................................


THE ALTOONA CLIMATE NORMALS FOR TODAY
                         NORMAL    RECORD    YEAR
 MAXIMUM TEMPERATURE (F)   50        75      1963
 MINIMUM TEMPERATURE (F)   31        12      1974


SUNRISE AND SUNSET
MARCH 25 2017.........SUNRISE   708 AM EDT   SUNSET   731 PM EDT
MARCH 26 2017.........SUNRISE   706 AM EDT   SUNSET   732 PM EDT


-  INDICATES NEGATIVE NUMBERS.
R  INDICATES RECORD WAS SET OR TIED.
MM INDICATES DATA IS MISSING.
T  INDICATES TRACE AMOUNT.




$$
