000
CDUS41 KCTP 200631
CLIAOO


CLIMATE REPORT
NATIONAL WEATHER SERVICE STATE COLLEGE PA
131 AM EST SAT DEC 20 2014


...................................

...THE ALTOONA CLIMATE SUMMARY FOR DECEMBER 19 2014...

CLIMATE NORMAL PERIOD 1981 TO 2010
CLIMATE RECORD PERIOD 1948 TO 2014


WEATHER ITEM   OBSERVED TIME   RECORD YEAR NORMAL DEPARTURE LAST
                VALUE   (LST)  VALUE       VALUE  FROM      YEAR
                                                  NORMAL
..................................................................
TEMPERATURE (F)
 YESTERDAY
  MAXIMUM         31    300 PM  57    1957  36     -5       49
  MINIMUM         26   1159 PM   2    1963  22      4       24
  AVERAGE         29                        29      0       37

PRECIPITATION (IN)
  YESTERDAY        0.00          1.31 2008   0.07  -0.07     0.00
  MONTH TO DATE    1.46                      1.60  -0.14     1.40
  SINCE DEC 1      1.46                      1.60  -0.14     1.40
  SINCE JAN 1     35.45                     31.81   3.64    28.69

DEGREE DAYS
 HEATING
  YESTERDAY       36                        36      0       28
  MONTH TO DATE  585                       623    -38      616
  SINCE DEC 1    585                       623    -38      616
  SINCE JUL 1   1887                      1933    -46     1926

 COOLING
  YESTERDAY        0                         0      0        0
  MONTH TO DATE    0                         0      0        0
  SINCE DEC 1      0                         0      0        0
  SINCE JAN 1    521                       522     -1      695
..................................................................


WIND (MPH)
  HIGHEST WIND SPEED    20   HIGHEST WIND DIRECTION    NW (310)
  HIGHEST GUST SPEED    26   HIGHEST GUST DIRECTION    NW (310)
  AVERAGE WIND SPEED    12.7


SKY COVER
  POSSIBLE SUNSHINE  MM
  AVERAGE SKY COVER 0.9


WEATHER CONDITIONS
 THE FOLLOWING WEATHER WAS RECORDED YESTERDAY.
  NO SIGNIFICANT WEATHER WAS OBSERVED.


RELATIVE HUMIDITY (PERCENT)
 HIGHEST    78           200 AM
 LOWEST     68          1000 PM
 AVERAGE    73

..........................................................


THE ALTOONA CLIMATE NORMALS FOR TODAY
                         NORMAL    RECORD    YEAR
 MAXIMUM TEMPERATURE (F)   36        60      1988
 MINIMUM TEMPERATURE (F)   22         1      1963


SUNRISE AND SUNSET
DECEMBER 20 2014......SUNRISE   732 AM EST   SUNSET   450 PM EST
DECEMBER 21 2014......SUNRISE   732 AM EST   SUNSET   450 PM EST


-  INDICATES NEGATIVE NUMBERS.
R  INDICATES RECORD WAS SET OR TIED.
MM INDICATES DATA IS MISSING.
T  INDICATES TRACE AMOUNT.




$$
