000
CDUS45 KBOU 240725
CLIAPA


CLIMATE REPORT
NATIONAL WEATHER SERVICE DENVER/BOULDER CO
125 AM MDT FRI MAR 24 2017


...................................

...THE CENTENNIAL CO CLIMATE SUMMARY FOR MARCH 23 2017...

CLIMATE NORMAL PERIOD 1981 TO 2010
CLIMATE RECORD PERIOD 9999 TO 9999


WEATHER ITEM   OBSERVED RECORD YEAR NORMAL DEPARTURE LAST
                VALUE   VALUE       VALUE  FROM      YEAR
                                           NORMAL
...........................................................
TEMPERATURE (F)
 YESTERDAY
  MAXIMUM         74     MM      MM  54     20       45
  MINIMUM         37     MM      MM  28      9       20
  AVERAGE         56                 41     15       33

PRECIPITATION (IN)
  YESTERDAY        0.15  MM      MM   0.04   0.11     0.79
  MONTH TO DATE    0.16               0.71  -0.55     1.12
  SINCE MAR 1      0.16               0.71  -0.55     1.12
  SINCE JAN 1      0.37               1.64  -1.27     1.60

DEGREE DAYS
 HEATING
  YESTERDAY        9
  MONTH TO DATE  361

 COOLING
  YESTERDAY        0
  MONTH TO DATE    0
...........................................................


WIND (MPH)
  RESULTANT WIND SPEED   9   RESULTANT WIND DIRECTION  SW (230)
  HIGHEST WIND SPEED    39   HIGHEST WIND DIRECTION     S (200)
  HIGHEST GUST SPEED    49   HIGHEST GUST DIRECTION    SW (210)


SKY COVER
  POSSIBLE SUNSHINE  MM
  AVERAGE SKY COVER 0.5


WEATHER CONDITIONS
 THE FOLLOWING WEATHER WAS RECORDED YESTERDAY.
  RAIN
  LIGHT RAIN
  LIGHT SNOW
  FOG


RELATIVE HUMIDITY (PERCENT)
 HIGHEST    92
 LOWEST      6
 AVERAGE    49

..........................................................


THE CENTENNIAL CO CLIMATE NORMALS FOR TODAY
                         NORMAL    RECORD    YEAR
 MAXIMUM TEMPERATURE (F)   54        MM        MM
 MINIMUM TEMPERATURE (F)   28        MM        MM


SUNRISE AND SUNSET
MARCH 24 2017.........SUNRISE   656 AM MDT   SUNSET   716 PM MDT
MARCH 25 2017.........SUNRISE   654 AM MDT   SUNSET   717 PM MDT


-  INDICATES NEGATIVE NUMBERS.
R  INDICATES RECORD WAS SET OR TIED.
MM INDICATES DATA IS MISSING.
T  INDICATES TRACE AMOUNT.




$$
