016
CDUS42 KMFL 280938
CLIAPF


CLIMATE REPORT
NATIONAL WEATHER SERVICE MIAMI, FL
436 AM EST TUE FEB 28 2017


...................................

...THE NAPLES CLIMATE SUMMARY FOR FEBRUARY 27 2017...

CLIMATE NORMAL PERIOD 1981 TO 2010
CLIMATE RECORD PERIOD 1942 TO 2017


WEATHER ITEM   OBSERVED TIME   RECORD YEAR NORMAL DEPARTURE LAST
                VALUE   (LST)  VALUE       VALUE  FROM      YEAR
                                                  NORMAL
..................................................................
TEMPERATURE (F)
 YESTERDAY
  MAXIMUM         88R   150 PM  88    2017  79      9       65
  MINIMUM         64    642 AM  33    1974  58      6       48
  AVERAGE         76                        68      8       57

PRECIPITATION (IN)
  YESTERDAY        0.00          2.23 2012   0.07  -0.07     0.00
  MONTH TO DATE    1.13                      2.03  -0.90     1.16
  SINCE NOV 1      2.27                      7.37  -5.10    13.32
  SINCE JAN 1      1.92                      3.88  -1.96     8.70

SNOWFALL (IN)
  YESTERDAY        0.0
  MONTH TO DATE    0.0
  SINCE DEC 1      0.0
  SINCE JUL 1      0.0
  SNOW DEPTH       0

DEGREE DAYS
 HEATING
  YESTERDAY        0                         1     -1        8
  MONTH TO DATE    3                        48    -45       69
  SINCE DEC 1     52                       214   -162      136
  SINCE JUL 1     56                       228   -172      136

 COOLING
  YESTERDAY       11                         5      6        0
  MONTH TO DATE  155                       102     53       79
  SINCE DEC 1    576                       308    268      515
  SINCE JAN 1    309                       188    121      159
..................................................................


WIND (MPH)
  HIGHEST WIND SPEED    21   HIGHEST WIND DIRECTION    SE (140)
  HIGHEST GUST SPEED    27   HIGHEST GUST DIRECTION    SE (150)
  AVERAGE WIND SPEED     9.9


SKY COVER
  AVERAGE SKY COVER 0.1


WEATHER CONDITIONS
 THE FOLLOWING WEATHER WAS RECORDED YESTERDAY.
  NO SIGNIFICANT WEATHER WAS OBSERVED.


RELATIVE HUMIDITY (PERCENT)
 HIGHEST   100
 LOWEST     43
 AVERAGE    72

..........................................................


THE NAPLES CLIMATE NORMALS FOR TODAY
                         NORMAL    RECORD    YEAR
 MAXIMUM TEMPERATURE (F)   79        87      1997
 MINIMUM TEMPERATURE (F)   59        38      1980
                                             1968


SUNRISE AND SUNSET
FEBRUARY 28 2017......SUNRISE   651 AM EST   SUNSET   628 PM EST
MARCH  1 2017.........SUNRISE   650 AM EST   SUNSET   629 PM EST


-  INDICATES NEGATIVE NUMBERS.
R  INDICATES RECORD WAS SET OR TIED.
MM INDICATES DATA IS MISSING.
T  INDICATES TRACE AMOUNT.




$$
