000
CDUS42 KMFL 220925
CLIAPF


CLIMATE REPORT
NATIONAL WEATHER SERVICE MIAMI, FL
425 AM EST THU FEB 22 2018


...................................

...THE NAPLES CLIMATE SUMMARY FOR FEBRUARY 21 2018...

CLIMATE NORMAL PERIOD 1981 TO 2010
CLIMATE RECORD PERIOD 1942 TO 2018


WEATHER ITEM   OBSERVED TIME   RECORD YEAR NORMAL DEPARTURE LAST
                VALUE   (LST)  VALUE       VALUE  FROM      YEAR
                                                  NORMAL
..................................................................
TEMPERATURE (F)
 YESTERDAY
  MAXIMUM         89R   210 PM  89    1974  78     11       81
  MINIMUM         69   1159 PM  35    1958  58     11       65
  AVERAGE         79                        68     11       73

PRECIPITATION (IN)
  YESTERDAY        0.00          1.35 1947   0.06  -0.06     0.00
  MONTH TO DATE    0.08                      1.58  -1.50     0.10
  SINCE NOV 1      1.76                      6.92  -5.16     1.24
  SINCE JAN 1      0.61                      3.43  -2.82     0.89

SNOWFALL (IN)
  YESTERDAY        0.0
  MONTH TO DATE    0.0
  SINCE DEC 1      0.0
  SINCE JUL 1      0.0
  SNOW DEPTH       0

DEGREE DAYS
 HEATING
  YESTERDAY        0                         2     -2        0
  MONTH TO DATE    0                        42    -42        3
  SINCE DEC 1    174                       208    -34       52
  SINCE JUL 1    178                       222    -44       56

 COOLING
  YESTERDAY       14                         4     10        8
  MONTH TO DATE  198                        74    124      109
  SINCE DEC 1    437                       280    157      530
  SINCE JAN 1    278                       160    118      263
..................................................................


WIND (MPH)
  HIGHEST WIND SPEED    21   HIGHEST WIND DIRECTION     E (80)
  HIGHEST GUST SPEED    26   HIGHEST GUST DIRECTION     E (100)
  AVERAGE WIND SPEED    10.4


SKY COVER
  AVERAGE SKY COVER 0.3


WEATHER CONDITIONS
 THE FOLLOWING WEATHER WAS RECORDED YESTERDAY.
  FOG


RELATIVE HUMIDITY (PERCENT)
 HIGHEST   100
 LOWEST     43
 AVERAGE    72

..........................................................


THE NAPLES CLIMATE NORMALS FOR TODAY
                         NORMAL    RECORD    YEAR
 MAXIMUM TEMPERATURE (F)   78        86      1979
                                             1961
 MINIMUM TEMPERATURE (F)   58        34      1977


SUNRISE AND SUNSET
FEBRUARY 22 2018......SUNRISE   657 AM EST   SUNSET   625 PM EST
FEBRUARY 23 2018......SUNRISE   656 AM EST   SUNSET   625 PM EST


-  INDICATES NEGATIVE NUMBERS.
R  INDICATES RECORD WAS SET OR TIED.
MM INDICATES DATA IS MISSING.
T  INDICATES TRACE AMOUNT.




$$
