000
CDUS42 KMFL 072050
CLIAPF


CLIMATE REPORT
NATIONAL WEATHER SERVICE MIAMI, FL
449 PM EDT TUE JUL 7 2015


...................................

...THE NAPLES CLIMATE SUMMARY FOR JULY 7 2015...
VALID TODAY AS OF 0400 PM LOCAL TIME.

CLIMATE NORMAL PERIOD 1981 TO 2010
CLIMATE RECORD PERIOD 1942 TO 2015


WEATHER ITEM   OBSERVED TIME   RECORD YEAR NORMAL DEPARTURE LAST
                VALUE   (LST)  VALUE       VALUE  FROM      YEAR
                                                  NORMAL
..................................................................
TEMPERATURE (F)
 TODAY
  MAXIMUM         91   1139 AM  95    2001  91      0       83
  MINIMUM         73    300 PM  69    1984  75     -2       76
  AVERAGE         82                        83     -1       80

PRECIPITATION (IN)
  TODAY            0.00          3.64 1976   0.27  -0.27     0.01
  MONTH TO DATE    3.12                      1.97   1.15     0.68
  SINCE JUN 1      9.44                     10.79  -1.35     8.86
  SINCE JAN 1     17.46                     22.64  -5.18    17.69

SNOWFALL (IN)
  TODAY            0.0
  MONTH TO DATE    0.0
  SINCE JUN 1      0.0
  SINCE JUL 1      0.0
  SNOW DEPTH       0

DEGREE DAYS
 HEATING
  TODAY            0                         0      0        0
  MONTH TO DATE    0                         0      0        0
  SINCE JUN 1      0                         0      0        0
  SINCE JUL 1      0                         0      0        0

 COOLING
  TODAY           17                        18     -1       15
  MONTH TO DATE  120                       126     -6      129
  SINCE JUN 1    630                       633     -3      636
  SINCE JAN 1   1985                      1661    324     1825
..................................................................


WIND (MPH)
  HIGHEST WIND SPEED    10   HIGHEST WIND DIRECTION     S (160)
  HIGHEST GUST SPEED    MM   HIGHEST GUST DIRECTION    MM
  AVERAGE WIND SPEED     7.4


SKY COVER
  AVERAGE SKY COVER 0.4


WEATHER CONDITIONS
 THE FOLLOWING WEATHER WAS RECORDED TODAY.
  THUNDERSTORM
  LIGHT RAIN
  FOG


RELATIVE HUMIDITY (PERCENT)
 HIGHEST   100
 LOWEST     59
 AVERAGE    80

..........................................................


THE NAPLES CLIMATE NORMALS FOR TOMORROW
                         NORMAL    RECORD    YEAR
 MAXIMUM TEMPERATURE (F)   91        96      2001
 MINIMUM TEMPERATURE (F)   75        68      1986


SUNRISE AND SUNSET
JULY  7 2015..........SUNRISE   641 AM EDT   SUNSET   823 PM EDT
JULY  8 2015..........SUNRISE   641 AM EDT   SUNSET   823 PM EDT


-  INDICATES NEGATIVE NUMBERS.
R  INDICATES RECORD WAS SET OR TIED.
MM INDICATES DATA IS MISSING.
T  INDICATES TRACE AMOUNT.




$$
