000
CDUS42 KMFL 242126
CLIAPF


CLIMATE REPORT
NATIONAL WEATHER SERVICE MIAMI, FL
425 PM EST FRI NOV 24 2017


...................................

...THE NAPLES CLIMATE SUMMARY FOR NOVEMBER 24 2017...
VALID TODAY AS OF 0400 PM LOCAL TIME.

CLIMATE NORMAL PERIOD 1981 TO 2010
CLIMATE RECORD PERIOD 1942 TO 2017


WEATHER ITEM   OBSERVED TIME   RECORD YEAR NORMAL DEPARTURE LAST
                VALUE   (LST)  VALUE       VALUE  FROM      YEAR
                                                  NORMAL
..................................................................
TEMPERATURE (F)
 TODAY
  MAXIMUM         75    151 PM  88    1986  80     -5       86
  MINIMUM         69    536 AM  40    1975  61      8       66
  AVERAGE         72                        70      2       76

PRECIPITATION (IN)
  TODAY            0.02          2.26 1977   0.05  -0.03      T
  MONTH TO DATE    0.09                      1.70  -1.61      T
  SINCE NOV 1      0.09                      1.70  -1.61      T
  SINCE JAN 1     68.46                     50.10  18.36    44.20

SNOWFALL (IN)
  TODAY            0.0
  MONTH TO DATE    0.0
  SINCE SEP 1      0.0
  SINCE JUL 1      0.0
  SNOW DEPTH       0

DEGREE DAYS
 HEATING
  TODAY            0                         1     -1        0
  MONTH TO DATE    0                         5     -5        4
  SINCE SEP 1      4                         6     -2        4
  SINCE JUL 1      4                         6     -2        4

 COOLING
  TODAY            7                         6      1       11
  MONTH TO DATE  229                       190     39      181
  SINCE SEP 1   1113                      1128    -15     1183
  SINCE JAN 1   4153                      3785    368     4099
..................................................................


WIND (MPH)
  HIGHEST WIND SPEED    17   HIGHEST WIND DIRECTION     W (280)
  HIGHEST GUST SPEED    21   HIGHEST GUST DIRECTION    NW (300)
  AVERAGE WIND SPEED     8.4


SKY COVER
  AVERAGE SKY COVER 0.4


WEATHER CONDITIONS
 THE FOLLOWING WEATHER WAS RECORDED TODAY.
  THUNDERSTORM
  RAIN
  LIGHT RAIN
  FOG


RELATIVE HUMIDITY (PERCENT)
 HIGHEST   100
 LOWEST     68
 AVERAGE    84

..........................................................


THE NAPLES CLIMATE NORMALS FOR TOMORROW
                         NORMAL    RECORD    YEAR
 MAXIMUM TEMPERATURE (F)   79        89      1946
 MINIMUM TEMPERATURE (F)   61        31      1970


SUNRISE AND SUNSET
NOVEMBER 24 2017......SUNRISE   652 AM EST   SUNSET   535 PM EST
NOVEMBER 25 2017......SUNRISE   653 AM EST   SUNSET   535 PM EST


-  INDICATES NEGATIVE NUMBERS.
R  INDICATES RECORD WAS SET OR TIED.
MM INDICATES DATA IS MISSING.
T  INDICATES TRACE AMOUNT.




$$
