000
CDUS42 KMFL 252019
CLIAPF


CLIMATE REPORT
NATIONAL WEATHER SERVICE MIAMI, FL
418 PM EDT THU MAY 25 2017


...................................

...THE NAPLES CLIMATE SUMMARY FOR MAY 25 2017...
VALID TODAY AS OF 0400 PM LOCAL TIME.

CLIMATE NORMAL PERIOD 1981 TO 2010
CLIMATE RECORD PERIOD 1942 TO 2017


WEATHER ITEM   OBSERVED TIME   RECORD YEAR NORMAL DEPARTURE LAST
                VALUE   (LST)  VALUE       VALUE  FROM      YEAR
                                                  NORMAL
..................................................................
TEMPERATURE (F)
 TODAY
  MAXIMUM         85   1026 AM  94    2015  89     -4       93
                                      2008
  MINIMUM         77    906 AM  62    1981  70      7       73
  AVERAGE         81                        80      1       83

PRECIPITATION (IN)
  TODAY            0.25          2.20 1991   0.13   0.12     0.00
  MONTH TO DATE    2.58                      2.27   0.31     1.32
  SINCE NOV 1      5.96                     14.45  -8.49    15.56
  SINCE JAN 1      5.61                     10.96  -5.35    10.94

SNOWFALL (IN)
  TODAY            0.0
  MONTH TO DATE    0.0
  SINCE MAR 1      0.0
  SINCE JUL 1      0.0
  SNOW DEPTH       0

DEGREE DAYS
 HEATING
  TODAY            0                         0      0        0
  MONTH TO DATE    0                         0      0        0
  SINCE MAR 1     11                        27    -16        4
  SINCE JUL 1     67                       260   -193      142

 COOLING
  TODAY           16                        15      1       18
  MONTH TO DATE  364                       318     46      350
  SINCE MAR 1    915                       747    168      932
  SINCE JAN 1   1238                       938    300     1094
..................................................................


WIND (MPH)
  HIGHEST WIND SPEED    29   HIGHEST WIND DIRECTION    SW (220)
  HIGHEST GUST SPEED    41   HIGHEST GUST DIRECTION    SW (220)
  AVERAGE WIND SPEED    13.5


SKY COVER
  AVERAGE SKY COVER 0.7


WEATHER CONDITIONS
 THE FOLLOWING WEATHER WAS RECORDED TODAY.
  THUNDERSTORM
  HEAVY RAIN
  LIGHT RAIN
  FOG


RELATIVE HUMIDITY (PERCENT)
 HIGHEST    79
 LOWEST     65
 AVERAGE    72

..........................................................


THE NAPLES CLIMATE NORMALS FOR TOMORROW
                         NORMAL    RECORD    YEAR
 MAXIMUM TEMPERATURE (F)   89        93      1989
                                             1945
 MINIMUM TEMPERATURE (F)   71        58      1979


SUNRISE AND SUNSET
MAY 25 2017...........SUNRISE   636 AM EDT   SUNSET   812 PM EDT
MAY 26 2017...........SUNRISE   636 AM EDT   SUNSET   812 PM EDT


-  INDICATES NEGATIVE NUMBERS.
R  INDICATES RECORD WAS SET OR TIED.
MM INDICATES DATA IS MISSING.
T  INDICATES TRACE AMOUNT.




$$
