000
CDUS42 KMFL 200921
CLIAPF


CLIMATE REPORT
NATIONAL WEATHER SERVICE MIAMI, FL
420 AM EST FRI JAN 20 2017


...................................

...THE NAPLES CLIMATE SUMMARY FOR JANUARY 19 2017...

CLIMATE NORMAL PERIOD 1981 TO 2010
CLIMATE RECORD PERIOD 1942 TO 2017


WEATHER ITEM   OBSERVED TIME   RECORD YEAR NORMAL DEPARTURE LAST
                VALUE   (LST)  VALUE       VALUE  FROM      YEAR
                                                  NORMAL
..................................................................
TEMPERATURE (F)
 YESTERDAY
  MAXIMUM         79    225 PM  86    1990  75      4       65
  MINIMUM         59    708 AM  29    1981  54      5       49
  AVERAGE         69                        64      5       57

PRECIPITATION (IN)
  YESTERDAY        0.00          0.25 1986   0.05  -0.05     0.00
  MONTH TO DATE    0.38                      1.00  -0.62     2.43
  SINCE NOV 1      0.73                      4.49  -3.76     7.05
  SINCE JAN 1      0.38                      1.00  -0.62     2.43

SNOWFALL (IN)
  YESTERDAY        0.0
  MONTH TO DATE    0.0
  SINCE DEC 1      0.0
  SINCE JUL 1      0.0
  SNOW DEPTH      MM

DEGREE DAYS
 HEATING
  YESTERDAY        0                         4     -4        8
  MONTH TO DATE   20                        70    -50       28
  SINCE DEC 1     25                       134   -109       28
  SINCE JUL 1     29                       148   -119       28

 COOLING
  YESTERDAY        4                         3      1        0
  MONTH TO DATE  108                        57     51       66
  SINCE DEC 1    375                       177    198      422
  SINCE JAN 1    108                        57     51       66
..................................................................


WIND (MPH)
  HIGHEST WIND SPEED    14   HIGHEST WIND DIRECTION    SW (210)
  HIGHEST GUST SPEED    17   HIGHEST GUST DIRECTION    SW (220)
  AVERAGE WIND SPEED     4.0


SKY COVER
  AVERAGE SKY COVER  MM


WEATHER CONDITIONS
 THE FOLLOWING WEATHER WAS RECORDED YESTERDAY.
  NO SIGNIFICANT WEATHER WAS OBSERVED.


RELATIVE HUMIDITY (PERCENT)
 HIGHEST    MM
 LOWEST     MM
 AVERAGE    MM

..........................................................


THE NAPLES CLIMATE NORMALS FOR TODAY
                         NORMAL    RECORD    YEAR
 MAXIMUM TEMPERATURE (F)   75        88      1990
 MINIMUM TEMPERATURE (F)   54        26      1977


SUNRISE AND SUNSET
JANUARY 20 2017.......SUNRISE   715 AM EST   SUNSET   601 PM EST
JANUARY 21 2017.......SUNRISE   715 AM EST   SUNSET   602 PM EST


-  INDICATES NEGATIVE NUMBERS.
R  INDICATES RECORD WAS SET OR TIED.
MM INDICATES DATA IS MISSING.
T  INDICATES TRACE AMOUNT.




$$
