000
CDUS42 KMFL 280921
CLIAPF


CLIMATE REPORT
NATIONAL WEATHER SERVICE MIAMI, FL
420 AM EST FRI NOV 28 2014


...................................

...THE NAPLES CLIMATE SUMMARY FOR NOVEMBER 27 2014...

CLIMATE NORMAL PERIOD 1981 TO 2010
CLIMATE RECORD PERIOD 1942 TO 2014


WEATHER ITEM   OBSERVED TIME   RECORD YEAR NORMAL DEPARTURE LAST
                VALUE   (LST)  VALUE       VALUE  FROM      YEAR
                                                  NORMAL
..................................................................
TEMPERATURE (F)
 YESTERDAY
  MAXIMUM         73    222 PM  88    1990  79     -6       76
  MINIMUM         48    703 AM  38    1977  60    -12       57
  AVERAGE         61                        70     -9       67

PRECIPITATION (IN)
  YESTERDAY        0.00          2.26 1987   0.06  -0.06     0.09
  MONTH TO DATE    1.05                      1.86  -0.81     0.78
  SINCE NOV 1      1.05                      1.86  -0.81     0.78
  SINCE JAN 1     50.41                     50.26   0.15    49.00

SNOWFALL (IN)
  YESTERDAY        0.0
  MONTH TO DATE    0.0
  SINCE SEP 1      0.0
  SINCE JUL 1      0.0
  SNOW DEPTH       0

DEGREE DAYS
 HEATING
  YESTERDAY        4                         1      3
  MONTH TO DATE   21                         8     13
  SINCE SEP 1     21                         9     12
  SINCE JUL 1     21                         9     12

 COOLING
  YESTERDAY        0                         6     -6
  MONTH TO DATE  137                       208    -71
  SINCE SEP 1   1075                      1146    -71
  SINCE JAN 1   3945                      3803    142
..................................................................


WIND (MPH)
  HIGHEST WIND SPEED    17   HIGHEST WIND DIRECTION    NW (320)
  HIGHEST GUST SPEED    23   HIGHEST GUST DIRECTION    NW (320)
  AVERAGE WIND SPEED     7.5


SKY COVER
  AVERAGE SKY COVER 0.0


WEATHER CONDITIONS
 THE FOLLOWING WEATHER WAS RECORDED YESTERDAY.
  NO SIGNIFICANT WEATHER WAS OBSERVED.


RELATIVE HUMIDITY (PERCENT)
 HIGHEST    93
 LOWEST     41
 AVERAGE    67

..........................................................


THE NAPLES CLIMATE NORMALS FOR TODAY
                         NORMAL    RECORD    YEAR
 MAXIMUM TEMPERATURE (F)   79        90      1990
 MINIMUM TEMPERATURE (F)   60        41      1956


SUNRISE AND SUNSET
NOVEMBER 28 2014......SUNRISE   655 AM EST   SUNSET   535 PM EST
NOVEMBER 29 2014......SUNRISE   656 AM EST   SUNSET   535 PM EST


-  INDICATES NEGATIVE NUMBERS.
R  INDICATES RECORD WAS SET OR TIED.
MM INDICATES DATA IS MISSING.
T  INDICATES TRACE AMOUNT.




$$
