000
CDUS42 KMFL 250824
CLIAPF


CLIMATE REPORT
NATIONAL WEATHER SERVICE MIAMI, FL
423 AM EDT MON SEP 25 2017


...................................

...THE NAPLES CLIMATE SUMMARY FOR SEPTEMBER 24 2017...

CLIMATE NORMAL PERIOD 1981 TO 2010
CLIMATE RECORD PERIOD 1942 TO 2017


WEATHER ITEM   OBSERVED TIME   RECORD YEAR NORMAL DEPARTURE LAST
                VALUE   (LST)  VALUE       VALUE  FROM      YEAR
                                                  NORMAL
..................................................................
TEMPERATURE (F)
 YESTERDAY
  MAXIMUM         90   1135 AM  97    1946  90      0       90
  MINIMUM         76    652 AM  65    1961  74      2       76
  AVERAGE         83                        82      1       83

PRECIPITATION (IN)
  YESTERDAY        0.05          2.00 2003   0.27  -0.22     0.00
  MONTH TO DATE   14.66                      6.29   8.37     4.47
  SINCE JUN 1     56.08                     30.96  25.12    26.40
  SINCE JAN 1     61.71                     42.81  18.90    38.50

SNOWFALL (IN)
  YESTERDAY        0.0
  MONTH TO DATE    0.0
  SINCE SEP 1      0.0
  SINCE JUL 1      0.0
  SNOW DEPTH       0

DEGREE DAYS
 HEATING
  YESTERDAY        0                         0      0        0
  MONTH TO DATE    0                         0      0        0
  SINCE SEP 1      0                         0      0        0
  SINCE JUL 1      0                         0      0        0

 COOLING
  YESTERDAY       18                        17      1       18
  MONTH TO DATE  359                       423    -64      451
  SINCE SEP 1    359                       423    -64      451
  SINCE JAN 1   3399                      3080    319     3367
..................................................................


WIND (MPH)
  HIGHEST WIND SPEED    12   HIGHEST WIND DIRECTION     W (280)
  HIGHEST GUST SPEED    16   HIGHEST GUST DIRECTION    SE (120)
  AVERAGE WIND SPEED     5.1


SKY COVER
  AVERAGE SKY COVER 0.3


WEATHER CONDITIONS
 THE FOLLOWING WEATHER WAS RECORDED YESTERDAY.
  THUNDERSTORM
  LIGHT RAIN
  FOG


RELATIVE HUMIDITY (PERCENT)
 HIGHEST   100
 LOWEST     63
 AVERAGE    82

..........................................................


THE NAPLES CLIMATE NORMALS FOR TODAY
                         NORMAL    RECORD    YEAR
 MAXIMUM TEMPERATURE (F)   89        95      1974
                                             1946
 MINIMUM TEMPERATURE (F)   74        66      1961


SUNRISE AND SUNSET
SEPTEMBER 25 2017.....SUNRISE   717 AM EDT   SUNSET   720 PM EDT
SEPTEMBER 26 2017.....SUNRISE   717 AM EDT   SUNSET   719 PM EDT


-  INDICATES NEGATIVE NUMBERS.
R  INDICATES RECORD WAS SET OR TIED.
MM INDICATES DATA IS MISSING.
T  INDICATES TRACE AMOUNT.




$$
