000
CDUS42 KMFL 240823
CLIAPF


CLIMATE REPORT
NATIONAL WEATHER SERVICE MIAMI, FL
423 AM EDT THU APR 24 2014


...................................

...THE NAPLES CLIMATE SUMMARY FOR APRIL 23 2014...

CLIMATE NORMAL PERIOD 1981 TO 2010
CLIMATE RECORD PERIOD 1942 TO 2014


WEATHER ITEM   OBSERVED TIME   RECORD YEAR NORMAL DEPARTURE LAST
                VALUE   (LST)  VALUE       VALUE  FROM      YEAR
                                                  NORMAL
..................................................................
TEMPERATURE (F)
 YESTERDAY
  MAXIMUM         78    247 PM  92    1973  84     -6       87
  MINIMUM         64    621 AM  47    1993  64      0       66
  AVERAGE         71                        74     -3       77

PRECIPITATION (IN)
  YESTERDAY        0.00          0.77 1979   0.07  -0.07     0.00
  MONTH TO DATE    1.73                      1.91  -0.18     4.21
  SINCE OCT 1      9.13                     15.92  -6.79    11.75
  SINCE JAN 1      6.79                      8.24  -1.45     6.65

SNOWFALL (IN)
  YESTERDAY        0.0
  MONTH TO DATE    0.0
  SINCE MAR 1      0.0
  SINCE JUL 1      0.0
  SNOW DEPTH       0

DEGREE DAYS
 HEATING
  YESTERDAY        0                         0      0
  MONTH TO DATE    0                         0      0
  SINCE MAR 1      7                        23    -16
  SINCE JUL 1    149                       256   -107

 COOLING
  YESTERDAY        6                         9     -3
  MONTH TO DATE  209                       181     28
  SINCE MAR 1    367                       357     10
  SINCE JAN 1    640                       548     92
..................................................................


WIND (MPH)
  HIGHEST WIND SPEED    18   HIGHEST WIND DIRECTION    NW (300)
  HIGHEST GUST SPEED    24   HIGHEST GUST DIRECTION     W (280)
  AVERAGE WIND SPEED     7.2


SKY COVER
  AVERAGE SKY COVER 0.2


WEATHER CONDITIONS
 THE FOLLOWING WEATHER WAS RECORDED YESTERDAY.
  FOG


RELATIVE HUMIDITY (PERCENT)
 HIGHEST    93
 LOWEST     60
 AVERAGE    77

..........................................................


THE NAPLES CLIMATE NORMALS FOR TODAY
                         NORMAL    RECORD    YEAR
 MAXIMUM TEMPERATURE (F)   85        91      2002
 MINIMUM TEMPERATURE (F)   65        52      1986


SUNRISE AND SUNSET
APRIL 24 2014.........SUNRISE   656 AM EDT   SUNSET   755 PM EDT
APRIL 25 2014.........SUNRISE   655 AM EDT   SUNSET   756 PM EDT


-  INDICATES NEGATIVE NUMBERS.
R  INDICATES RECORD WAS SET OR TIED.
MM INDICATES DATA IS MISSING.
T  INDICATES TRACE AMOUNT.




$$
