000
CDUS42 KMFL 310828
CLIAPF


CLIMATE REPORT
NATIONAL WEATHER SERVICE MIAMI, FL
427 AM EDT SUN JUL 31 2016


...................................

...THE NAPLES CLIMATE SUMMARY FOR JULY 30 2016...

CLIMATE NORMAL PERIOD 1981 TO 2010
CLIMATE RECORD PERIOD 1942 TO 2016


WEATHER ITEM   OBSERVED TIME   RECORD YEAR NORMAL DEPARTURE LAST
                VALUE   (LST)  VALUE       VALUE  FROM      YEAR
                                                  NORMAL
..................................................................
TEMPERATURE (F)
 YESTERDAY
  MAXIMUM         91    248 PM  98    1966  91      0       89
  MINIMUM         75   1159 PM  69    1976  75      0       76
                                      1968
  AVERAGE         83                        83      0       83

PRECIPITATION (IN)
  YESTERDAY        0.02          1.40 2000   0.21  -0.19     0.12
  MONTH TO DATE    6.30                      7.06  -0.76    10.15
  SINCE JUN 1     11.21                     15.88  -4.67    16.47
  SINCE JAN 1     23.31                     27.73  -4.42    24.49

SNOWFALL (IN)
  YESTERDAY        0.0
  MONTH TO DATE    0.0
  SINCE JUN 1      0.0
  SINCE JUL 1      0.0
  SNOW DEPTH       0

DEGREE DAYS
 HEATING
  YESTERDAY        0                         0      0        0
  MONTH TO DATE    0                         0      0        0
  SINCE JUN 1      0                         0      0        0
  SINCE JUL 1      0                         0      0        0

 COOLING
  YESTERDAY       18                        18      0       18
  MONTH TO DATE  583                       540     43      544
  SINCE JUN 1   1122                      1047     75     1054
  SINCE JAN 1   2306                      2075    231     2409
..................................................................


WIND (MPH)
  HIGHEST WIND SPEED    20   HIGHEST WIND DIRECTION     E (100)
  HIGHEST GUST SPEED    26   HIGHEST GUST DIRECTION    SE (120)
  AVERAGE WIND SPEED     5.5


SKY COVER
  AVERAGE SKY COVER 0.1


WEATHER CONDITIONS
 THE FOLLOWING WEATHER WAS RECORDED YESTERDAY.
  THUNDERSTORM
  RAIN
  LIGHT RAIN
  FOG


RELATIVE HUMIDITY (PERCENT)
 HIGHEST    94
 LOWEST     59
 AVERAGE    77

..........................................................


THE NAPLES CLIMATE NORMALS FOR TODAY
                         NORMAL    RECORD    YEAR
 MAXIMUM TEMPERATURE (F)   91        96      2001
                                             1988
                                             1943
 MINIMUM TEMPERATURE (F)   75        70      1991
                                             1968
                                             1963


SUNRISE AND SUNSET
JULY 31 2016..........SUNRISE   653 AM EDT   SUNSET   814 PM EDT
AUGUST  1 2016........SUNRISE   653 AM EDT   SUNSET   813 PM EDT


-  INDICATES NEGATIVE NUMBERS.
R  INDICATES RECORD WAS SET OR TIED.
MM INDICATES DATA IS MISSING.
T  INDICATES TRACE AMOUNT.




$$
