000
CDUS43 KAPX 200538
CLIAPN


CLIMATE REPORT
NATIONAL WEATHER SERVICE GAYLORD MI
1237 AM EST SAT DEC 20 2014


...................................

...THE ALPENA MI CLIMATE SUMMARY FOR DECEMBER 19 2014...

CLIMATE NORMAL PERIOD 1981 TO 2010
CLIMATE RECORD PERIOD 1916 TO 2014


WEATHER ITEM   OBSERVED TIME   RECORD YEAR NORMAL DEPARTURE LAST
                VALUE   (LST)  VALUE       VALUE  FROM      YEAR
                                                  NORMAL
..................................................................
TEMPERATURE (F)
 YESTERDAY
  MAXIMUM         30    259 PM  55    2002  31     -1       30
                                      1923
  MINIMUM         11   1159 PM -12    1983  17     -6       14
                                      1973
                                      1919
  AVERAGE         21                        24     -3       22

PRECIPITATION (IN)
  YESTERDAY        0.00          0.63 1929   0.05  -0.05      T
  MONTH TO DATE    0.76                      1.12  -0.36     1.32
  SINCE DEC 1      0.76                      1.12  -0.36     1.32
  SINCE JAN 1     33.87                     27.53   6.34    30.79

SNOWFALL (IN)
  YESTERDAY        0.0          13.2  1929   0.6   -0.6       T
  MONTH TO DATE    0.5                      11.3  -10.8     13.1
  SINCE OCT 1     16.1                      19.4   -3.3     15.7
  SINCE JUL 1     16.1                      19.4   -3.3     15.7
  SNOW DEPTH       1

DEGREE DAYS
 HEATING
  YESTERDAY       44                        41      3       43
  MONTH TO DATE  693                       726    -33      872
  SINCE DEC 1    693                       726    -33      872
  SINCE JUL 1   2626                      2549     77     2740
..................................................................


WIND (MPH)
  HIGHEST WIND SPEED     9   HIGHEST WIND DIRECTION     N (350)
  HIGHEST GUST SPEED    11   HIGHEST GUST DIRECTION     N (350)
  AVERAGE WIND SPEED     2.5




RELATIVE HUMIDITY (PERCENT)
 HIGHEST    92
 LOWEST     63
 AVERAGE    78

..........................................................


THE ALPENA MI CLIMATE NORMALS FOR TODAY
                         NORMAL    RECORD    YEAR
 MAXIMUM TEMPERATURE (F)   30        53      1957
 MINIMUM TEMPERATURE (F)   17       -16      2004


SUNRISE AND SUNSET
DECEMBER 20 2014......SUNRISE   809 AM EST   SUNSET   455 PM EST
DECEMBER 21 2014......SUNRISE   810 AM EST   SUNSET   455 PM EST


-  INDICATES NEGATIVE NUMBERS.
R  INDICATES RECORD WAS SET OR TIED.
MM INDICATES DATA IS MISSING.
T  INDICATES TRACE AMOUNT.




$$
