000
CDUS43 KAPX 190528
CLIAPN


CLIMATE REPORT
NATIONAL WEATHER SERVICE GAYLORD MI
127 AM EDT SAT APR 19 2014


...................................

...THE ALPENA MI CLIMATE SUMMARY FOR APRIL 18 2014...

CLIMATE NORMAL PERIOD 1981 TO 2010
CLIMATE RECORD PERIOD 1916 TO 2014


WEATHER ITEM   OBSERVED TIME   RECORD YEAR NORMAL DEPARTURE LAST
                VALUE   (LST)  VALUE       VALUE  FROM      YEAR
                                                  NORMAL
..................................................................
TEMPERATURE (F)
 YESTERDAY
  MAXIMUM         48    324 PM  85    1976  54     -6       47
  MINIMUM         31   1159 PM  16    1926  32     -1       38
  AVERAGE         40                        43     -3       43

PRECIPITATION (IN)
  YESTERDAY        0.00          1.00 1955   0.09  -0.09     0.93
  MONTH TO DATE    3.22                      1.47   1.75     3.83
  SINCE MAR 1      4.39                      3.33   1.06     5.21
  SINCE JAN 1      6.92                      6.31   0.61     9.69

SNOWFALL (IN)
  YESTERDAY        0.0           4.0  1918   0.2   -0.2      0.0
  MONTH TO DATE    1.2                       4.7   -3.5      2.8
  SINCE OCT 1     64.0                      83.0  -19.0     48.3
  SINCE JUL 1     64.0                      83.0  -19.0     48.3
  SNOW DEPTH      MM

DEGREE DAYS
 HEATING
  YESTERDAY       25                        22      3       22
  MONTH TO DATE  504                       465     39      540
  SINCE MAR 1   1902                      1589    313     1681
  SINCE JUL 1   8391                      7321   1070     6991

 COOLING
  YESTERDAY        0                         0      0        0
  MONTH TO DATE    0                         0      0        0
  SINCE MAR 1      0                         0      0        0
  SINCE JAN 1      0                         0      0        0
..................................................................


WIND (MPH)
  HIGHEST WIND SPEED    18   HIGHEST WIND DIRECTION    NW (330)
  HIGHEST GUST SPEED    24   HIGHEST GUST DIRECTION    NW (320)
  AVERAGE WIND SPEED     8.7




RELATIVE HUMIDITY (PERCENT)
 HIGHEST    89
 LOWEST     42
 AVERAGE    66

..........................................................


THE ALPENA MI CLIMATE NORMALS FOR TODAY
                         NORMAL    RECORD    YEAR
 MAXIMUM TEMPERATURE (F)   54        83      2005
 MINIMUM TEMPERATURE (F)   32         9      1918


SUNRISE AND SUNSET
APRIL 19 2014.........SUNRISE   643 AM EDT   SUNSET   825 PM EDT
APRIL 20 2014.........SUNRISE   641 AM EDT   SUNSET   826 PM EDT


-  INDICATES NEGATIVE NUMBERS.
R  INDICATES RECORD WAS SET OR TIED.
MM INDICATES DATA IS MISSING.
T  INDICATES TRACE AMOUNT.




$$
