000
CDUS43 KAPX 272127
CLIAPN


CLIMATE REPORT
NATIONAL WEATHER SERVICE GAYLORD MI
527 PM EDT THU JUL 27 2017


...................................

...THE ALPENA MI CLIMATE SUMMARY FOR JULY 27 2017...
VALID TODAY AS OF 0500 PM LOCAL TIME.

CLIMATE NORMAL PERIOD 1981 TO 2010
CLIMATE RECORD PERIOD 1916 TO 2017


WEATHER ITEM   OBSERVED TIME   RECORD YEAR NORMAL DEPARTURE LAST
                VALUE   (LST)  VALUE       VALUE  FROM      YEAR
                                                  NORMAL
..................................................................
TEMPERATURE (F)
 TODAY
  MAXIMUM         79    308 PM  96    1955  79      0       91
                                      1929
  MINIMUM         64    559 AM  39    1926  56      8       65
  AVERAGE         72                        68      4       78

PRECIPITATION (IN)
  TODAY            0.08          1.61 2013   0.10  -0.02     0.48
  MONTH TO DATE    2.01                      2.65  -0.64     2.47
  SINCE JUN 1      8.41                      5.27   3.14     3.91
  SINCE JAN 1     23.72                     15.17   8.55    18.64

DEGREE DAYS
 HEATING
  TODAY            0                         1     -1        0
  MONTH TO DATE    7                        37    -30       17
  SINCE JUN 1     90                       180    -90      125
  SINCE JUL 1      7                        37    -30       17

 COOLING
  TODAY            7                         4      3       13
  MONTH TO DATE   94                       105    -11      179
  SINCE JUN 1    163                       161      2      244
  SINCE JAN 1    169                       174     -5      276
..................................................................


WIND (MPH)
  RESULTANT WIND SPEED   6   RESULTANT WIND DIRECTION   N (350)
  HIGHEST WIND SPEED    14   HIGHEST WIND DIRECTION     N (20)
  HIGHEST GUST SPEED    19   HIGHEST GUST DIRECTION    NE (30)
  AVERAGE WIND SPEED     5.8


SKY COVER
  POSSIBLE SUNSHINE  MM
  AVERAGE SKY COVER 0.3


WEATHER CONDITIONS
 THE FOLLOWING WEATHER WAS RECORDED TODAY.
  RAIN
  LIGHT RAIN
  FOG
  FOG W/VISIBILITY <= 1/4 MILE


RELATIVE HUMIDITY (PERCENT)
 HIGHEST   100
 LOWEST     52
 AVERAGE    76

..........................................................


THE ALPENA MI CLIMATE NORMALS FOR TOMORROW
                         NORMAL    RECORD    YEAR
 MAXIMUM TEMPERATURE (F)   79        97      1931
 MINIMUM TEMPERATURE (F)   56        44      1978
                                             1925


SUNRISE AND SUNSET
JULY 27 2017..........SUNRISE   614 AM EDT   SUNSET   907 PM EDT
JULY 28 2017..........SUNRISE   615 AM EDT   SUNSET   906 PM EDT


-  INDICATES NEGATIVE NUMBERS.
R  INDICATES RECORD WAS SET OR TIED.
MM INDICATES DATA IS MISSING.
T  INDICATES TRACE AMOUNT.




$$
