000
CDUS43 KAPX 260549
CLIAPN


CLIMATE REPORT
NATIONAL WEATHER SERVICE GAYLORD MI
1249 AM EST WED NOV 26 2014


...................................

...THE ALPENA MI CLIMATE SUMMARY FOR NOVEMBER 25 2014...

CLIMATE NORMAL PERIOD 1981 TO 2010
CLIMATE RECORD PERIOD 1916 TO 2014


WEATHER ITEM   OBSERVED TIME   RECORD YEAR NORMAL DEPARTURE LAST
                VALUE   (LST)  VALUE       VALUE  FROM      YEAR
                                                  NORMAL
..................................................................
TEMPERATURE (F)
 YESTERDAY
  MAXIMUM         33        MM  59    1984  39     -6       32
  MINIMUM         27        MM  -1    1950  26      1       20
  AVERAGE         30                        32     -2       26

PRECIPITATION (IN)
  YESTERDAY        0.14          1.04 1919   0.07   0.07      T
  MONTH TO DATE    2.78                      1.77   1.01     1.97
  SINCE SEP 1     10.50                      7.30   3.20     7.35
  SINCE JAN 1     32.40                     26.08   6.32    29.42

SNOWFALL (IN)
  YESTERDAY        2.5           8.0  1919   0.4    2.1       T
  MONTH TO DATE    4.6                       5.7   -1.1      0.8
  SINCE OCT 1      4.6                       6.1   -1.5      0.8
  SINCE JUL 1      4.6                       6.1   -1.5      0.8
  SNOW DEPTH       2

DEGREE DAYS
 HEATING
  YESTERDAY       35                        33      2       39
  MONTH TO DATE  822                       710    112      720
  SINCE SEP 1   1617                      1539     78     1539
  SINCE JUL 1   1741                      1654     87     1650
..................................................................


WIND (MPH)
  HIGHEST WIND SPEED    13   HIGHEST WIND DIRECTION    SW (240)
  HIGHEST GUST SPEED    20   HIGHEST GUST DIRECTION     W (290)
  AVERAGE WIND SPEED     7.0




RELATIVE HUMIDITY (PERCENT)
 HIGHEST   100
 LOWEST     78
 AVERAGE    89

..........................................................


THE ALPENA MI CLIMATE NORMALS FOR TODAY
                         NORMAL    RECORD    YEAR
 MAXIMUM TEMPERATURE (F)   39        62      1960
 MINIMUM TEMPERATURE (F)   25        -2      1949


SUNRISE AND SUNSET
NOVEMBER 26 2014......SUNRISE   746 AM EST   SUNSET   456 PM EST
NOVEMBER 27 2014......SUNRISE   748 AM EST   SUNSET   456 PM EST


-  INDICATES NEGATIVE NUMBERS.
R  INDICATES RECORD WAS SET OR TIED.
MM INDICATES DATA IS MISSING.
T  INDICATES TRACE AMOUNT.




$$
