000
CDUS43 KAPX 280526
CLIAPN


CLIMATE REPORT
NATIONAL WEATHER SERVICE GAYLORD MI
126 AM EDT THU APR 28 2016


...................................

...THE ALPENA MI CLIMATE SUMMARY FOR APRIL 27 2016...

CLIMATE NORMAL PERIOD 1981 TO 2010
CLIMATE RECORD PERIOD 1916 TO 2016


WEATHER ITEM   OBSERVED TIME   RECORD YEAR NORMAL DEPARTURE LAST
                VALUE   (LST)  VALUE       VALUE  FROM      YEAR
                                                  NORMAL
..................................................................
TEMPERATURE (F)
 YESTERDAY
  MAXIMUM         52    224 PM  88    1990  58     -6       54
  MINIMUM         30    546 AM  19    1958  35     -5       39
  AVERAGE         41                        46     -5       47

PRECIPITATION (IN)
  YESTERDAY        0.00          1.35 2011   0.07  -0.07      T
  MONTH TO DATE    3.42                      2.15   1.27     2.14
  SINCE MAR 1      8.94                      4.01   4.93     3.10
  SINCE JAN 1     13.42                      6.99   6.43     4.89

SNOWFALL (IN)
  YESTERDAY        0.0           2.8  1988   0.0    0.0      0.0
  MONTH TO DATE   21.8                       5.6   16.2      2.0
  SINCE OCT 1     88.8                      83.9    4.9     48.6
  SINCE JUL 1     88.8                      83.9    4.9     48.6
  SNOW DEPTH       0

DEGREE DAYS
 HEATING
  YESTERDAY       24                        19      5       18
  MONTH TO DATE  781                       648    133      653
  SINCE MAR 1   1759                      1772    -13     1830
  SINCE JUL 1   6541                      7504   -963     8093

 COOLING
  YESTERDAY        0                         0      0        0
  MONTH TO DATE    0                         0      0        0
  SINCE MAR 1      0                         0      0        0
  SINCE JAN 1      0                         0      0        0
..................................................................


WIND (MPH)
  HIGHEST WIND SPEED    13   HIGHEST WIND DIRECTION    SE (130)
  HIGHEST GUST SPEED    18   HIGHEST GUST DIRECTION     N (350)
  AVERAGE WIND SPEED     5.8




RELATIVE HUMIDITY (PERCENT)
 HIGHEST    82
 LOWEST     21
 AVERAGE    52

..........................................................


THE ALPENA MI CLIMATE NORMALS FOR TODAY
                         NORMAL    RECORD    YEAR
 MAXIMUM TEMPERATURE (F)   58        85      1974
 MINIMUM TEMPERATURE (F)   35        20      1996


SUNRISE AND SUNSET
APRIL 28 2016.........SUNRISE   627 AM EDT   SUNSET   837 PM EDT
APRIL 29 2016.........SUNRISE   626 AM EDT   SUNSET   838 PM EDT


-  INDICATES NEGATIVE NUMBERS.
R  INDICATES RECORD WAS SET OR TIED.
MM INDICATES DATA IS MISSING.
T  INDICATES TRACE AMOUNT.




$$
