000
CDUS43 KAPX 210527
CLIAPN


CLIMATE REPORT
NATIONAL WEATHER SERVICE GAYLORD MI
126 AM EDT SUN SEP 21 2014


...................................

...THE ALPENA MI CLIMATE SUMMARY FOR SEPTEMBER 20 2014...

CLIMATE NORMAL PERIOD 1981 TO 2010
CLIMATE RECORD PERIOD 1916 TO 2014


WEATHER ITEM   OBSERVED TIME   RECORD YEAR NORMAL DEPARTURE LAST
                VALUE   (LST)  VALUE       VALUE  FROM      YEAR
                                                  NORMAL
..................................................................
TEMPERATURE (F)
 YESTERDAY
  MAXIMUM         71    156 PM  87    1998  67      4       76
                                      1940
  MINIMUM         58    847 AM  24    1929  45     13       62
  AVERAGE         65                        56      9       69

PRECIPITATION (IN)
  YESTERDAY        0.35          0.96 1931   0.10   0.25     0.23
  MONTH TO DATE    3.14                      1.96   1.18     1.18
  SINCE SEP 1      3.14                      1.96   1.18     1.18
  SINCE JAN 1     25.04                     20.74   4.30    23.25

DEGREE DAYS
 HEATING
  YESTERDAY        0                         9     -9        0
  MONTH TO DATE  155                       128     27      140
  SINCE SEP 1    155                       128     27      140
  SINCE JUL 1    279                       243     36      251

 COOLING
  YESTERDAY        0                         0      0        4
  MONTH TO DATE   18                        21     -3       36
  SINCE SEP 1     18                        21     -3       36
  SINCE JAN 1    168                       287   -119      343
..................................................................


WIND (MPH)
  HIGHEST WIND SPEED    17   HIGHEST WIND DIRECTION     S (200)
  HIGHEST GUST SPEED    24   HIGHEST GUST DIRECTION    SW (220)
  AVERAGE WIND SPEED     8.4




RELATIVE HUMIDITY (PERCENT)
 HIGHEST    93
 LOWEST     62
 AVERAGE    78

..........................................................


THE ALPENA MI CLIMATE NORMALS FOR TODAY
                         NORMAL    RECORD    YEAR
 MAXIMUM TEMPERATURE (F)   67        88      1931
 MINIMUM TEMPERATURE (F)   45        28      1929


SUNRISE AND SUNSET
SEPTEMBER 21 2014.....SUNRISE   720 AM EDT   SUNSET   734 PM EDT
SEPTEMBER 22 2014.....SUNRISE   721 AM EDT   SUNSET   732 PM EDT


-  INDICATES NEGATIVE NUMBERS.
R  INDICATES RECORD WAS SET OR TIED.
MM INDICATES DATA IS MISSING.
T  INDICATES TRACE AMOUNT.




$$
