000
CDUS43 KAPX 230539
CLIAPN


CLIMATE REPORT
NATIONAL WEATHER SERVICE GAYLORD MI
138 AM EDT SUN APR 23 2017


...................................

...THE ALPENA MI CLIMATE SUMMARY FOR APRIL 22 2017...

CLIMATE NORMAL PERIOD 1981 TO 2010
CLIMATE RECORD PERIOD 1916 TO 2017


WEATHER ITEM   OBSERVED TIME   RECORD YEAR NORMAL DEPARTURE LAST
                VALUE   (LST)  VALUE       VALUE  FROM      YEAR
                                                  NORMAL
..................................................................
TEMPERATURE (F)
 YESTERDAY
  MAXIMUM         62    423 PM  88    1985  56      6       51
  MINIMUM         30    558 AM  17    1950  33     -3       36
  AVERAGE         46                        44      2       44

PRECIPITATION (IN)
  YESTERDAY        0.00          1.12 1937   0.07  -0.07      T
  MONTH TO DATE    4.00                      1.77   2.23     2.20
  SINCE MAR 1      6.83                      3.63   3.20     7.72
  SINCE JAN 1     12.32                      6.61   5.71    12.20

SNOWFALL (IN)
  YESTERDAY        0.0           1.5  1972   0.1   -0.1      0.0
  MONTH TO DATE    T                         5.2   -5.2     21.8
  SINCE OCT 1     66.4                      83.5  -17.1     88.8
  SINCE JUL 1     66.4                      83.5  -17.1     88.8
  SNOW DEPTH       0

DEGREE DAYS
 HEATING
  YESTERDAY       19                        21     -2       21
  MONTH TO DATE  453                       550    -97      648
  SINCE MAR 1   1584                      1674    -90     1626
  SINCE JUL 1   6215                      7406  -1191     6408

 COOLING
  YESTERDAY        0                         0      0        0
  MONTH TO DATE    0                         0      0        0
  SINCE MAR 1      0                         0      0        0
  SINCE JAN 1      0                         0      0        0
..................................................................


WIND (MPH)
  HIGHEST WIND SPEED    13   HIGHEST WIND DIRECTION    SE (150)
  HIGHEST GUST SPEED    18   HIGHEST GUST DIRECTION     N (340)
  AVERAGE WIND SPEED     5.6




RELATIVE HUMIDITY (PERCENT)
 HIGHEST    92
 LOWEST     26
 AVERAGE    59

..........................................................


THE ALPENA MI CLIMATE NORMALS FOR TODAY
                         NORMAL    RECORD    YEAR
 MAXIMUM TEMPERATURE (F)   56        87      1985
 MINIMUM TEMPERATURE (F)   34        18      1989
                                             1986


SUNRISE AND SUNSET
APRIL 23 2017.........SUNRISE   636 AM EDT   SUNSET   830 PM EDT
APRIL 24 2017.........SUNRISE   634 AM EDT   SUNSET   832 PM EDT


-  INDICATES NEGATIVE NUMBERS.
R  INDICATES RECORD WAS SET OR TIED.
MM INDICATES DATA IS MISSING.
T  INDICATES TRACE AMOUNT.




$$
