000
CDUS44 KLCH 230859
CLIARA


CLIMATE REPORT
NATIONAL WEATHER SERVICE LAKE CHARLES, LA
249 AM CST MON JAN 23 2017


...................................

...THE NEW IBERIA CLIMATE SUMMARY FOR JANUARY 22 2017...

CLIMATE NORMAL PERIOD 1981 TO 2010
CLIMATE RECORD PERIOD 1948 TO 2017


WEATHER ITEM   OBSERVED TIME   RECORD YEAR NORMAL DEPARTURE LAST
                VALUE   (LST)  VALUE       VALUE  FROM      YEAR
                                                  NORMAL
..................................................................
TEMPERATURE (F)
 YESTERDAY
  MAXIMUM         69    209 AM  79    1952  63      6       46
  MINIMUM         58   1159 PM  22    1985  43     15       36
                                      1984
  AVERAGE         64                        53     11       41

PRECIPITATION (IN)
  YESTERDAY        T             2.27 1992   0.18  -0.18      T
  MONTH TO DATE    2.42                      3.67  -1.25     5.88
  SINCE DEC 1     11.12                      8.67   2.45     8.90
  SINCE JAN 1      2.42                      3.67  -1.25     5.88

SNOWFALL (IN)
  YESTERDAY        0.0           0.0    MM  MM              MM
  MONTH TO DATE    0.0                      MM               0.0
  SINCE DEC 1      0.0                      MM               0.0
  SINCE JUL 1      0.0                      MM               0.0

DEGREE DAYS
 HEATING
  YESTERDAY        1                        12    -11       24
  MONTH TO DATE  124                       285   -161      309
  SINCE DEC 1    360                       637   -277      478
  SINCE JUL 1    455                       832   -377      549

 COOLING
  YESTERDAY        0                         0      0        0
  MONTH TO DATE   60                         9     51        0
  SINCE DEC 1    127                        31     96       83
  SINCE JAN 1     60                         9     51        0
..................................................................


WIND (MPH)
  RESULTANT WIND SPEED  16   RESULTANT WIND DIRECTION   W (280)
  HIGHEST WIND SPEED    33   HIGHEST WIND DIRECTION    NW (300)
  HIGHEST GUST SPEED    43   HIGHEST GUST DIRECTION     W (290)
  AVERAGE WIND SPEED    17.0


SKY COVER
  POSSIBLE SUNSHINE  MM
  AVERAGE SKY COVER 0.5


WEATHER CONDITIONS
 THE FOLLOWING WEATHER WAS RECORDED YESTERDAY.
  LIGHT RAIN
  FOG
  HAZE


RELATIVE HUMIDITY (PERCENT)
 HIGHEST    90           200 AM
 LOWEST     34          1100 AM
 AVERAGE    62

..........................................................


THE NEW IBERIA CLIMATE NORMALS FOR TODAY
                         NORMAL    RECORD    YEAR
 MAXIMUM TEMPERATURE (F)   63        80      2002
 MINIMUM TEMPERATURE (F)   43        24      1948


SUNRISE AND SUNSET
JANUARY 23 2017.......SUNRISE   702 AM CST   SUNSET   537 PM CST
JANUARY 24 2017.......SUNRISE   702 AM CST   SUNSET   538 PM CST


-  INDICATES NEGATIVE NUMBERS.
R  INDICATES RECORD WAS SET OR TIED.
MM INDICATES DATA IS MISSING.
T  INDICATES TRACE AMOUNT.




$$
