000
CDUS44 KLCH 260856
CLIARA


CLIMATE REPORT
NATIONAL WEATHER SERVICE LAKE CHARLES, LA
352 AM CDT TUE SEP 26 2017


...................................

...THE NEW IBERIA CLIMATE SUMMARY FOR SEPTEMBER 25 2017...

CLIMATE NORMAL PERIOD 1981 TO 2010
CLIMATE RECORD PERIOD 1948 TO 2017


WEATHER ITEM   OBSERVED TIME   RECORD YEAR NORMAL DEPARTURE LAST
                VALUE   (LST)  VALUE       VALUE  FROM      YEAR
                                                  NORMAL
..................................................................
TEMPERATURE (F)
 YESTERDAY
  MAXIMUM         91    243 PM  93    2013  86      5       89
                                      1961
                                      1954
  MINIMUM         70    512 AM  55    1965  67      3       72
  AVERAGE         81                        76      5       81

PRECIPITATION (IN)
  YESTERDAY        0.00          1.72 1992   0.15  -0.15     0.00
  MONTH TO DATE    0.21                      3.72  -3.51     7.75
  SINCE SEP 1      0.21                      3.72  -3.51     7.75
  SINCE JAN 1     52.59                     44.57   8.02    75.10

SNOWFALL (IN)
  YESTERDAY        0.0           0.0    MM  MM               0.0
  MONTH TO DATE    0.0                      MM               0.0
  SINCE SEP 1      0.0                      MM               0.0
  SINCE JUL 1      0.0                      MM               0.0

DEGREE DAYS
 HEATING
  YESTERDAY        0                         0      0        0
  MONTH TO DATE    0                         0      0        0
  SINCE SEP 1      0                         0      0        0
  SINCE JUL 1      0                         0      0        0

 COOLING
  YESTERDAY       16                        11      5       16
  MONTH TO DATE  345                       361    -16      454
  SINCE SEP 1    345                       361    -16      454
  SINCE JAN 1   2648                      2504    144     2739
..................................................................


WIND (MPH)
  RESULTANT WIND SPEED   6   RESULTANT WIND DIRECTION   E (70)
  HIGHEST WIND SPEED    15   HIGHEST WIND DIRECTION    NE (50)
  HIGHEST GUST SPEED    17   HIGHEST GUST DIRECTION    NE (60)
  AVERAGE WIND SPEED     6.1


SKY COVER
  POSSIBLE SUNSHINE  MM
  AVERAGE SKY COVER 0.1


WEATHER CONDITIONS
 THE FOLLOWING WEATHER WAS RECORDED YESTERDAY.
  NO SIGNIFICANT WEATHER WAS OBSERVED.


RELATIVE HUMIDITY (PERCENT)
 HIGHEST    93           300 AM
 LOWEST     47           400 PM
 AVERAGE    70

..........................................................


THE NEW IBERIA CLIMATE NORMALS FOR TODAY
                         NORMAL    RECORD    YEAR
 MAXIMUM TEMPERATURE (F)   86        95      2005
 MINIMUM TEMPERATURE (F)   66        52      1956


SUNRISE AND SUNSET
SEPTEMBER 26 2017.....SUNRISE   658 AM CDT   SUNSET   659 PM CDT
SEPTEMBER 27 2017.....SUNRISE   659 AM CDT   SUNSET   657 PM CDT


-  INDICATES NEGATIVE NUMBERS.
R  INDICATES RECORD WAS SET OR TIED.
MM INDICATES DATA IS MISSING.
T  INDICATES TRACE AMOUNT.




$$
