000
CDUS44 KLCH 230859
CLIARA


CLIMATE REPORT
NATIONAL WEATHER SERVICE LAKE CHARLES, LA
359 AM CDT WED APR 23 2014


...................................

...THE NEW IBERIA CLIMATE SUMMARY FOR APRIL 22 2014...

CLIMATE NORMAL PERIOD 1981 TO 2010
CLIMATE RECORD PERIOD 1948 TO 2014


WEATHER ITEM   OBSERVED TIME   RECORD YEAR NORMAL DEPARTURE LAST
                VALUE   (LST)  VALUE       VALUE  FROM      YEAR
                                                  NORMAL
..................................................................
TEMPERATURE (F)
 YESTERDAY
  MAXIMUM         84    352 PM  89    1981  81      3       81
  MINIMUM         61    317 AM  45    1993  59      2       53
  AVERAGE         73                        70      3       67

PRECIPITATION (IN)
  YESTERDAY        0.00          4.80 1979   0.12  -0.12     0.00
  MONTH TO DATE    2.24                      3.25  -1.01     5.29
  SINCE MAR 1      3.75                      7.02  -3.27     8.02
  SINCE JAN 1     12.09                     16.43  -4.34    24.77

SNOWFALL (IN)
  YESTERDAY        0.0           0.0    MM  MM               0.0
  MONTH TO DATE    0.0                      MM               0.0
  SINCE MAR 1      0.0                      MM               0.0
  SINCE JUL 1      0.1                      MM               0.0

DEGREE DAYS
 HEATING
  YESTERDAY        0                         1     -1        0
  MONTH TO DATE   43                        42      1       40
  SINCE MAR 1    256                       190     66      242
  SINCE JUL 1   1780                      1406    374     1129

 COOLING
  YESTERDAY        8                         5      3        2
  MONTH TO DATE   74                        86    -12       93
  SINCE MAR 1     97                       138    -41      136
  SINCE JAN 1    115                       169    -54      184
..................................................................


WIND (MPH)
  RESULTANT WIND SPEED   5   RESULTANT WIND DIRECTION   W (290)
  HIGHEST WIND SPEED    15   HIGHEST WIND DIRECTION     W (260)
  HIGHEST GUST SPEED    19   HIGHEST GUST DIRECTION    NW (300)
  AVERAGE WIND SPEED     6.4


SKY COVER
  POSSIBLE SUNSHINE  MM
  AVERAGE SKY COVER 0.4


WEATHER CONDITIONS
 THE FOLLOWING WEATHER WAS RECORDED YESTERDAY.
  FOG


RELATIVE HUMIDITY (PERCENT)
 HIGHEST   100           300 AM
 LOWEST     47           200 PM
 AVERAGE    74

..........................................................


THE NEW IBERIA CLIMATE NORMALS FOR TODAY
                         NORMAL    RECORD    YEAR
 MAXIMUM TEMPERATURE (F)   81        89      2008
                                             1963
 MINIMUM TEMPERATURE (F)   59        46      1993


SUNRISE AND SUNSET
APRIL 23 2014.........SUNRISE   632 AM CDT   SUNSET   740 PM CDT
APRIL 24 2014.........SUNRISE   631 AM CDT   SUNSET   740 PM CDT


-  INDICATES NEGATIVE NUMBERS.
R  INDICATES RECORD WAS SET OR TIED.
MM INDICATES DATA IS MISSING.
T  INDICATES TRACE AMOUNT.




$$
