000
CDUS44 KLCH 280855
CLIARA


CLIMATE REPORT
NATIONAL WEATHER SERVICE LAKE CHARLES, LA
354 AM CDT TUE MAR 28 2017


...................................

...THE NEW IBERIA CLIMATE SUMMARY FOR MARCH 27 2017...

CLIMATE NORMAL PERIOD 1981 TO 2010
CLIMATE RECORD PERIOD 1948 TO 2017


WEATHER ITEM   OBSERVED TIME   RECORD YEAR NORMAL DEPARTURE LAST
                VALUE   (LST)  VALUE       VALUE  FROM      YEAR
                                                  NORMAL
..................................................................
TEMPERATURE (F)
 YESTERDAY
  MAXIMUM         81    247 PM  85    2011  75      6       75
  MINIMUM         68   1101 PM  29    1955  53     15       61
  AVERAGE         75                        64     11       68

PRECIPITATION (IN)
  YESTERDAY        0.00          0.97 1949   0.13  -0.13     0.16
  MONTH TO DATE    1.43                      3.29  -1.86     3.71
  SINCE MAR 1      1.43                      3.29  -1.86     3.71
  SINCE JAN 1      4.23                     12.70  -8.47    13.94

SNOWFALL (IN)
  YESTERDAY        0.0           0.0    MM  MM               0.0
  MONTH TO DATE    0.0                      MM               0.0
  SINCE MAR 1      0.0                      MM               0.0
  SINCE JUL 1      0.0                      MM               0.0

DEGREE DAYS
 HEATING
  YESTERDAY        0                         3     -3        0
  MONTH TO DATE   71                       135    -64       65
  SINCE MAR 1     71                       135    -64       65
  SINCE JUL 1    700                      1351   -651      981

 COOLING
  YESTERDAY       10                         2      8        3
  MONTH TO DATE   99                        39     60       76
  SINCE MAR 1     99                        39     60       76
  SINCE JAN 1    234                        70    164       86
..................................................................


WIND (MPH)
  RESULTANT WIND SPEED  12   RESULTANT WIND DIRECTION   S (180)
  HIGHEST WIND SPEED    25   HIGHEST WIND DIRECTION     S (160)
  HIGHEST GUST SPEED    33   HIGHEST GUST DIRECTION    SE (150)
  AVERAGE WIND SPEED    12.1


SKY COVER
  POSSIBLE SUNSHINE  MM
  AVERAGE SKY COVER 0.5


WEATHER CONDITIONS
 THE FOLLOWING WEATHER WAS RECORDED YESTERDAY.
  FOG


RELATIVE HUMIDITY (PERCENT)
 HIGHEST    93          1100 PM
 LOWEST     58           200 PM
 AVERAGE    76

..........................................................


THE NEW IBERIA CLIMATE NORMALS FOR TODAY
                         NORMAL    RECORD    YEAR
 MAXIMUM TEMPERATURE (F)   75        84      1961
 MINIMUM TEMPERATURE (F)   53        40      2013
                                             1958


SUNRISE AND SUNSET
MARCH 28 2017.........SUNRISE   701 AM CDT   SUNSET   724 PM CDT
MARCH 29 2017.........SUNRISE   700 AM CDT   SUNSET   725 PM CDT


-  INDICATES NEGATIVE NUMBERS.
R  INDICATES RECORD WAS SET OR TIED.
MM INDICATES DATA IS MISSING.
T  INDICATES TRACE AMOUNT.




$$
