000
CDUS44 KLCH 270818
CLIARA


CLIMATE REPORT
NATIONAL WEATHER SERVICE LAKE CHARLES, LA
318 AM CDT WED AUG 27 2014


...................................

...THE NEW IBERIA CLIMATE SUMMARY FOR AUGUST 26 2014...

CLIMATE NORMAL PERIOD 1981 TO 2010
CLIMATE RECORD PERIOD 1948 TO 2014


WEATHER ITEM   OBSERVED TIME   RECORD YEAR NORMAL DEPARTURE LAST
                VALUE   (LST)  VALUE       VALUE  FROM      YEAR
                                                  NORMAL
..................................................................
TEMPERATURE (F)
 YESTERDAY
  MAXIMUM         90    156 PM  99    2011  92     -2       89
  MINIMUM         76    637 AM  64    1966  73      3       76
  AVERAGE         83                        82      1       83

PRECIPITATION (IN)
  YESTERDAY        0.01          5.20 1992   0.19  -0.18     0.34
  MONTH TO DATE    3.25                      4.17  -0.92     3.99
  SINCE JUN 1     20.26                     17.71   2.55    17.70
  SINCE JAN 1     36.60                     39.94  -3.34    53.07

SNOWFALL (IN)
  YESTERDAY        0.0           0.0    MM  MM               0.0
  MONTH TO DATE    0.0                      MM               0.0
  SINCE JUN 1      0.0                      MM               0.0
  SINCE JUL 1      0.0                      MM               0.0

DEGREE DAYS
 HEATING
  YESTERDAY        0                         0      0        0
  MONTH TO DATE    0                         0      0        0
  SINCE JUN 1      0                         0      0        0
  SINCE JUL 1      0                         0      0        0

 COOLING
  YESTERDAY       18                        17      1       18
  MONTH TO DATE  489                       467     22      514
  SINCE JUN 1   1532                      1485     47     1644
  SINCE JAN 1   2018                      2055    -37     2225
..................................................................


WIND (MPH)
  RESULTANT WIND SPEED   6   RESULTANT WIND DIRECTION  NE (40)
  HIGHEST WIND SPEED    14   HIGHEST WIND DIRECTION    NE (50)
  HIGHEST GUST SPEED    19   HIGHEST GUST DIRECTION    NE (50)
  AVERAGE WIND SPEED     6.1


SKY COVER
  POSSIBLE SUNSHINE  MM
  AVERAGE SKY COVER 0.2


WEATHER CONDITIONS
 THE FOLLOWING WEATHER WAS RECORDED YESTERDAY.
  THUNDERSTORM
  RAIN
  FOG


RELATIVE HUMIDITY (PERCENT)
 HIGHEST    97           800 PM
 LOWEST     59           200 PM
 AVERAGE    78

..........................................................


THE NEW IBERIA CLIMATE NORMALS FOR TODAY
                         NORMAL    RECORD    YEAR
 MAXIMUM TEMPERATURE (F)   92        98      1998
 MINIMUM TEMPERATURE (F)   73        63      1958


SUNRISE AND SUNSET
AUGUST 27 2014........SUNRISE   642 AM CDT   SUNSET   736 PM CDT
AUGUST 28 2014........SUNRISE   642 AM CDT   SUNSET   735 PM CDT


-  INDICATES NEGATIVE NUMBERS.
R  INDICATES RECORD WAS SET OR TIED.
MM INDICATES DATA IS MISSING.
T  INDICATES TRACE AMOUNT.




$$
