000
CDUS44 KLCH 202207
CLIARA


CLIMATE REPORT
NATIONAL WEATHER SERVICE LAKE CHARLES, LA
407 PM CST SAT DEC 20 2014


...................................

...THE NEW IBERIA CLIMATE SUMMARY FOR DECEMBER 20 2014...
VALID TODAY AS OF 0400 PM LOCAL TIME.

CLIMATE NORMAL PERIOD 1981 TO 2010
CLIMATE RECORD PERIOD 1948 TO 2014


WEATHER ITEM   OBSERVED TIME   RECORD YEAR NORMAL DEPARTURE LAST
                VALUE   (LST)  VALUE       VALUE  FROM      YEAR
                                                  NORMAL
..................................................................
TEMPERATURE (F)
 TODAY
  MAXIMUM         52    356 PM  79    1978  64    -12       77
  MINIMUM         49    411 AM  24    1996  44      5       67
  AVERAGE         51                        54     -3       72

PRECIPITATION (IN)
  TODAY            0.01          2.63 1971   0.16  -0.15      T
  MONTH TO DATE    0.95                      3.51  -2.56     1.88
  SINCE DEC 1      0.95                      3.51  -2.56     1.88
  SINCE JAN 1     49.51                     58.20  -8.69    64.96

SNOWFALL (IN)
  TODAY           MM             0.0    MM  MM               0.0
  MONTH TO DATE    0.0                      MM               0.0
  SINCE DEC 1      0.0                      MM               0.0
  SINCE JUL 1      0.0                      MM               0.0

DEGREE DAYS
 HEATING
  TODAY           14                        12      2        0
  MONTH TO DATE  124                       215    -91      233
  SINCE DEC 1    124                       215    -91      233
  SINCE JUL 1    411                       410      1      466

 COOLING
  TODAY            0                         0      0        7
  MONTH TO DATE   19                        19      0       35
  SINCE DEC 1     19                        19      0       35
  SINCE JAN 1   2848                      2811     37     3226
..................................................................


WIND (MPH)
  RESULTANT WIND SPEED  13   RESULTANT WIND DIRECTION   N (20)
  HIGHEST WIND SPEED    18   HIGHEST WIND DIRECTION     N (20)
  HIGHEST GUST SPEED    22   HIGHEST GUST DIRECTION     N (20)
  AVERAGE WIND SPEED    12.7


SKY COVER
  POSSIBLE SUNSHINE  MM
  AVERAGE SKY COVER 1.0


WEATHER CONDITIONS
 THE FOLLOWING WEATHER WAS RECORDED TODAY.
  RAIN
  FOG


RELATIVE HUMIDITY (PERCENT)
 HIGHEST    93           200 AM
 LOWEST     86           300 AM
 AVERAGE    90

..........................................................


THE NEW IBERIA CLIMATE NORMALS FOR TOMORROW
                         NORMAL    RECORD    YEAR
 MAXIMUM TEMPERATURE (F)   64        80      1998
 MINIMUM TEMPERATURE (F)   43        27      2000


SUNRISE AND SUNSET
DECEMBER 20 2014......SUNRISE   659 AM CST   SUNSET   512 PM CST
DECEMBER 21 2014......SUNRISE   659 AM CST   SUNSET   512 PM CST


-  INDICATES NEGATIVE NUMBERS.
R  INDICATES RECORD WAS SET OR TIED.
MM INDICATES DATA IS MISSING.
T  INDICATES TRACE AMOUNT.




$$
