000
CDUS44 KLCH 042245
CLIARA


CLIMATE REPORT
NATIONAL WEATHER SERVICE LAKE CHARLES, LA
445 PM CST SUN DEC 4 2016


...................................

...THE NEW IBERIA CLIMATE SUMMARY FOR DECEMBER 4 2016...
VALID TODAY AS OF 0400 PM LOCAL TIME.

CLIMATE NORMAL PERIOD 1981 TO 2010
CLIMATE RECORD PERIOD 1948 TO 2016


WEATHER ITEM   OBSERVED TIME   RECORD YEAR NORMAL DEPARTURE LAST
                VALUE   (LST)  VALUE       VALUE  FROM      YEAR
                                                  NORMAL
..................................................................
TEMPERATURE (F)
 TODAY
  MAXIMUM         68    613 AM  82    1998  67      1       62
                                      1995
                                      1954
  MINIMUM         54   1219 PM  28    2006  46      8       40
  AVERAGE         61                        56      5       51

PRECIPITATION (IN)
  TODAY            2.38          4.94 1982   0.20   2.18     0.00
  MONTH TO DATE    3.15                      0.78   2.37     0.49
  SINCE DEC 1      3.15                      0.78   2.37     0.49
  SINCE JAN 1     80.43                     55.47  24.96    66.65

SNOWFALL (IN)
  TODAY            0.0           0.0    MM  MM               0.0
  MONTH TO DATE    0.0                      MM               0.0
  SINCE DEC 1      0.0                      MM               0.0
  SINCE JUL 1      0.0                      MM               0.0

DEGREE DAYS
 HEATING
  TODAY            4                        10     -6       14
  MONTH TO DATE   28                        38    -10       36
  SINCE DEC 1     28                        38    -10       36
  SINCE JUL 1    123                       233   -110      107

 COOLING
  TODAY            0                         1     -1        0
  MONTH TO DATE    0                         4     -4        0
  SINCE DEC 1      0                         4     -4        0
  SINCE JAN 1   3143                      2796    347     3173
..................................................................


WIND (MPH)
  RESULTANT WIND SPEED   5   RESULTANT WIND DIRECTION   N (10)
  HIGHEST WIND SPEED    21   HIGHEST WIND DIRECTION     N (360)
  HIGHEST GUST SPEED    25   HIGHEST GUST DIRECTION     N (360)
  AVERAGE WIND SPEED     9.4


SKY COVER
  POSSIBLE SUNSHINE  MM
  AVERAGE SKY COVER 1.0


WEATHER CONDITIONS
 THE FOLLOWING WEATHER WAS RECORDED TODAY.
  THUNDERSTORM
  HEAVY RAIN
  RAIN
  LIGHT RAIN
  FOG


RELATIVE HUMIDITY (PERCENT)
 HIGHEST    97           700 AM
 LOWEST     86           300 PM
 AVERAGE    92

..........................................................


THE NEW IBERIA CLIMATE NORMALS FOR TOMORROW
                         NORMAL    RECORD    YEAR
 MAXIMUM TEMPERATURE (F)   66        82      2013
                                             1998
 MINIMUM TEMPERATURE (F)   46        26      2006


SUNRISE AND SUNSET
DECEMBER  4 2016......SUNRISE   649 AM CST   SUNSET   507 PM CST
DECEMBER  5 2016......SUNRISE   649 AM CST   SUNSET   507 PM CST


-  INDICATES NEGATIVE NUMBERS.
R  INDICATES RECORD WAS SET OR TIED.
MM INDICATES DATA IS MISSING.
T  INDICATES TRACE AMOUNT.




$$
