000
CDUS43 KLOT 230639
CLIARR


CLIMATE REPORT
NATIONAL WEATHER SERVICE CHICAGO IL
139 AM CDT TUE MAY 23 2017


...................................

...THE AURORA MUNICIPAL AIRPORT CLIMATE SUMMARY FOR MAY 22 2017...

CLIMATE NORMAL PERIOD 1981 TO 2010
CLIMATE RECORD PERIOD 1998 TO 2017


WEATHER ITEM   OBSERVED TIME   RECORD YEAR NORMAL DEPARTURE LAST
                VALUE   (LST)  VALUE       VALUE  FROM      YEAR
                                                  NORMAL
..................................................................
TEMPERATURE (F)
 YESTERDAY
  MAXIMUM         75    205 PM  89    2011  72      3       83
  MINIMUM         46    444 AM  36    2006  49     -3       47
  AVERAGE         61                        61      0       65

PRECIPITATION (IN)
  YESTERDAY        0.00          0.60 2013   0.16  -0.16     0.00
  MONTH TO DATE    3.38                      3.00   0.38     3.93
  SINCE MAR 1     13.08                      8.53   4.55     9.26
  SINCE JAN 1     16.97                     11.62   5.35    10.75

DEGREE DAYS
 HEATING
  YESTERDAY        4                         6     -2        0
  MONTH TO DATE  194                       188      6      204
  SINCE MAR 1   1331                      1556   -225     1332
  SINCE JUL 1   5392                      6694  -1302     5453

 COOLING
  YESTERDAY        0                         2     -2        0
  MONTH TO DATE   24                        18      6        1
  SINCE MAR 1     30                        21      9        6
  SINCE JAN 1     30                        21      9        6
..................................................................


WIND (MPH)
  RESULTANT WIND SPEED  13   RESULTANT WIND DIRECTION  SW (220)
  HIGHEST WIND SPEED    25   HIGHEST WIND DIRECTION     W (250)
  HIGHEST GUST SPEED    39   HIGHEST GUST DIRECTION     W (250)
  AVERAGE WIND SPEED    13.0


SKY COVER
  POSSIBLE SUNSHINE  MM
  AVERAGE SKY COVER 0.5


WEATHER CONDITIONS
 THE FOLLOWING WEATHER WAS RECORDED YESTERDAY.
  NO SIGNIFICANT WEATHER WAS OBSERVED.


RELATIVE HUMIDITY (PERCENT)
 HIGHEST    86           400 AM
 LOWEST     38           200 PM
 AVERAGE    62

..........................................................


THE AURORA MUNICIPAL AIRPORT CLIMATE NORMALS FOR TODAY
                         NORMAL    RECORD    YEAR
 MAXIMUM TEMPERATURE (F)   73        90      2010
                                             2007
 MINIMUM TEMPERATURE (F)   50        38      2006


SUNRISE AND SUNSET
MAY 23 2017...........SUNRISE   527 AM CDT   SUNSET   815 PM CDT
MAY 24 2017...........SUNRISE   526 AM CDT   SUNSET   816 PM CDT


-  INDICATES NEGATIVE NUMBERS.
R  INDICATES RECORD WAS SET OR TIED.
MM INDICATES DATA IS MISSING.
T  INDICATES TRACE AMOUNT.




$$
