000
CDUS43 KLOT 230633
CLIARR


CLIMATE REPORT
NATIONAL WEATHER SERVICE CHICAGO IL
1232 AM CST SUN NOV 23 2014


...................................

...THE AURORA MUNICIPAL AIRPORT CLIMATE SUMMARY FOR NOVEMBER 22 2014...

CLIMATE NORMAL PERIOD 1981 TO 2010
CLIMATE RECORD PERIOD 1998 TO 2014


WEATHER ITEM   OBSERVED TIME   RECORD YEAR NORMAL DEPARTURE LAST
                VALUE   (LST)  VALUE       VALUE  FROM      YEAR
                                                  NORMAL
..................................................................
TEMPERATURE (F)
 YESTERDAY
  MAXIMUM         53   1042 PM  67    2010  44      9       42
  MINIMUM         34    416 AM   9    2000  26      8       25
  AVERAGE         44                        35      9       34

PRECIPITATION (IN)
  YESTERDAY        0.10          1.61 2010   0.09   0.01     0.01
  MONTH TO DATE    0.16                      2.40  -2.24     2.30
  SINCE SEP 1      5.05                      8.96  -3.91     6.60
  SINCE JAN 1     27.92                     34.16  -6.24    32.83

DEGREE DAYS
 HEATING
  YESTERDAY       21                        30     -9       31
  MONTH TO DATE  697                       547    150      547
  SINCE SEP 1   1281                      1130    151     1092
  SINCE JUL 1   1302                      1154    148     1120

 COOLING
  YESTERDAY        0                         0      0        0
  MONTH TO DATE    0                         0      0        0
  SINCE SEP 1     63                        71     -8      118
  SINCE JAN 1    693                       655     38      745
..................................................................


WIND (MPH)
  RESULTANT WIND SPEED  12   RESULTANT WIND DIRECTION   S (190)
  HIGHEST WIND SPEED    21   HIGHEST WIND DIRECTION     S (190)
  HIGHEST GUST SPEED    26   HIGHEST GUST DIRECTION     S (200)
  AVERAGE WIND SPEED    11.5


SKY COVER
  POSSIBLE SUNSHINE  MM
  AVERAGE SKY COVER 1.0


WEATHER CONDITIONS
 THE FOLLOWING WEATHER WAS RECORDED YESTERDAY.
  LIGHT RAIN
  FOG
  HAZE


RELATIVE HUMIDITY (PERCENT)
 HIGHEST    89           400 AM
 LOWEST     44           100 AM
 AVERAGE    67

..........................................................


THE AURORA MUNICIPAL AIRPORT CLIMATE NORMALS FOR TODAY
                         NORMAL    RECORD    YEAR
 MAXIMUM TEMPERATURE (F)   43        63      2003
 MINIMUM TEMPERATURE (F)   25        13      2013


SUNRISE AND SUNSET
NOVEMBER 23 2014......SUNRISE   653 AM CST   SUNSET   428 PM CST
NOVEMBER 24 2014......SUNRISE   654 AM CST   SUNSET   427 PM CST


-  INDICATES NEGATIVE NUMBERS.
R  INDICATES RECORD WAS SET OR TIED.
MM INDICATES DATA IS MISSING.
T  INDICATES TRACE AMOUNT.




$$
