000
CDUS43 KLOT 230633
CLIARR


CLIMATE REPORT
NATIONAL WEATHER SERVICE CHICAGO IL
133 AM CDT TUE SEP 23 2014


...................................

...THE AURORA MUNICIPAL AIRPORT CLIMATE SUMMARY FOR SEPTEMBER 22 2014...

CLIMATE NORMAL PERIOD 1981 TO 2010
CLIMATE RECORD PERIOD 1998 TO 2014


WEATHER ITEM   OBSERVED TIME   RECORD YEAR NORMAL DEPARTURE LAST
                VALUE   (LST)  VALUE       VALUE  FROM      YEAR
                                                  NORMAL
..................................................................
TEMPERATURE (F)
 YESTERDAY
  MAXIMUM         68    419 PM  90    2005  73     -5       69
  MINIMUM         39    554 AM  33    1999  48     -9       38
  AVERAGE         54                        60     -6       54

PRECIPITATION (IN)
  YESTERDAY        0.00          1.08 2006   0.12  -0.12     0.00
  MONTH TO DATE    2.56                      2.37   0.19     0.75
  SINCE SEP 1      2.56                      2.37   0.19     0.75
  SINCE JAN 1     25.43                     27.57  -2.14    26.98

DEGREE DAYS
 HEATING
  YESTERDAY       11                         6      5       11
  MONTH TO DATE  127                        66     61       66
  SINCE SEP 1    127                        66     61       66
  SINCE JUL 1    148                        90     58       94

 COOLING
  YESTERDAY        0                         1     -1        0
  MONTH TO DATE   53                        56     -3      101
  SINCE SEP 1     53                        56     -3      101
  SINCE JAN 1    683                       640     43      728
..................................................................


WIND (MPH)
  RESULTANT WIND SPEED   2   RESULTANT WIND DIRECTION   N (350)
  HIGHEST WIND SPEED     9   HIGHEST WIND DIRECTION     N (340)
  HIGHEST GUST SPEED    12   HIGHEST GUST DIRECTION     N (10)
  AVERAGE WIND SPEED     2.6


SKY COVER
  POSSIBLE SUNSHINE  MM
  AVERAGE SKY COVER 0.0


WEATHER CONDITIONS
 THE FOLLOWING WEATHER WAS RECORDED YESTERDAY.
  HAZE


RELATIVE HUMIDITY (PERCENT)
 HIGHEST    89          1200 AM
 LOWEST     39           300 PM
 AVERAGE    64

..........................................................


THE AURORA MUNICIPAL AIRPORT CLIMATE NORMALS FOR TODAY
                         NORMAL    RECORD    YEAR
 MAXIMUM TEMPERATURE (F)   72        89      2010
 MINIMUM TEMPERATURE (F)   47        31      2012


SUNRISE AND SUNSET
SEPTEMBER 23 2014.....SUNRISE   642 AM CDT   SUNSET   649 PM CDT
SEPTEMBER 24 2014.....SUNRISE   643 AM CDT   SUNSET   648 PM CDT


-  INDICATES NEGATIVE NUMBERS.
R  INDICATES RECORD WAS SET OR TIED.
MM INDICATES DATA IS MISSING.
T  INDICATES TRACE AMOUNT.




$$
