000
CDUS43 KLOT 230646
CLIARR


CLIMATE REPORT
NATIONAL WEATHER SERVICE CHICAGO IL
145 AM CDT WED AUG 23 2017


...................................

...THE AURORA MUNICIPAL AIRPORT CLIMATE SUMMARY FOR AUGUST 22 2017...

CLIMATE NORMAL PERIOD 1981 TO 2010
CLIMATE RECORD PERIOD 1998 TO 2017


WEATHER ITEM   OBSERVED TIME   RECORD YEAR NORMAL DEPARTURE LAST
                VALUE   (LST)  VALUE       VALUE  FROM      YEAR
                                                  NORMAL
..................................................................
TEMPERATURE (F)
 YESTERDAY
  MAXIMUM         77    248 PM  89    2007  81     -4       78
  MINIMUM         54   1156 PM  45    2004  59     -5       50
  AVERAGE         66                        70     -4       64

PRECIPITATION (IN)
  YESTERDAY        0.06          1.82 2013   0.11  -0.05     0.00
  MONTH TO DATE    2.53                      3.13  -0.60     1.73
  SINCE JUN 1      9.93                     11.33  -1.40    11.05
  SINCE JAN 1     28.01                     24.21   3.80    24.68

DEGREE DAYS
 HEATING
  YESTERDAY        0                         0      0        1
  MONTH TO DATE   11                         0     11        1
  SINCE JUN 1     27                        50    -23       11
  SINCE JUL 1     12                         9      3        3

 COOLING
  YESTERDAY        1                         5     -4        0
  MONTH TO DATE   84                       129    -45      199
  SINCE JUN 1    527                       499     28      688
  SINCE JAN 1    561                       540     21      770
..................................................................


WIND (MPH)
  RESULTANT WIND SPEED   9   RESULTANT WIND DIRECTION   W (280)
  HIGHEST WIND SPEED    20   HIGHEST WIND DIRECTION     W (290)
  HIGHEST GUST SPEED    26   HIGHEST GUST DIRECTION     W (280)
  AVERAGE WIND SPEED    10.2


SKY COVER
  POSSIBLE SUNSHINE  MM
  AVERAGE SKY COVER 0.4


WEATHER CONDITIONS
 THE FOLLOWING WEATHER WAS RECORDED YESTERDAY.
  LIGHT RAIN
  FOG


RELATIVE HUMIDITY (PERCENT)
 HIGHEST   100           100 AM
 LOWEST     53           500 PM
 AVERAGE    77

..........................................................


THE AURORA MUNICIPAL AIRPORT CLIMATE NORMALS FOR TODAY
                         NORMAL    RECORD    YEAR
 MAXIMUM TEMPERATURE (F)   81        90      2012
 MINIMUM TEMPERATURE (F)   59        50      2009


SUNRISE AND SUNSET
AUGUST 23 2017........SUNRISE   611 AM CDT   SUNSET   741 PM CDT
AUGUST 24 2017........SUNRISE   612 AM CDT   SUNSET   740 PM CDT


-  INDICATES NEGATIVE NUMBERS.
R  INDICATES RECORD WAS SET OR TIED.
MM INDICATES DATA IS MISSING.
T  INDICATES TRACE AMOUNT.




$$
