000
CDUS43 KLOT 280636
CLIARR


CLIMATE REPORT
NATIONAL WEATHER SERVICE CHICAGO IL
134 AM CDT MON JUL 28 2014


...................................

...THE AURORA MUNICIPAL AIRPORT CLIMATE SUMMARY FOR JULY 27 2014...

CLIMATE NORMAL PERIOD 1981 TO 2010
CLIMATE RECORD PERIOD 1998 TO 2014


WEATHER ITEM   OBSERVED TIME   RECORD YEAR NORMAL DEPARTURE LAST
                VALUE   (LST)  VALUE       VALUE  FROM      YEAR
                                                  NORMAL
..................................................................
TEMPERATURE (F)
 YESTERDAY
  MAXIMUM         84   1227 PM  90    2011  83      1       65
  MINIMUM         63    421 AM  51    2013  59      4       51
                                      2004
  AVERAGE         74                        71      3       58

PRECIPITATION (IN)
  YESTERDAY        0.00          0.62 2007   0.13  -0.13     0.00
  MONTH TO DATE    1.80                      3.64  -1.84     2.17
  SINCE JUN 1     10.76                      7.65   3.11     5.77
  SINCE JAN 1     18.75                     20.53  -1.78    22.63

DEGREE DAYS
 HEATING
  YESTERDAY        0                         0      0        7
  MONTH TO DATE   14                         0     14        8
  SINCE JUN 1     30                        41    -11       52
  SINCE JUL 1     14                         0     14        8

 COOLING
  YESTERDAY        9                         6      3        0
  MONTH TO DATE  114                       187    -73      218
  SINCE JUN 1    310                       342    -32      363
  SINCE JAN 1    396                       383     13      443
..................................................................


WIND (MPH)
  RESULTANT WIND SPEED  10   RESULTANT WIND DIRECTION   W (290)
  HIGHEST WIND SPEED    28   HIGHEST WIND DIRECTION     W (270)
  HIGHEST GUST SPEED    37   HIGHEST GUST DIRECTION     W (290)
  AVERAGE WIND SPEED    10.4


SKY COVER
  POSSIBLE SUNSHINE  MM
  AVERAGE SKY COVER 0.5


WEATHER CONDITIONS
 THE FOLLOWING WEATHER WAS RECORDED YESTERDAY.
  FOG
  FOG W/VISIBILITY <= 1/4 MILE
  HAZE


RELATIVE HUMIDITY (PERCENT)
 HIGHEST    93           100 AM
 LOWEST     37          1100 AM
 AVERAGE    65

..........................................................


THE AURORA MUNICIPAL AIRPORT CLIMATE NORMALS FOR TODAY
                         NORMAL    RECORD    YEAR
 MAXIMUM TEMPERATURE (F)   83        91      1999
 MINIMUM TEMPERATURE (F)   59        50      2013
                                             2005


SUNRISE AND SUNSET
JULY 28 2014..........SUNRISE   544 AM CDT   SUNSET   816 PM CDT
JULY 29 2014..........SUNRISE   545 AM CDT   SUNSET   815 PM CDT


-  INDICATES NEGATIVE NUMBERS.
R  INDICATES RECORD WAS SET OR TIED.
MM INDICATES DATA IS MISSING.
T  INDICATES TRACE AMOUNT.




$$
