000
CDUS45 KGJT 212332
CLIASE


CLIMATE REPORT
NATIONAL WEATHER SERVICE GRAND JUNCTION CO
529 PM MDT SUN SEP 21 2014


...................................

...THE ASPEN CO CLIMATE SUMMARY FOR SEPTEMBER 21 2014...
VALID TODAY AS OF 0500 PM LOCAL TIME.

CLIMATE NORMAL PERIOD 1981 TO 2010
CLIMATE RECORD PERIOD 9999 TO 9999


WEATHER ITEM   OBSERVED TIME   RECORD YEAR NORMAL DEPARTURE LAST
                VALUE   (LST)  VALUE       VALUE  FROM      YEAR
                                                  NORMAL
..................................................................
TEMPERATURE (F)
 TODAY
  MAXIMUM         68    341 PM  MM      MM  66      2       70
  MINIMUM         54    640 AM  MM      MM  36     18       37
  AVERAGE         61                        51     10       54

PRECIPITATION (IN)
  TODAY            0.01         MM      MM   0.07  -0.06     0.00
  MONTH TO DATE    0.59                      1.29  -0.70     1.76
  SINCE SEP 1      0.59                      1.29  -0.70     1.76
  SINCE JAN 1      9.83                     12.75  -2.92    11.72

SNOWFALL (IN)
  TODAY           MM            MM      MM  MM     MM       MM
  MONTH TO DATE   MM                        MM     MM       MM
  SINCE SEP 1     MM                        MM     MM       MM
  SINCE JUL 1     MM                        MM     MM       MM
  SNOW DEPTH      MM

DEGREE DAYS
 HEATING
  TODAY            4                        14    -10       11
  MONTH TO DATE  138                       211    -73      131
  SINCE SEP 1    138                       211    -73      131
  SINCE JUL 1    291                       407   -116      266

 COOLING
  TODAY            0                         0      0        0
  MONTH TO DATE    0                         0      0        9
  SINCE SEP 1      0                         0      0        9
  SINCE JAN 1     56                        39     17       69
..................................................................


WIND (MPH)
  HIGHEST WIND SPEED    17   HIGHEST WIND DIRECTION    SE (140)
  HIGHEST GUST SPEED    23   HIGHEST GUST DIRECTION    SE (120)
  AVERAGE WIND SPEED     7.7


SKY COVER
  POSSIBLE SUNSHINE  MM
  AVERAGE SKY COVER 0.6


WEATHER CONDITIONS
 THE FOLLOWING WEATHER WAS RECORDED TODAY.
  LIGHT RAIN


RELATIVE HUMIDITY (PERCENT)
 HIGHEST    62           900 AM
 LOWEST     48          1200 AM
 AVERAGE    55

..........................................................


THE ASPEN CO CLIMATE NORMALS FOR TOMORROW
                         NORMAL    RECORD    YEAR
 MAXIMUM TEMPERATURE (F)   66        MM        MM
 MINIMUM TEMPERATURE (F)   36        MM        MM


SUNRISE AND SUNSET
SEPTEMBER 21 2014.....SUNRISE   654 AM MDT   SUNSET   706 PM MDT
SEPTEMBER 22 2014.....SUNRISE   655 AM MDT   SUNSET   704 PM MDT


-  INDICATES NEGATIVE NUMBERS.
R  INDICATES RECORD WAS SET OR TIED.
MM INDICATES DATA IS MISSING.
T  INDICATES TRACE AMOUNT.




$$
